From mboxrd@z Thu Jan  1 00:00:00 1970
Return-Path: <test-report-bounces@dpdk.org>
Received: from mails.dpdk.org (mails.dpdk.org [217.70.189.124])
	by inbox.dpdk.org (Postfix) with ESMTP id 3DCCE4400A
	for <public@inbox.dpdk.org>; Sun, 12 May 2024 08:57:34 +0200 (CEST)
Received: from mails.dpdk.org (localhost [127.0.0.1])
	by mails.dpdk.org (Postfix) with ESMTP id 3A13E40A79;
	Sun, 12 May 2024 08:57:34 +0200 (CEST)
Received: from mail-io1-f98.google.com (mail-io1-f98.google.com
 [209.85.166.98]) by mails.dpdk.org (Postfix) with ESMTP id 9494D40A75
 for <test-report@dpdk.org>; Sun, 12 May 2024 08:57:33 +0200 (CEST)
Received: by mail-io1-f98.google.com with SMTP id
 ca18e2360f4ac-7e1b4f96994so140089739f.2
 for <test-report@dpdk.org>; Sat, 11 May 2024 23:57:33 -0700 (PDT)
DKIM-Signature: v=1; a=rsa-sha256; c=relaxed/relaxed;
 d=iol.unh.edu; s=unh-iol; t=1715497053; x=1716101853; darn=dpdk.org;
 h=references:in-reply-to:cc:to:from:subject:message-id:date:from:to
 :cc:subject:date:message-id:reply-to;
 bh=yTKFx1L72eDIrbQ0tOyuGG5+c51uyuZqYdfH7og5mMs=;
 b=RGIoc0WHWynMeYgNag1cc3xQ1lta5Ve6dvBMa6chw2MVKMgurbXbdspmfy6Wwhoxns
 1C1dRdAiG4qAk+O1jEZTfoAoDx7Yo6QS1ihMqDDXA0EwwhJ3bc9uChpPvr1z8rh7kLf0
 AOotfHo8HzxSCgQYQqsHCqB1T3vk9N9lO0UHo=
X-Google-DKIM-Signature: v=1; a=rsa-sha256; c=relaxed/relaxed;
 d=1e100.net; s=20230601; t=1715497053; x=1716101853;
 h=references:in-reply-to:cc:to:from:subject:message-id:date
 :x-gm-message-state:from:to:cc:subject:date:message-id:reply-to;
 bh=yTKFx1L72eDIrbQ0tOyuGG5+c51uyuZqYdfH7og5mMs=;
 b=GF+VzRR6PrTWYQ/rmWtmBhY4DvoPFVlpMVDg3xW4uXM6QHjWm6Aid37O6+v1aS3OhH
 WMRNFUvWi/kq9sp9FiwJbHmHM7ZWmMopNoDXV0fB66FgY+gWXQQ/EvKS4FvYdMveHhdl
 ApYeegwL6u9ZakEzElfAHDJnTr4Q88vX8N3sN5YK7YFRtxjmDEo7Ipwn9bvi1dhUbsBW
 kLHXqn/ltBGRwDsdn0C2s4fzPYkWYQ4k/X7qbDkioBbHxR4IhYvgZMPDNCoZgEAODEgL
 AETOxz937T1jLZoJAzD2Xs0zr91kMo/4goQ1hnQF6WuWKIA3g8TPMJZZfzYbmlOTts4Z
 GhGA==
X-Gm-Message-State: AOJu0YwvtNrCNRHEPzPNyBpGoEzNg9f3XuclTCE6GTrAkSBuXsAIQawH
 DKo8Jx1sRTcOhCyZ2BnVZPGErF226fqD4AmLzpgo3MEL7bNNKb1fGLluaPU/L0XXES3FwU0851E
 QVmya20IbmbLvU5pfkkp79OnaFyjCP9FW
X-Google-Smtp-Source: AGHT+IGi6m+DphZqNGE1rsp/v2zpEILudT2diyogU8LPdx89/krQE/chGJR3/5e14vozIIUAJA1ZmZ4pSXgj
X-Received: by 2002:a5d:984a:0:b0:7da:cbc2:7caa with SMTP id
 ca18e2360f4ac-7e1b51c5129mr741579139f.9.1715497051788; 
 Sat, 11 May 2024 23:57:31 -0700 (PDT)
Received: from postal.iol.unh.edu (postal.iol.unh.edu. [132.177.123.84])
 by smtp-relay.gmail.com with ESMTPS id
 8926c6da1cb9f-489372b6f7esm352160173.55.2024.05.11.23.57.31
 (version=TLS1_2 cipher=ECDHE-ECDSA-AES128-GCM-SHA256 bits=128/128);
 Sat, 11 May 2024 23:57:31 -0700 (PDT)
X-Relaying-Domain: iol.unh.edu
Date: Sat, 11 May 2024 23:57:31 -0700 (PDT)
Message-ID: <6640685b.050a0220.15602.2ccaSMTPIN_ADDED_MISSING@mx.google.com>
Received: from [172.17.0.5] (unknown [172.18.0.217])
 by postal.iol.unh.edu (Postfix) with ESMTP id 680FC604A954;
 Sun, 12 May 2024 02:57:31 -0400 (EDT)
Subject: |WARNING| pw140024 [PATCH] bpf: don't verify classic bpfs
From: dpdklab@iol.unh.edu
To: Test Report <test-report@dpdk.org>
Cc: dpdk-test-reports@iol.unh.edu, Yoav Winstein <yoav.w@claroty.com>
In-Reply-To: <20240512053542.88416-1-yoav.w@claroty.com>
References: <20240512053542.88416-1-yoav.w@claroty.com>
Content-Type: text/plain
X-BeenThere: test-report@dpdk.org
X-Mailman-Version: 2.1.29
Precedence: list
List-Id: automatic DPDK test reports <test-report.dpdk.org>
List-Unsubscribe: <https://mails.dpdk.org/options/test-report>,
 <mailto:test-report-request@dpdk.org?subject=unsubscribe>
List-Archive: <http://mails.dpdk.org/archives/test-report/>
List-Post: <mailto:test-report@dpdk.org>
List-Help: <mailto:test-report-request@dpdk.org?subject=help>
List-Subscribe: <https://mails.dpdk.org/listinfo/test-report>,
 <mailto:test-report-request@dpdk.org?subject=subscribe>
Errors-To: test-report-bounces@dpdk.org

Test-Label: iol-abi-testing
Test-Status: WARNING
http://dpdk.org/patch/140024

_Testing issues_

Submitter: Yoav Winstein <yoav.w@claroty.com>
Date: Sunday, May 12 2024 05:35:42 
DPDK git baseline: Repo:dpdk
  Branch: master
  CommitID:7e06c0de1952d3109a5b0c4779d7e7d8059c9d78

140024 --> testing fail

Test environment and result as below:

+------------------+----------+
|   Environment    | abi_test |
+==================+==========+
| CentOS Stream 9  | FAIL     |
+------------------+----------+
| RHEL8            | FAIL     |
+------------------+----------+
| Debian Bullseye  | FAIL     |
+------------------+----------+
| openSUSE Leap 15 | FAIL     |
+------------------+----------+
| CentOS Stream 8  | FAIL     |
+------------------+----------+
| Fedora 38        | FAIL     |
+------------------+----------+
| Fedora 39        | FAIL     |
+------------------+----------+
| Ubuntu 22.04     | FAIL     |
+------------------+----------+

==== 20 line log output for Ubuntu 22.04 (abi_test): ====

CentOS Stream 9
	Kernel: 5.4.0-167-generic
	Compiler: gcc 11.4.1 20230605

RHEL8
	Kernel: 5.4.0-167-generic
	Compiler: gcc 8.5.0 20210514 (Red Hat 8.5.0-20)

Debian Bullseye
	Kernel: 5.4.0-167-generic
	Compiler: gcc 10.2.1-6

openSUSE Leap 15
	Kernel: 5.4.0-167-generic
	Compiler: gcc 7.5.0

CentOS Stream 8
	Kernel: 5.4.0-167-generic
	Compiler: gcc 8.5.0 20210514

Fedora 38
	Kernel: Depends on container host
	Compiler: clang 16.0.6

Fedora 39
	Kernel: Depends on container host
	Compiler: gcc 13.2.1

Ubuntu 22.04
	Kernel: 5.4.0-167-generic
	Compiler: gcc 11.4.0

To view detailed results, visit:
https://lab.dpdk.org/results/dashboard/patchsets/29940/

UNH-IOL DPDK Community Lab

To manage your email subscriptions, visit: 
https://lab.dpdk.org/results/dashboard/preferences/subscriptions/