From mboxrd@z Thu Jan  1 00:00:00 1970
Return-Path: <test-report-bounces@dpdk.org>
Received: from mails.dpdk.org (mails.dpdk.org [217.70.189.124])
	by inbox.dpdk.org (Postfix) with ESMTP id 39F554402F
	for <public@inbox.dpdk.org>; Wed, 15 May 2024 01:51:48 +0200 (CEST)
Received: from mails.dpdk.org (localhost [127.0.0.1])
	by mails.dpdk.org (Postfix) with ESMTP id 132B04029E;
	Wed, 15 May 2024 01:51:48 +0200 (CEST)
Received: from mail-il1-f226.google.com (mail-il1-f226.google.com
 [209.85.166.226])
 by mails.dpdk.org (Postfix) with ESMTP id 3FFC34025C
 for <test-report@dpdk.org>; Wed, 15 May 2024 01:51:46 +0200 (CEST)
Received: by mail-il1-f226.google.com with SMTP id
 e9e14a558f8ab-36db3304053so4217775ab.2
 for <test-report@dpdk.org>; Tue, 14 May 2024 16:51:46 -0700 (PDT)
DKIM-Signature: v=1; a=rsa-sha256; c=relaxed/relaxed;
 d=iol.unh.edu; s=unh-iol; t=1715730705; x=1716335505; darn=dpdk.org;
 h=references:in-reply-to:cc:to:from:subject:message-id:date:from:to
 :cc:subject:date:message-id:reply-to;
 bh=Fe3b1OdIekFdeaT3FSdhsH/Y2mUtwmaDtXoodkbLH0c=;
 b=LnZ2vjgqg4Eks9hcMyL2OtLt3J+BHusVyR8NVdB0loRzOlXSjEmSSXWiWsEIuT3ohT
 QOYcHlRWQ5i8J3TPg8FclAnygpiMRJwyqQMNRNYJK7gwhwuJt15pdOaHgjHZ8zA6fAi6
 l+3Y26e+r9ZwaZ+B3SGjokdyfMdCkmKLbCgwg=
X-Google-DKIM-Signature: v=1; a=rsa-sha256; c=relaxed/relaxed;
 d=1e100.net; s=20230601; t=1715730705; x=1716335505;
 h=references:in-reply-to:cc:to:from:subject:message-id:date
 :x-gm-message-state:from:to:cc:subject:date:message-id:reply-to;
 bh=Fe3b1OdIekFdeaT3FSdhsH/Y2mUtwmaDtXoodkbLH0c=;
 b=kpKA1FmmPY9uPjyIdcz/45jhjdqt6yflljgHNkoTQJDQmQBbbL410Js903K+oeuS9I
 Kj4QiCq2tBj0Q4ZM8r0FrlQ+UDKd7Wm5qotDeBt1FUxRzCdWxQfLm7n25rTbAp99gUIR
 A3UwjNuiXHy3hgiwVIUCN4NkNpZ0kSIUvSsvpMvczQ4jWzrUxLUEcW51RV2H8FR01g/V
 U2zctaJINIsUpd63ViAfrx0W8AS7IwTOrN8vpcFXHcWlxQi0sXfK0m87KqA/6vrMrWtH
 7HPTNVnJxIV8BiYM9xXiuiabndjFWGJT6xz8UhIz+e+6ebfE2m0aBdpYcyKEGSe9bum5
 LzlQ==
X-Gm-Message-State: AOJu0Yz0CZnleXmMu2edeuNX34OkcKdSGRGFuiZKoNO+TsoEGsbOfuvW
 HPLHIVmA/NrlbJwRhwjr35NSAVY1A6H0F43HVXl/UN/7CLn8jqnEhlfxiOPR2lNk2i77n05DRxf
 I67iO7GO6EEE5Kv6wUY4GNf+swQ21cxvGgyA5zuD+oMZFw97Zd/mX1w/x
X-Google-Smtp-Source: AGHT+IGRQB+Kzr1rZJofFsVh0kJC0vaaSOfQRvB4Pn+L0o/Zouf5oylbgIh54RHaixSoPtkMeGbfeApw39ZJ
X-Received: by 2002:a05:6e02:138d:b0:36d:b800:d02 with SMTP id
 e9e14a558f8ab-36db8001878mr3278915ab.4.1715730705575; 
 Tue, 14 May 2024 16:51:45 -0700 (PDT)
Received: from postal.iol.unh.edu (postal.iol.unh.edu.
 [2606:4100:3880:1234::84]) by smtp-relay.gmail.com with ESMTPS id
 e9e14a558f8ab-36cb9d6fae6sm4961615ab.33.2024.05.14.16.51.45
 (version=TLS1_2 cipher=ECDHE-ECDSA-AES128-GCM-SHA256 bits=128/128);
 Tue, 14 May 2024 16:51:45 -0700 (PDT)
X-Relaying-Domain: iol.unh.edu
Date: Tue, 14 May 2024 16:51:45 -0700 (PDT)
Message-ID: <6643f911.050a0220.77966.ae6fSMTPIN_ADDED_MISSING@mx.google.com>
Received: from [172.21.0.6] (unknown [172.18.0.240])
 by postal.iol.unh.edu (Postfix) with ESMTP id 21B05605C373;
 Tue, 14 May 2024 19:51:45 -0400 (EDT)
Subject: |FAILURE| pw140067-140073 [PATCH] [v3,7/7] net/tap: use generic SW s
From: dpdklab@iol.unh.edu
To: Test Report <test-report@dpdk.org>
Cc: dpdk-test-reports@iol.unh.edu,
 Stephen Hemminger <stephen@networkplumber.org>
In-Reply-To: <20240514153845.42489-8-stephen@networkplumber.org>
References: <20240514153845.42489-8-stephen@networkplumber.org>
Content-Type: text/plain
X-BeenThere: test-report@dpdk.org
X-Mailman-Version: 2.1.29
Precedence: list
List-Id: automatic DPDK test reports <test-report.dpdk.org>
List-Unsubscribe: <https://mails.dpdk.org/options/test-report>,
 <mailto:test-report-request@dpdk.org?subject=unsubscribe>
List-Archive: <http://mails.dpdk.org/archives/test-report/>
List-Post: <mailto:test-report@dpdk.org>
List-Help: <mailto:test-report-request@dpdk.org?subject=help>
List-Subscribe: <https://mails.dpdk.org/listinfo/test-report>,
 <mailto:test-report-request@dpdk.org?subject=subscribe>
Errors-To: test-report-bounces@dpdk.org

Test-Label: iol-unit-amd64-testing
Test-Status: FAILURE
http://dpdk.org/patch/140073

_Testing issues_

Submitter: Stephen Hemminger <stephen@networkplumber.org>
Date: Tuesday, May 14 2024 15:35:10 
DPDK git baseline: Repo:dpdk
  Branch: master
  CommitID:7e06c0de1952d3109a5b0c4779d7e7d8059c9d78

140067-140073 --> testing fail

Test environment and result as below:

+---------------------+----------------+
|     Environment     | dpdk_unit_test |
+=====================+================+
| CentOS Stream 8     | PASS           |
+---------------------+----------------+
| Debian Bullseye     | PASS           |
+---------------------+----------------+
| CentOS Stream 9     | PASS           |
+---------------------+----------------+
| Debian 12           | PASS           |
+---------------------+----------------+
| Fedora 38           | FAIL           |
+---------------------+----------------+
| Fedora 37           | PASS           |
+---------------------+----------------+
| Fedora 39           | FAIL           |
+---------------------+----------------+
| Ubuntu 20.04        | PASS           |
+---------------------+----------------+
| RHEL8               | PASS           |
+---------------------+----------------+
| openSUSE Leap 15    | PASS           |
+---------------------+----------------+
| Ubuntu 22.04        | PASS           |
+---------------------+----------------+
| Windows Server 2019 | FAIL           |
+---------------------+----------------+
| Windows Server 2022 | PASS           |
+---------------------+----------------+

==== 20 line log output for Windows Server 2019 (dpdk_unit_test): ====

CentOS Stream 8
	Kernel: 5.4.0-167-generic
	Compiler: gcc 8.5.0 20210514

Debian Bullseye
	Kernel: 5.4.0-167-generic
	Compiler: gcc 10.2.1-6

CentOS Stream 9
	Kernel: 5.4.0-167-generic
	Compiler: gcc 11.4.1 20230605

Debian 12
	Kernel: Container Host Kernel
	Compiler: gcc 10.2.1

Fedora 38
	Kernel: Depends on container host
	Compiler: gcc 13.2.1

Fedora 37
	Kernel: Depends on container host system
	Compiler: gcc 12.3.1

Fedora 39
	Kernel: Depends on container host
	Compiler: gcc 13.2.1

Ubuntu 20.04
	Kernel: 5.4.0-167-generic
	Compiler: gcc 9.4.0-1ubuntu1~20.04.1

RHEL8
	Kernel: 5.4.0-167-generic
	Compiler: gcc 8.5.0 20210514 (Red Hat 8.5.0-20)

openSUSE Leap 15
	Kernel: 5.4.0-167-generic
	Compiler: gcc 7.5.0

Ubuntu 22.04
	Kernel: 5.4.0-167-generic
	Compiler: gcc 11.4.0

Windows Server 2019
	Kernel: 10.0.17763
	Compiler: clang 14.0 and gcc 8.1.0 (MinGW)

Windows Server 2022
	Kernel: 10.0.20348.2031
	Compiler: clang 15.0.7, gcc 8.1.0 (MinGW), and MSVC VS 17.9

To view detailed results, visit:
https://lab.dpdk.org/results/dashboard/patchsets/29959/

UNH-IOL DPDK Community Lab

To manage your email subscriptions, visit: 
https://lab.dpdk.org/results/dashboard/preferences/subscriptions/