From: dpdklab@iol.unh.edu
To: Test Report <test-report@dpdk.org>
Cc: dpdk-test-reports@iol.unh.edu,
Stephen Hemminger <stephen@networkplumber.org>
Subject: |FAILURE| pw140129-140136 [PATCH] [v4,8/8] net/null: use generic SW
Date: Wed, 15 May 2024 17:47:40 -0700 (PDT) [thread overview]
Message-ID: <664557ac.050a0220.d0bd2.49e8SMTPIN_ADDED_MISSING@mx.google.com> (raw)
In-Reply-To: <20240515234234.5015-9-stephen@networkplumber.org>
Test-Label: iol-unit-amd64-testing
Test-Status: FAILURE
http://dpdk.org/patch/140136
_Testing issues_
Submitter: Stephen Hemminger <stephen@networkplumber.org>
Date: Wednesday, May 15 2024 23:41:00
DPDK git baseline: Repo:dpdk
Branch: master
CommitID:7e06c0de1952d3109a5b0c4779d7e7d8059c9d78
140129-140136 --> testing fail
Test environment and result as below:
+---------------------+----------------+
| Environment | dpdk_unit_test |
+=====================+================+
| CentOS Stream 9 | PASS |
+---------------------+----------------+
| CentOS Stream 8 | PASS |
+---------------------+----------------+
| Debian 12 | PASS |
+---------------------+----------------+
| Fedora 37 | PASS |
+---------------------+----------------+
| Windows Server 2019 | FAIL |
+---------------------+----------------+
| Debian Bullseye | PASS |
+---------------------+----------------+
| Fedora 38 | FAIL |
+---------------------+----------------+
| Fedora 39 | PASS |
+---------------------+----------------+
| openSUSE Leap 15 | PASS |
+---------------------+----------------+
| RHEL8 | PASS |
+---------------------+----------------+
==== 20 line log output for Fedora 38 (dpdk_unit_test): ====
CentOS Stream 9
Kernel: 5.4.0-167-generic
Compiler: gcc 11.4.1 20230605
CentOS Stream 8
Kernel: 5.4.0-167-generic
Compiler: gcc 8.5.0 20210514
Debian 12
Kernel: Container Host Kernel
Compiler: gcc 10.2.1
Fedora 37
Kernel: Depends on container host system
Compiler: gcc 12.3.1
Windows Server 2019
Kernel: 10.0.17763
Compiler: clang 14.0 and gcc 8.1.0 (MinGW)
Debian Bullseye
Kernel: 5.4.0-167-generic
Compiler: gcc 10.2.1-6
Fedora 38
Kernel: Depends on container host
Compiler: gcc 13.2.1
Fedora 39
Kernel: Depends on container host
Compiler: gcc 13.2.1
openSUSE Leap 15
Kernel: 5.4.0-167-generic
Compiler: gcc 7.5.0
RHEL8
Kernel: 5.4.0-167-generic
Compiler: gcc 8.5.0 20210514 (Red Hat 8.5.0-20)
To view detailed results, visit:
https://lab.dpdk.org/results/dashboard/patchsets/29967/
UNH-IOL DPDK Community Lab
To manage your email subscriptions, visit:
https://lab.dpdk.org/results/dashboard/preferences/subscriptions/
next prev parent reply other threads:[~2024-05-16 0:47 UTC|newest]
Thread overview: 89+ messages / expand[flat|nested] mbox.gz Atom feed top
[not found] <20240515234234.5015-9-stephen@networkplumber.org>
2024-05-15 23:17 ` |SUCCESS| pw140129-140136 [PATCH v4 8/8] net/null: use generic SW stats qemudev
2024-05-15 23:22 ` qemudev
2024-05-15 23:44 ` |SUCCESS| pw140136 " checkpatch
2024-05-16 0:38 ` |SUCCESS| pw140129-140136 [PATCH] [v4,8/8] net/null: use generic SW dpdklab
2024-05-16 0:39 ` dpdklab
2024-05-16 0:39 ` dpdklab
2024-05-16 0:40 ` |FAILURE| " dpdklab
2024-05-16 0:40 ` |SUCCESS| " dpdklab
2024-05-16 0:41 ` |FAILURE| " dpdklab
2024-05-16 0:42 ` |SUCCESS| " dpdklab
2024-05-16 0:43 ` |FAILURE| " dpdklab
2024-05-16 0:43 ` dpdklab
2024-05-16 0:44 ` |SUCCESS| " dpdklab
2024-05-16 0:44 ` |FAILURE| pw140136 [PATCH v4 8/8] net/null: use generic SW stats 0-day Robot
2024-05-16 0:45 ` |SUCCESS| pw140129-140136 [PATCH] [v4,8/8] net/null: use generic SW dpdklab
2024-05-16 0:45 ` dpdklab
2024-05-16 0:45 ` |FAILURE| " dpdklab
2024-05-16 0:46 ` dpdklab
2024-05-16 0:46 ` dpdklab
2024-05-16 0:47 ` dpdklab
2024-05-16 0:47 ` dpdklab [this message]
2024-05-16 0:48 ` dpdklab
2024-05-16 0:48 ` |SUCCESS| " dpdklab
2024-05-16 0:48 ` |FAILURE| " dpdklab
2024-05-16 0:49 ` |SUCCESS| " dpdklab
2024-05-16 0:49 ` dpdklab
2024-05-16 0:50 ` |FAILURE| " dpdklab
2024-05-16 0:50 ` |SUCCESS| " dpdklab
2024-05-16 0:51 ` |FAILURE| " dpdklab
2024-05-16 0:52 ` dpdklab
2024-05-16 0:52 ` |SUCCESS| " dpdklab
2024-05-16 0:53 ` dpdklab
2024-05-16 0:53 ` dpdklab
2024-05-16 0:55 ` dpdklab
2024-05-16 0:55 ` dpdklab
2024-05-16 0:56 ` dpdklab
2024-05-16 0:57 ` |FAILURE| " dpdklab
2024-05-16 0:57 ` dpdklab
2024-05-16 0:57 ` |SUCCESS| " dpdklab
2024-05-16 0:57 ` dpdklab
2024-05-16 0:58 ` |FAILURE| " dpdklab
2024-05-16 0:58 ` |SUCCESS| " dpdklab
2024-05-16 0:58 ` |FAILURE| " dpdklab
2024-05-16 0:58 ` |SUCCESS| " dpdklab
2024-05-16 0:58 ` |FAILURE| " dpdklab
2024-05-16 0:59 ` |SUCCESS| " dpdklab
2024-05-16 0:59 ` dpdklab
2024-05-16 0:59 ` |FAILURE| " dpdklab
2024-05-16 0:59 ` |SUCCESS| " dpdklab
2024-05-16 0:59 ` dpdklab
2024-05-16 1:00 ` dpdklab
2024-05-16 1:00 ` |FAILURE| " dpdklab
2024-05-16 1:00 ` dpdklab
2024-05-16 1:00 ` |SUCCESS| " dpdklab
2024-05-16 1:00 ` dpdklab
2024-05-16 1:00 ` dpdklab
2024-05-16 1:01 ` dpdklab
2024-05-16 1:01 ` dpdklab
2024-05-16 1:01 ` dpdklab
2024-05-16 1:01 ` dpdklab
2024-05-16 1:02 ` |FAILURE| " dpdklab
2024-05-16 1:02 ` |SUCCESS| " dpdklab
2024-05-16 1:02 ` dpdklab
2024-05-16 1:02 ` |FAILURE| " dpdklab
2024-05-16 1:10 ` |SUCCESS| " dpdklab
2024-05-16 1:10 ` |FAILURE| " dpdklab
2024-05-16 1:10 ` |SUCCESS| " dpdklab
2024-05-16 1:11 ` |FAILURE| " dpdklab
2024-05-16 1:11 ` |SUCCESS| " dpdklab
2024-05-16 1:12 ` |FAILURE| " dpdklab
2024-05-16 1:12 ` |SUCCESS| " dpdklab
2024-05-16 1:16 ` dpdklab
2024-05-16 1:26 ` dpdklab
2024-05-16 1:26 ` |FAILURE| " dpdklab
2024-05-16 1:33 ` |SUCCESS| " dpdklab
2024-05-16 1:42 ` dpdklab
2024-05-16 1:43 ` dpdklab
2024-05-16 1:45 ` dpdklab
2024-05-16 1:45 ` dpdklab
2024-05-16 1:48 ` dpdklab
2024-05-16 1:49 ` dpdklab
2024-05-16 1:51 ` dpdklab
2024-05-16 1:54 ` dpdklab
2024-05-16 1:56 ` dpdklab
2024-05-16 1:56 ` dpdklab
2024-05-16 1:57 ` dpdklab
2024-05-16 2:03 ` dpdklab
2024-05-16 2:03 ` dpdklab
2024-05-16 2:07 ` dpdklab
Reply instructions:
You may reply publicly to this message via plain-text email
using any one of the following methods:
* Save the following mbox file, import it into your mail client,
and reply-to-all from there: mbox
Avoid top-posting and favor interleaved quoting:
https://en.wikipedia.org/wiki/Posting_style#Interleaved_style
* Reply using the --to, --cc, and --in-reply-to
switches of git-send-email(1):
git send-email \
--in-reply-to=664557ac.050a0220.d0bd2.49e8SMTPIN_ADDED_MISSING@mx.google.com \
--to=dpdklab@iol.unh.edu \
--cc=dpdk-test-reports@iol.unh.edu \
--cc=stephen@networkplumber.org \
--cc=test-report@dpdk.org \
/path/to/YOUR_REPLY
https://kernel.org/pub/software/scm/git/docs/git-send-email.html
* If your mail client supports setting the In-Reply-To header
via mailto: links, try the mailto: link
Be sure your reply has a Subject: header at the top and a blank line
before the message body.
This is a public inbox, see mirroring instructions
for how to clone and mirror all data and code used for this inbox;
as well as URLs for NNTP newsgroup(s).