From mboxrd@z Thu Jan  1 00:00:00 1970
Return-Path: <test-report-bounces@dpdk.org>
Received: from mails.dpdk.org (mails.dpdk.org [217.70.189.124])
	by inbox.dpdk.org (Postfix) with ESMTP id 5843243FFC
	for <public@inbox.dpdk.org>; Thu, 16 May 2024 18:42:21 +0200 (CEST)
Received: from mails.dpdk.org (localhost [127.0.0.1])
	by mails.dpdk.org (Postfix) with ESMTP id 3004E4029B;
	Thu, 16 May 2024 18:42:21 +0200 (CEST)
Received: from mail-oo1-f99.google.com (mail-oo1-f99.google.com
 [209.85.161.99]) by mails.dpdk.org (Postfix) with ESMTP id 4733D40261
 for <test-report@dpdk.org>; Thu, 16 May 2024 18:42:20 +0200 (CEST)
Received: by mail-oo1-f99.google.com with SMTP id
 006d021491bc7-5b295d6b7fbso312373eaf.0
 for <test-report@dpdk.org>; Thu, 16 May 2024 09:42:20 -0700 (PDT)
DKIM-Signature: v=1; a=rsa-sha256; c=relaxed/relaxed;
 d=iol.unh.edu; s=unh-iol; t=1715877739; x=1716482539; darn=dpdk.org;
 h=references:in-reply-to:cc:to:from:subject:message-id:date:from:to
 :cc:subject:date:message-id:reply-to;
 bh=68eWFaO0o5M0bPxS37f8N/IpKFstJ+t2pcInaHZk7Dc=;
 b=C1/82L0VNVgMdT16KhkCZLp1MBQtfkAzqqJLH/vVYOLBxNpr36paghDbJFQDJrczdC
 G3XqRWPM9LdFF5p4mRI8OWINhJ2RRAjho3gmFZn1y7WyxPyyNjc6Mjy6HFxGPGCXlBnt
 q2ccNb/GxZ8s5KnP3B2lc1PCzNdOf1jbjKS0w=
X-Google-DKIM-Signature: v=1; a=rsa-sha256; c=relaxed/relaxed;
 d=1e100.net; s=20230601; t=1715877739; x=1716482539;
 h=references:in-reply-to:cc:to:from:subject:message-id:date
 :x-gm-message-state:from:to:cc:subject:date:message-id:reply-to;
 bh=68eWFaO0o5M0bPxS37f8N/IpKFstJ+t2pcInaHZk7Dc=;
 b=DFBviUoKcvQg2xFO/YZLXKAegwI0vzsi0qWzpRRWNZtaSyxzKNqdstZx23I8fMKx/w
 NZ+L7s5R3/TROIWH/i9NQbBMaYccnoExLM/bxHvOJZgQteQ+yBJEVhcQMiVpnAEN564t
 LIhxQxh1yp8QHF7LW2JvksOw42gv28fjk/Y6401W1/e2b+rgo8tu/JximNjhEaYTqj3d
 cSg+0z2ko6zooMUYny6lhy8kuXmar6buRHuwLw+bL4u9MT462Y8N4m9RbZdWBmO7wDZq
 hVpMpTfBoELcKNR+yeH0J5LruyLbpMezw/ik7BzyOWtK8qPySbgbAQpqZLS2QfWBzSw/
 D7OQ==
X-Gm-Message-State: AOJu0Yz1BMMFbg3mMG9wETVyBftfZkXqgFQEvyAkcTw6NOu6s9izDUdz
 5NkUD+ijIOsiUyx9li/oF9FHLnqN4suW9rruaY/YATfgndf8/uj4vaXov1m0QZ2nM+0hLWD/jNY
 b2I7DfJ71SQJREyLO1WmbIhdIrr0aoy8nuIgz2m0yoQp2urVX+0eoATEb
X-Google-Smtp-Source: AGHT+IEsrtArY21DelXmHsCF+dOK87UsxCblRGuNX9+Q3bNqeJ2zomASoyU2CBZuapvVrzdMn+vRKDpskLdA
X-Received: by 2002:a4a:bd16:0:b0:5b2:8256:7f3d with SMTP id
 006d021491bc7-5b282567f61mr18339905eaf.1.1715877739419; 
 Thu, 16 May 2024 09:42:19 -0700 (PDT)
Received: from postal.iol.unh.edu (postal.iol.unh.edu.
 [2606:4100:3880:1234::84]) by smtp-relay.gmail.com with ESMTPS id
 006d021491bc7-5b303f5c452sm53354eaf.19.2024.05.16.09.42.19
 (version=TLS1_2 cipher=ECDHE-ECDSA-AES128-GCM-SHA256 bits=128/128);
 Thu, 16 May 2024 09:42:19 -0700 (PDT)
X-Relaying-Domain: iol.unh.edu
Date: Thu, 16 May 2024 09:42:19 -0700 (PDT)
Message-ID: <6646376b.050a0220.f74bb.380cSMTPIN_ADDED_MISSING@mx.google.com>
Received: from [172.17.0.5] (unknown [172.18.0.217])
 by postal.iol.unh.edu (Postfix) with ESMTP id A2B88605C373;
 Thu, 16 May 2024 12:42:18 -0400 (EDT)
Subject: |FAILURE| pw140140-140148 [PATCH] [v5,9/9] net/null: use generic SW 
From: dpdklab@iol.unh.edu
To: Test Report <test-report@dpdk.org>
Cc: dpdk-test-reports@iol.unh.edu,
 Stephen Hemminger <stephen@networkplumber.org>
In-Reply-To: <20240516154327.64104-10-stephen@networkplumber.org>
References: <20240516154327.64104-10-stephen@networkplumber.org>
Content-Type: text/plain
X-BeenThere: test-report@dpdk.org
X-Mailman-Version: 2.1.29
Precedence: list
List-Id: automatic DPDK test reports <test-report.dpdk.org>
List-Unsubscribe: <https://mails.dpdk.org/options/test-report>,
 <mailto:test-report-request@dpdk.org?subject=unsubscribe>
List-Archive: <http://mails.dpdk.org/archives/test-report/>
List-Post: <mailto:test-report@dpdk.org>
List-Help: <mailto:test-report-request@dpdk.org?subject=help>
List-Subscribe: <https://mails.dpdk.org/listinfo/test-report>,
 <mailto:test-report-request@dpdk.org?subject=subscribe>
Errors-To: test-report-bounces@dpdk.org

Test-Label: iol-unit-arm64-testing
Test-Status: FAILURE
http://dpdk.org/patch/140148

_Testing issues_

Submitter: Stephen Hemminger <stephen@networkplumber.org>
Date: Thursday, May 16 2024 15:40:45 
DPDK git baseline: Repo:dpdk
  Branch: master
  CommitID:884f83ccf74b5364430d3b21c653d5f6e359e091

140140-140148 --> testing fail

Test environment and result as below:

+-----------------------------+------------------------------+---------------------------+----------------+--------------+
|         Environment         | cryptodev_sw_snow3g_autotest | cryptodev_sw_zuc_autotest | dpdk_unit_test | lpm_autotest |
+=============================+==============================+===========================+================+==============+
| Debian 12 (arm)             | FAIL                         | FAIL                      | FAIL           | SKIPPED      |
+-----------------------------+------------------------------+---------------------------+----------------+--------------+
| Debian 11 (Buster) (ARM)    | SKIPPED                      | SKIPPED                   | FAIL           | SKIPPED      |
+-----------------------------+------------------------------+---------------------------+----------------+--------------+
| Fedora 37 (ARM)             | SKIPPED                      | SKIPPED                   | FAIL           | SKIPPED      |
+-----------------------------+------------------------------+---------------------------+----------------+--------------+
| CentOS Stream 9 (ARM)       | SKIPPED                      | SKIPPED                   | FAIL           | SKIPPED      |
+-----------------------------+------------------------------+---------------------------+----------------+--------------+
| Fedora 38 (ARM)             | SKIPPED                      | SKIPPED                   | FAIL           | SKIPPED      |
+-----------------------------+------------------------------+---------------------------+----------------+--------------+
| Fedora 39 (ARM)             | SKIPPED                      | SKIPPED                   | FAIL           | SKIPPED      |
+-----------------------------+------------------------------+---------------------------+----------------+--------------+
| Ubuntu 20.04 (ARM)          | SKIPPED                      | SKIPPED                   | FAIL           | SKIPPED      |
+-----------------------------+------------------------------+---------------------------+----------------+--------------+
| 32-bit Ubuntu 20.04.4 (ARM) | SKIPPED                      | SKIPPED                   | PASS           | SKIPPED      |
+-----------------------------+------------------------------+---------------------------+----------------+--------------+
| Ubuntu 20.04 ARM SVE        | SKIPPED                      | SKIPPED                   | SKIPPED        | PASS         |
+-----------------------------+------------------------------+---------------------------+----------------+--------------+

==== 20 line log output for Ubuntu 20.04 (ARM) (dpdk_unit_test): ====

Debian 12 (arm)
	Kernel: Container Host Kernel
	Compiler: gcc 12.2.0

Debian 11 (Buster) (ARM)
	Kernel: Container Host Kernel
	Compiler: gcc 10.2.1

Fedora 37 (ARM)
	Kernel: Depends on container host
	Compiler: gcc 12.3.1

CentOS Stream 9 (ARM)
	Kernel: Container Host Kernel
	Compiler: gcc 11.4.1

Fedora 38 (ARM)
	Kernel: Depends on container host
	Compiler: gcc 13.2.1

Fedora 39 (ARM)
	Kernel: Depends on container host
	Compiler: gcc 13.2.1

Ubuntu 20.04 (ARM)
	Kernel: Container Host Kernel
	Compiler: gcc 9.4.0

32-bit Ubuntu 20.04.4 (ARM)
	Kernel: 5.4.0-155-generic aarch64
	Compiler: gcc 9.4

Ubuntu 20.04 ARM SVE
	Kernel: 5.4.0-167-generic
	Compiler: gcc (Ubuntu 10.5.0-1ubuntu1~20.04) 10.5.0

To view detailed results, visit:
https://lab.dpdk.org/results/dashboard/patchsets/29971/

UNH-IOL DPDK Community Lab

To manage your email subscriptions, visit: 
https://lab.dpdk.org/results/dashboard/preferences/subscriptions/