From: dpdklab@iol.unh.edu
To: Test Report <test-report@dpdk.org>
Cc: dpdk-test-reports@iol.unh.edu,
Stephen Hemminger <stephen@networkplumber.org>
Subject: |FAILURE| pw140140-140148 [PATCH] [v5,9/9] net/null: use generic SW
Date: Thu, 16 May 2024 10:02:34 -0700 (PDT) [thread overview]
Message-ID: <66463c2a.810a0220.e1021.913cSMTPIN_ADDED_MISSING@mx.google.com> (raw)
In-Reply-To: <20240516154327.64104-10-stephen@networkplumber.org>
Test-Label: iol-compile-amd64-testing
Test-Status: FAILURE
http://dpdk.org/patch/140148
_Testing issues_
Submitter: Stephen Hemminger <stephen@networkplumber.org>
Date: Thursday, May 16 2024 15:40:45
DPDK git baseline: Repo:dpdk
Branch: master
CommitID:884f83ccf74b5364430d3b21c653d5f6e359e091
140140-140148 --> testing fail
Test environment and result as below:
+---------------------+--------------------+-------------------+----------------------+------------------+
| Environment | dpdk_meson_compile | dpdk_msvc_compile | dpdk_mingw64_compile | dpdk_compile_ovs |
+=====================+====================+===================+======================+==================+
| Debian 12 | FAIL | SKIPPED | SKIPPED | SKIPPED |
+---------------------+--------------------+-------------------+----------------------+------------------+
| Debian Bullseye | FAIL | SKIPPED | SKIPPED | SKIPPED |
+---------------------+--------------------+-------------------+----------------------+------------------+
| FreeBSD 13.3 | PASS | SKIPPED | SKIPPED | SKIPPED |
+---------------------+--------------------+-------------------+----------------------+------------------+
| Fedora 37 | FAIL | SKIPPED | SKIPPED | SKIPPED |
+---------------------+--------------------+-------------------+----------------------+------------------+
| CentOS Stream 8 | FAIL | SKIPPED | SKIPPED | SKIPPED |
+---------------------+--------------------+-------------------+----------------------+------------------+
| Fedora 39 | PASS | SKIPPED | SKIPPED | PASS |
+---------------------+--------------------+-------------------+----------------------+------------------+
| Windows Server 2022 | PASS | PASS | FAIL | SKIPPED |
+---------------------+--------------------+-------------------+----------------------+------------------+
| Windows Server 2019 | PASS | SKIPPED | FAIL | SKIPPED |
+---------------------+--------------------+-------------------+----------------------+------------------+
| Fedora 38 | PASS | SKIPPED | SKIPPED | PASS |
+---------------------+--------------------+-------------------+----------------------+------------------+
| CentOS Stream 9 | FAIL | SKIPPED | SKIPPED | SKIPPED |
+---------------------+--------------------+-------------------+----------------------+------------------+
| RHEL8 | FAIL | SKIPPED | SKIPPED | SKIPPED |
+---------------------+--------------------+-------------------+----------------------+------------------+
| openSUSE Leap 15 | FAIL | SKIPPED | SKIPPED | SKIPPED |
+---------------------+--------------------+-------------------+----------------------+------------------+
| FreeBSD 14.0 | PASS | SKIPPED | SKIPPED | SKIPPED |
+---------------------+--------------------+-------------------+----------------------+------------------+
| Ubuntu 20.04 | FAIL | SKIPPED | SKIPPED | SKIPPED |
+---------------------+--------------------+-------------------+----------------------+------------------+
| Ubuntu 22.04 | FAIL | SKIPPED | SKIPPED | SKIPPED |
+---------------------+--------------------+-------------------+----------------------+------------------+
==== 20 line log output for Ubuntu 22.04 (dpdk_meson_compile): ====
Debian 12
Kernel: Container Host Kernel
Compiler: gcc 10.2.1
Debian Bullseye
Kernel: 5.4.0-167-generic
Compiler: gcc 10.2.1-6
FreeBSD 13.3
Kernel: 13.3-RELEASE-p1
Compiler: clang 17.0.6
Fedora 37
Kernel: Depends on container host system
Compiler: gcc 12.3.1
CentOS Stream 8
Kernel: 5.4.0-167-generic
Compiler: gcc 8.5.0 20210514
Fedora 39
Kernel: Depends on container host
Compiler: gcc 13.2.1
Windows Server 2022
Kernel: 10.0.20348.2031
Compiler: clang 15.0.7, gcc 8.1.0 (MinGW), and MSVC VS 17.9
Windows Server 2019
Kernel: 10.0.17763
Compiler: clang 14.0 and gcc 8.1.0 (MinGW)
Fedora 38
Kernel: Depends on container host
Compiler: gcc 13.2.1
CentOS Stream 9
Kernel: 5.4.0-167-generic
Compiler: gcc 11.4.1 20230605
RHEL8
Kernel: 5.4.0-167-generic
Compiler: gcc 8.5.0 20210514 (Red Hat 8.5.0-20)
openSUSE Leap 15
Kernel: 5.4.0-167-generic
Compiler: gcc 7.5.0
FreeBSD 14.0
Kernel: 14.0
Compiler: clang 16.0.6
Ubuntu 20.04
Kernel: 5.4.0-167-generic
Compiler: gcc 9.4.0-1ubuntu1~20.04.1
Ubuntu 22.04
Kernel: 5.4.0-167-generic
Compiler: gcc 11.4.0
To view detailed results, visit:
https://lab.dpdk.org/results/dashboard/patchsets/29971/
UNH-IOL DPDK Community Lab
To manage your email subscriptions, visit:
https://lab.dpdk.org/results/dashboard/preferences/subscriptions/
next prev parent reply other threads:[~2024-05-16 17:02 UTC|newest]
Thread overview: 80+ messages / expand[flat|nested] mbox.gz Atom feed top
[not found] <20240516154327.64104-10-stephen@networkplumber.org>
2024-05-16 15:27 ` |SUCCESS| pw140140-140148 [PATCH v5 9/9] net/null: use generic SW stats qemudev
2024-05-16 15:31 ` qemudev
2024-05-16 15:46 ` |SUCCESS| pw140148 " checkpatch
2024-05-16 16:29 ` |SUCCESS| pw140140-140148 [PATCH] [v5,9/9] net/null: use generic SW dpdklab
2024-05-16 16:29 ` |FAILURE| " dpdklab
2024-05-16 16:30 ` |SUCCESS| " dpdklab
2024-05-16 16:30 ` dpdklab
2024-05-16 16:30 ` |FAILURE| " dpdklab
2024-05-16 16:31 ` dpdklab
2024-05-16 16:31 ` dpdklab
2024-05-16 16:33 ` |SUCCESS| " dpdklab
2024-05-16 16:33 ` |FAILURE| " dpdklab
2024-05-16 16:33 ` |SUCCESS| " dpdklab
2024-05-16 16:34 ` |FAILURE| " dpdklab
2024-05-16 16:34 ` |SUCCESS| " dpdklab
2024-05-16 16:42 ` |FAILURE| " dpdklab
2024-05-16 16:42 ` dpdklab
2024-05-16 16:43 ` dpdklab
2024-05-16 16:43 ` |SUCCESS| " dpdklab
2024-05-16 16:43 ` |WARNING| " dpdklab
2024-05-16 16:44 ` |SUCCESS| " dpdklab
2024-05-16 16:44 ` |FAILURE| " dpdklab
2024-05-16 16:44 ` |FAILURE| pw140148 [PATCH v5 9/9] net/null: use generic SW stats 0-day Robot
2024-05-16 16:44 ` |SUCCESS| pw140140-140148 [PATCH] [v5,9/9] net/null: use generic SW dpdklab
2024-05-16 16:45 ` |FAILURE| " dpdklab
2024-05-16 16:45 ` |SUCCESS| " dpdklab
2024-05-16 16:45 ` |FAILURE| " dpdklab
2024-05-16 16:46 ` dpdklab
2024-05-16 16:46 ` |SUCCESS| " dpdklab
2024-05-16 16:46 ` |FAILURE| " dpdklab
2024-05-16 16:46 ` dpdklab
2024-05-16 16:47 ` dpdklab
2024-05-16 16:47 ` dpdklab
2024-05-16 16:47 ` dpdklab
2024-05-16 16:47 ` |SUCCESS| " dpdklab
2024-05-16 16:48 ` |FAILURE| " dpdklab
2024-05-16 16:48 ` dpdklab
2024-05-16 16:48 ` dpdklab
2024-05-16 16:49 ` dpdklab
2024-05-16 16:49 ` dpdklab
2024-05-16 16:49 ` dpdklab
2024-05-16 16:53 ` dpdklab
2024-05-16 16:53 ` dpdklab
2024-05-16 16:54 ` dpdklab
2024-05-16 16:54 ` dpdklab
2024-05-16 16:54 ` dpdklab
2024-05-16 16:54 ` |SUCCESS| " dpdklab
2024-05-16 16:55 ` |FAILURE| " dpdklab
2024-05-16 16:55 ` dpdklab
2024-05-16 16:55 ` dpdklab
2024-05-16 16:56 ` dpdklab
2024-05-16 16:56 ` dpdklab
2024-05-16 16:56 ` dpdklab
2024-05-16 16:56 ` dpdklab
2024-05-16 16:56 ` |SUCCESS| " dpdklab
2024-05-16 16:57 ` |FAILURE| " dpdklab
2024-05-16 16:57 ` dpdklab
2024-05-16 16:57 ` |SUCCESS| " dpdklab
2024-05-16 16:57 ` |FAILURE| " dpdklab
2024-05-16 16:57 ` |SUCCESS| " dpdklab
2024-05-16 16:58 ` dpdklab
2024-05-16 16:58 ` dpdklab
2024-05-16 16:58 ` dpdklab
2024-05-16 16:58 ` |FAILURE| " dpdklab
2024-05-16 16:58 ` |SUCCESS| " dpdklab
2024-05-16 16:59 ` |FAILURE| " dpdklab
2024-05-16 16:59 ` |SUCCESS| " dpdklab
2024-05-16 16:59 ` |FAILURE| " dpdklab
2024-05-16 17:00 ` |SUCCESS| " dpdklab
2024-05-16 17:00 ` dpdklab
2024-05-16 17:00 ` |FAILURE| " dpdklab
2024-05-16 17:02 ` dpdklab
2024-05-16 17:02 ` dpdklab
2024-05-16 17:02 ` dpdklab [this message]
2024-05-16 17:02 ` |SUCCESS| " dpdklab
2024-05-16 17:13 ` |FAILURE| " dpdklab
2024-05-16 17:28 ` |SUCCESS| " dpdklab
2024-05-16 17:36 ` dpdklab
2024-05-16 17:55 ` |FAILURE| " dpdklab
2024-05-16 19:21 ` dpdklab
Reply instructions:
You may reply publicly to this message via plain-text email
using any one of the following methods:
* Save the following mbox file, import it into your mail client,
and reply-to-all from there: mbox
Avoid top-posting and favor interleaved quoting:
https://en.wikipedia.org/wiki/Posting_style#Interleaved_style
* Reply using the --to, --cc, and --in-reply-to
switches of git-send-email(1):
git send-email \
--in-reply-to=66463c2a.810a0220.e1021.913cSMTPIN_ADDED_MISSING@mx.google.com \
--to=dpdklab@iol.unh.edu \
--cc=dpdk-test-reports@iol.unh.edu \
--cc=stephen@networkplumber.org \
--cc=test-report@dpdk.org \
/path/to/YOUR_REPLY
https://kernel.org/pub/software/scm/git/docs/git-send-email.html
* If your mail client supports setting the In-Reply-To header
via mailto: links, try the mailto: link
Be sure your reply has a Subject: header at the top and a blank line
before the message body.
This is a public inbox, see mirroring instructions
for how to clone and mirror all data and code used for this inbox;
as well as URLs for NNTP newsgroup(s).