From mboxrd@z Thu Jan  1 00:00:00 1970
Return-Path: <test-report-bounces@dpdk.org>
Received: from mails.dpdk.org (mails.dpdk.org [217.70.189.124])
	by inbox.dpdk.org (Postfix) with ESMTP id 0CF9F44056
	for <public@inbox.dpdk.org>; Fri, 17 May 2024 22:13:49 +0200 (CEST)
Received: from mails.dpdk.org (localhost [127.0.0.1])
	by mails.dpdk.org (Postfix) with ESMTP id 06655402DA;
	Fri, 17 May 2024 22:13:49 +0200 (CEST)
Received: from mail-il1-f225.google.com (mail-il1-f225.google.com
 [209.85.166.225])
 by mails.dpdk.org (Postfix) with ESMTP id D1DE240268
 for <test-report@dpdk.org>; Fri, 17 May 2024 22:13:47 +0200 (CEST)
Received: by mail-il1-f225.google.com with SMTP id
 e9e14a558f8ab-36db3304053so9937335ab.2
 for <test-report@dpdk.org>; Fri, 17 May 2024 13:13:47 -0700 (PDT)
DKIM-Signature: v=1; a=rsa-sha256; c=relaxed/relaxed;
 d=iol.unh.edu; s=unh-iol; t=1715976827; x=1716581627; darn=dpdk.org;
 h=references:in-reply-to:cc:to:from:subject:message-id:date:from:to
 :cc:subject:date:message-id:reply-to;
 bh=TqMxddujTad/khbGjoq2VfNGBxcjVq0hQl3us5yAtj8=;
 b=Mm0DavgXEysHHG5GXkwPCPIxGl06tf3uXN9BJ2SQqi0ZltV/qq/eVa2tzJGR8k3eRK
 E7VaDe88vAx14SlZbg28B/pZSdYUwkRASwXCnOITjzsfVBte5rsrtXCH8dtz92pB9yt5
 fjG6d/wkuGIU57mvjEKqEmaRbYvuD6KQ04etQ=
X-Google-DKIM-Signature: v=1; a=rsa-sha256; c=relaxed/relaxed;
 d=1e100.net; s=20230601; t=1715976827; x=1716581627;
 h=references:in-reply-to:cc:to:from:subject:message-id:date
 :x-gm-message-state:from:to:cc:subject:date:message-id:reply-to;
 bh=TqMxddujTad/khbGjoq2VfNGBxcjVq0hQl3us5yAtj8=;
 b=Xdt9h8y11eS8TzgJzj/PXM+s++ySkwKqwH7Mpltuie5aNBlTk45PzNvNtjnVAhaN6R
 cgPNf0/IV+fMwMuTGlseVKXjgJxwWFlHoZU5EY4+1uUCnW67KiXG57Y4r7tVZEY9T9+u
 Tx9srg9qbXHAWj6gNi49UuWEqsMIeefZ0NyMVFtxIYUS0A4iR9zSE5kYhqFAxyxhFIO3
 NgjN6sr/Z1T0IysntpFWf+U6RlK1g7Pm8Jyw9QHI3ZE+LMBzm2aMnckDgTi2bMrOxKce
 u2jHrI1skhZoldedRAFRecNWlCRupgattGNKY+aRB610S5R6OPvR7m8AcvguUj7wRv7t
 HgIQ==
X-Gm-Message-State: AOJu0YwkimyA0MIw1Fg58bAHSPXaxZhpq4idAxCpjLFe2c43wagVM0EK
 cp1tFzv/0vtCczrWm9Z+rWFh5AZGPVAbnVtezekI1kjaZoK3dYlveST0LiMblwsC2xDQdPyl2+I
 pO437oAuBAGA1sfeyadXg5YBO9TvD1ZHt3exsih6u1XyVBa48cC/PPFlK
X-Google-Smtp-Source: AGHT+IHRF2pLlhRyH51gIkQtQrzP9uUoxyhqWwqcCgkbfW2Izh0Kf/pyvQn4GtprzCwxvrizzxt5PO9oLTDm
X-Received: by 2002:a05:6e02:18c7:b0:36c:dd5:63a1 with SMTP id
 e9e14a558f8ab-36cc14f872emr277718165ab.24.1715976827257; 
 Fri, 17 May 2024 13:13:47 -0700 (PDT)
Received: from postal.iol.unh.edu (postal.iol.unh.edu.
 [2606:4100:3880:1234::84]) by smtp-relay.gmail.com with ESMTPS id
 e9e14a558f8ab-36dc22f5c08sm2017555ab.15.2024.05.17.13.13.47
 (version=TLS1_2 cipher=ECDHE-ECDSA-AES128-GCM-SHA256 bits=128/128);
 Fri, 17 May 2024 13:13:47 -0700 (PDT)
X-Relaying-Domain: iol.unh.edu
Date: Fri, 17 May 2024 13:13:47 -0700 (PDT)
Message-ID: <6647ba7b.050a0220.5613b.90cbSMTPIN_ADDED_MISSING@mx.google.com>
Received: from [172.21.0.6] (unknown [172.18.0.240])
 by postal.iol.unh.edu (Postfix) with ESMTP id BA69E605C373;
 Fri, 17 May 2024 16:13:46 -0400 (EDT)
Subject: |FAILURE| pw140171-140172 [PATCH] [v1,2/2] app/testpmd: introduce VX
From: dpdklab@iol.unh.edu
To: Test Report <test-report@dpdk.org>
Cc: dpdk-test-reports@iol.unh.edu, Gavin Li <gavinl@nvidia.com>
In-Reply-To: <20240517080735.1787616-3-gavinl@nvidia.com>
References: <20240517080735.1787616-3-gavinl@nvidia.com>
Content-Type: text/plain
X-BeenThere: test-report@dpdk.org
X-Mailman-Version: 2.1.29
Precedence: list
List-Id: automatic DPDK test reports <test-report.dpdk.org>
List-Unsubscribe: <https://mails.dpdk.org/options/test-report>,
 <mailto:test-report-request@dpdk.org?subject=unsubscribe>
List-Archive: <http://mails.dpdk.org/archives/test-report/>
List-Post: <mailto:test-report@dpdk.org>
List-Help: <mailto:test-report-request@dpdk.org?subject=help>
List-Subscribe: <https://mails.dpdk.org/listinfo/test-report>,
 <mailto:test-report-request@dpdk.org?subject=subscribe>
Errors-To: test-report-bounces@dpdk.org

Test-Label: iol-unit-amd64-testing
Test-Status: FAILURE
http://dpdk.org/patch/140172

_Testing issues_

Submitter: Gavin Li <gavinl@nvidia.com>
Date: Friday, May 17 2024 08:07:35 
DPDK git baseline: Repo:dpdk
  Branch: master
  CommitID:baa8e2c6b4d7ce289e891b9c96fb3193311c0f01

140171-140172 --> testing fail

Test environment and result as below:

+---------------------+----------------+
|     Environment     | dpdk_unit_test |
+=====================+================+
| CentOS Stream 8     | PASS           |
+---------------------+----------------+
| Windows Server 2019 | PASS           |
+---------------------+----------------+
| Debian 12           | FAIL           |
+---------------------+----------------+
| Debian Bullseye     | PASS           |
+---------------------+----------------+
| CentOS Stream 9     | PASS           |
+---------------------+----------------+
| Fedora 38           | PASS           |
+---------------------+----------------+
| Fedora 39           | PASS           |
+---------------------+----------------+
| Windows Server 2022 | PASS           |
+---------------------+----------------+
| RHEL8               | PASS           |
+---------------------+----------------+

==== 20 line log output for Debian 12 (dpdk_unit_test): ====

CentOS Stream 8
	Kernel: 5.4.0-167-generic
	Compiler: gcc 8.5.0 20210514

Windows Server 2019
	Kernel: 10.0.17763
	Compiler: clang 14.0 and gcc 8.1.0 (MinGW)

Debian 12
	Kernel: Container Host Kernel
	Compiler: gcc 10.2.1

Debian Bullseye
	Kernel: 5.4.0-167-generic
	Compiler: gcc 10.2.1-6

CentOS Stream 9
	Kernel: 5.4.0-167-generic
	Compiler: gcc 11.4.1 20230605

Fedora 38
	Kernel: Depends on container host
	Compiler: gcc 13.2.1

Fedora 39
	Kernel: Depends on container host
	Compiler: gcc 13.2.1

Windows Server 2022
	Kernel: 10.0.20348.2031
	Compiler: clang 15.0.7, gcc 8.1.0 (MinGW), and MSVC VS 17.9

RHEL8
	Kernel: 5.4.0-167-generic
	Compiler: gcc 8.5.0 20210514 (Red Hat 8.5.0-20)

To view detailed results, visit:
https://lab.dpdk.org/results/dashboard/patchsets/29975/

UNH-IOL DPDK Community Lab

To manage your email subscriptions, visit: 
https://lab.dpdk.org/results/dashboard/preferences/subscriptions/