From mboxrd@z Thu Jan  1 00:00:00 1970
Return-Path: <test-report-bounces@dpdk.org>
Received: from mails.dpdk.org (mails.dpdk.org [217.70.189.124])
	by inbox.dpdk.org (Postfix) with ESMTP id 0AAE644056
	for <public@inbox.dpdk.org>; Fri, 17 May 2024 22:20:49 +0200 (CEST)
Received: from mails.dpdk.org (localhost [127.0.0.1])
	by mails.dpdk.org (Postfix) with ESMTP id 0590A402DA;
	Fri, 17 May 2024 22:20:49 +0200 (CEST)
Received: from mail-yw1-f227.google.com (mail-yw1-f227.google.com
 [209.85.128.227])
 by mails.dpdk.org (Postfix) with ESMTP id A95AC40268
 for <test-report@dpdk.org>; Fri, 17 May 2024 22:20:47 +0200 (CEST)
Received: by mail-yw1-f227.google.com with SMTP id
 00721157ae682-61be4b9869dso6254447b3.1
 for <test-report@dpdk.org>; Fri, 17 May 2024 13:20:47 -0700 (PDT)
DKIM-Signature: v=1; a=rsa-sha256; c=relaxed/relaxed;
 d=iol.unh.edu; s=unh-iol; t=1715977247; x=1716582047; darn=dpdk.org;
 h=references:in-reply-to:cc:to:from:subject:message-id:date:from:to
 :cc:subject:date:message-id:reply-to;
 bh=WIQQg3hlOaXOL+eV/sjzP+nbecNNQHGR9s+0DIQ8FPM=;
 b=XDQNRClk4cx31AdmSEedZh38PNLceYYsm/tCHLQlLOwycljyhXFZEyMgNLPQ0iHfxL
 1ej9R4RgNxRinV9UUsdOhw+3s/tDU95tIzAckMcIY9nhqysVhrEtH9c0n5MWO1UqNINx
 ZSNDKaO7exSdYbBNhGAclF5n0FHSD434bcT+0=
X-Google-DKIM-Signature: v=1; a=rsa-sha256; c=relaxed/relaxed;
 d=1e100.net; s=20230601; t=1715977247; x=1716582047;
 h=references:in-reply-to:cc:to:from:subject:message-id:date
 :x-gm-message-state:from:to:cc:subject:date:message-id:reply-to;
 bh=WIQQg3hlOaXOL+eV/sjzP+nbecNNQHGR9s+0DIQ8FPM=;
 b=BHfa2+GhZifMSzfVHR+qmfE0AgPQlim1eHQfdapv3UQS34/9o3kEYUPMe4tzxNDsZf
 tnvumFHeYKYdGeSJIf3+XkrAztSGe39BnOB27225W9fS/1IGdNS5rGkU8pG7+ZuFtq4e
 rKt2qNCJcq7VyO7gJIgC0B9rnspkjPeqiCdPJlA+T0c3qMkeaV1R0DOIVmagSpNft6ia
 YWBYqVpNvGUdqpZX/yyRQ8t9cZtUmOU80Y2KxFmbTpm9CG2Hd97jKzPg24ITD8wtpFf/
 QslPeceBVfmmlAkHjmGPR2yqSKdDxLVj9Os3pMQmW7gxJICl445o+DW520ZgdZZnxsUd
 HlfQ==
X-Gm-Message-State: AOJu0Yw7OyLziA2MkKZrbi37xeWkQvnSDERXew9wtkTjZ0gh84OSkk/5
 PCi7T6bXYEKCRG/nZYSr7p6S05zLnwXP+XK1aCpZY0Qmg2L9SgTqRoCAbkyaMKapkdMLEIW/94i
 rYFwYbKFDn3//C+k73LkJtWHefLiRS+F+EVv3WrfHAzDGOQyUXGntvIj4
X-Google-Smtp-Source: AGHT+IGOR3yPSLkkKYpnMw3ThUd4OyV2mL312JWp9YHTx4ehIPr4wxekGDEXBsGRtDBf6dFFz30qwPzMjEqm
X-Received: by 2002:a81:8a87:0:b0:622:bfe3:25c0 with SMTP id
 00721157ae682-622bfe326b4mr166794687b3.14.1715977247025; 
 Fri, 17 May 2024 13:20:47 -0700 (PDT)
Received: from postal.iol.unh.edu (postal.iol.unh.edu.
 [2606:4100:3880:1234::84]) by smtp-relay.gmail.com with ESMTPS id
 00721157ae682-6209e2328c0sm14643417b3.2.2024.05.17.13.20.46
 (version=TLS1_2 cipher=ECDHE-ECDSA-AES128-GCM-SHA256 bits=128/128);
 Fri, 17 May 2024 13:20:47 -0700 (PDT)
X-Relaying-Domain: iol.unh.edu
Date: Fri, 17 May 2024 13:20:47 -0700 (PDT)
Message-ID: <6647bc1f.810a0220.2e937.1680SMTPIN_ADDED_MISSING@mx.google.com>
Received: from [172.21.0.6] (unknown [172.18.0.240])
 by postal.iol.unh.edu (Postfix) with ESMTP id A48C7605C373;
 Fri, 17 May 2024 16:20:46 -0400 (EDT)
Subject: |FAILURE| pw140171-140172 [PATCH] [v1,2/2] app/testpmd: introduce VX
From: dpdklab@iol.unh.edu
To: Test Report <test-report@dpdk.org>
Cc: dpdk-test-reports@iol.unh.edu, Gavin Li <gavinl@nvidia.com>
In-Reply-To: <20240517080735.1787616-3-gavinl@nvidia.com>
References: <20240517080735.1787616-3-gavinl@nvidia.com>
Content-Type: text/plain
X-BeenThere: test-report@dpdk.org
X-Mailman-Version: 2.1.29
Precedence: list
List-Id: automatic DPDK test reports <test-report.dpdk.org>
List-Unsubscribe: <https://mails.dpdk.org/options/test-report>,
 <mailto:test-report-request@dpdk.org?subject=unsubscribe>
List-Archive: <http://mails.dpdk.org/archives/test-report/>
List-Post: <mailto:test-report@dpdk.org>
List-Help: <mailto:test-report-request@dpdk.org?subject=help>
List-Subscribe: <https://mails.dpdk.org/listinfo/test-report>,
 <mailto:test-report-request@dpdk.org?subject=subscribe>
Errors-To: test-report-bounces@dpdk.org

Test-Label: iol-unit-amd64-testing
Test-Status: FAILURE
http://dpdk.org/patch/140172

_Testing issues_

Submitter: Gavin Li <gavinl@nvidia.com>
Date: Friday, May 17 2024 08:07:35 
DPDK git baseline: Repo:dpdk
  Branch: master
  CommitID:baa8e2c6b4d7ce289e891b9c96fb3193311c0f01

140171-140172 --> testing fail

Test environment and result as below:

+---------------------+----------------+
|     Environment     | dpdk_unit_test |
+=====================+================+
| CentOS Stream 8     | PASS           |
+---------------------+----------------+
| Windows Server 2019 | PASS           |
+---------------------+----------------+
| Debian 12           | FAIL           |
+---------------------+----------------+
| Debian Bullseye     | PASS           |
+---------------------+----------------+
| CentOS Stream 9     | PASS           |
+---------------------+----------------+
| Fedora 38           | PASS           |
+---------------------+----------------+
| Fedora 39           | PASS           |
+---------------------+----------------+
| Windows Server 2022 | PASS           |
+---------------------+----------------+
| RHEL8               | PASS           |
+---------------------+----------------+
| Ubuntu 20.04        | PASS           |
+---------------------+----------------+
| openSUSE Leap 15    | PASS           |
+---------------------+----------------+
| Fedora 37           | PASS           |
+---------------------+----------------+

==== 20 line log output for Debian 12 (dpdk_unit_test): ====

CentOS Stream 8
	Kernel: 5.4.0-167-generic
	Compiler: gcc 8.5.0 20210514

Windows Server 2019
	Kernel: 10.0.17763
	Compiler: clang 14.0 and gcc 8.1.0 (MinGW)

Debian 12
	Kernel: Container Host Kernel
	Compiler: gcc 10.2.1

Debian Bullseye
	Kernel: 5.4.0-167-generic
	Compiler: gcc 10.2.1-6

CentOS Stream 9
	Kernel: 5.4.0-167-generic
	Compiler: gcc 11.4.1 20230605

Fedora 38
	Kernel: Depends on container host
	Compiler: gcc 13.2.1

Fedora 39
	Kernel: Depends on container host
	Compiler: gcc 13.2.1

Windows Server 2022
	Kernel: 10.0.20348.2031
	Compiler: clang 15.0.7, gcc 8.1.0 (MinGW), and MSVC VS 17.9

RHEL8
	Kernel: 5.4.0-167-generic
	Compiler: gcc 8.5.0 20210514 (Red Hat 8.5.0-20)

Ubuntu 20.04
	Kernel: 5.4.0-167-generic
	Compiler: gcc 9.4.0-1ubuntu1~20.04.1

openSUSE Leap 15
	Kernel: 5.4.0-167-generic
	Compiler: gcc 7.5.0

Fedora 37
	Kernel: Depends on container host system
	Compiler: gcc 12.3.1

To view detailed results, visit:
https://lab.dpdk.org/results/dashboard/patchsets/29975/

UNH-IOL DPDK Community Lab

To manage your email subscriptions, visit: 
https://lab.dpdk.org/results/dashboard/preferences/subscriptions/