From mboxrd@z Thu Jan  1 00:00:00 1970
Return-Path: <test-report-bounces@dpdk.org>
Received: from mails.dpdk.org (mails.dpdk.org [217.70.189.124])
	by inbox.dpdk.org (Postfix) with ESMTP id 23B1344056
	for <public@inbox.dpdk.org>; Fri, 17 May 2024 22:28:38 +0200 (CEST)
Received: from mails.dpdk.org (localhost [127.0.0.1])
	by mails.dpdk.org (Postfix) with ESMTP id 1FE73402DA;
	Fri, 17 May 2024 22:28:38 +0200 (CEST)
Received: from mail-qv1-f99.google.com (mail-qv1-f99.google.com
 [209.85.219.99]) by mails.dpdk.org (Postfix) with ESMTP id 892D840268
 for <test-report@dpdk.org>; Fri, 17 May 2024 22:28:36 +0200 (CEST)
Received: by mail-qv1-f99.google.com with SMTP id
 6a1803df08f44-69b47833dc5so4339296d6.0
 for <test-report@dpdk.org>; Fri, 17 May 2024 13:28:36 -0700 (PDT)
DKIM-Signature: v=1; a=rsa-sha256; c=relaxed/relaxed;
 d=iol.unh.edu; s=unh-iol; t=1715977716; x=1716582516; darn=dpdk.org;
 h=references:in-reply-to:cc:to:from:subject:message-id:date:from:to
 :cc:subject:date:message-id:reply-to;
 bh=Un4CgX4XT53g/8einD4h/1+cBdm1lWiywDZuhaePUEg=;
 b=jUSMa+HLqOweIzyxQVvJYlZq6GHuh8pta3ExZX/4bRDOMSfOZBy3vWpmNZa0HOKyf+
 A1SXEFaPBOLIBxM0jis7w7Q7H4tz29UGgRzf8/0f25SjK2Xviqt5E5mwoAyW0lV+LD01
 EBG4kP1v3C5hhKxDC5L/vab1fyMtqzhLdAuLY=
X-Google-DKIM-Signature: v=1; a=rsa-sha256; c=relaxed/relaxed;
 d=1e100.net; s=20230601; t=1715977716; x=1716582516;
 h=references:in-reply-to:cc:to:from:subject:message-id:date
 :x-gm-message-state:from:to:cc:subject:date:message-id:reply-to;
 bh=Un4CgX4XT53g/8einD4h/1+cBdm1lWiywDZuhaePUEg=;
 b=HXelYdS1brFBHLv7wL5tuNoTP4sO+HdBGUYJr/ZaP32foTAqxV5jzJkGrZW2lWlk+n
 rvgB+36JrKkWUTiOtJp9okXdKQB9Cfz+39NkpMvOx2f5H0s5qfXfpLKL93J5g0hLuVFI
 oqCVaSAML93Gf/XfC/HRkXR/uYA1VthLpdc3Xwhkq0KyX2OUR6lwBRNnONoSilkwInSK
 xXTBeT97kVTyaOvPuNRpbVVodHvI3ydobHzlTxwmN8wfjA0LMeCi7HflKY5qzHWBXoCC
 yR/5IS1OA6PtlfG4FNiQI6ATiAeDlin63y0Fo2U8QvWloYC2bScUyk2rsexm5SOVX/Sf
 bRiQ==
X-Gm-Message-State: AOJu0Yw8Yt/PE34O/51PrxsVLaMwdXsb8Aeo7u+zXBA86e6/HB7ugoUA
 e8YfGCBiiBue8jdfaRbyv/486XQDnUHrfO7Fc2oLWcjvK1cNbOPfZr/j82N4qZsX1ZbZbz/Rspe
 O656Nmu2M8QXGNoR/dusmLuFXpbp+oDA7Aos+Mps6
X-Google-Smtp-Source: AGHT+IFPOIiKjvI/KXKHNStlH+A9OvnbSCWgPBIqMCDXDU427i13FcII9mC5VkqJ0b/U+CV+6YXxLfW14voV
X-Received: by 2002:a05:6214:534a:b0:6a0:b3de:e3ad with SMTP id
 6a1803df08f44-6a168235dbemr314932656d6.55.1715977715901; 
 Fri, 17 May 2024 13:28:35 -0700 (PDT)
Received: from postal.iol.unh.edu (postal.iol.unh.edu. [132.177.123.84])
 by smtp-relay.gmail.com with ESMTPS id
 6a1803df08f44-6a15f1b85ecsm12458736d6.28.2024.05.17.13.28.35
 (version=TLS1_2 cipher=ECDHE-ECDSA-AES128-GCM-SHA256 bits=128/128);
 Fri, 17 May 2024 13:28:35 -0700 (PDT)
X-Relaying-Domain: iol.unh.edu
Date: Fri, 17 May 2024 13:28:35 -0700 (PDT)
Message-ID: <6647bdf3.d40a0220.e7ccb.4da5SMTPIN_ADDED_MISSING@mx.google.com>
Received: from [172.21.0.6] (unknown [172.18.0.240])
 by postal.iol.unh.edu (Postfix) with ESMTP id 96C36605C373;
 Fri, 17 May 2024 16:28:35 -0400 (EDT)
Subject: |FAILURE| pw140171-140172 [PATCH] [v1,2/2] app/testpmd: introduce VX
From: dpdklab@iol.unh.edu
To: Test Report <test-report@dpdk.org>
Cc: dpdk-test-reports@iol.unh.edu, Gavin Li <gavinl@nvidia.com>
In-Reply-To: <20240517080735.1787616-3-gavinl@nvidia.com>
References: <20240517080735.1787616-3-gavinl@nvidia.com>
Content-Type: text/plain
X-BeenThere: test-report@dpdk.org
X-Mailman-Version: 2.1.29
Precedence: list
List-Id: automatic DPDK test reports <test-report.dpdk.org>
List-Unsubscribe: <https://mails.dpdk.org/options/test-report>,
 <mailto:test-report-request@dpdk.org?subject=unsubscribe>
List-Archive: <http://mails.dpdk.org/archives/test-report/>
List-Post: <mailto:test-report@dpdk.org>
List-Help: <mailto:test-report-request@dpdk.org?subject=help>
List-Subscribe: <https://mails.dpdk.org/listinfo/test-report>,
 <mailto:test-report-request@dpdk.org?subject=subscribe>
Errors-To: test-report-bounces@dpdk.org

Test-Label: iol-unit-amd64-testing
Test-Status: FAILURE
http://dpdk.org/patch/140172

_Testing issues_

Submitter: Gavin Li <gavinl@nvidia.com>
Date: Friday, May 17 2024 08:07:35 
DPDK git baseline: Repo:dpdk
  Branch: master
  CommitID:baa8e2c6b4d7ce289e891b9c96fb3193311c0f01

140171-140172 --> testing fail

Test environment and result as below:

+---------------------+----------------+
|     Environment     | dpdk_unit_test |
+=====================+================+
| CentOS Stream 8     | PASS           |
+---------------------+----------------+
| Windows Server 2019 | PASS           |
+---------------------+----------------+
| Debian 12           | FAIL           |
+---------------------+----------------+
| Debian Bullseye     | PASS           |
+---------------------+----------------+
| CentOS Stream 9     | PASS           |
+---------------------+----------------+
| Fedora 38           | PASS           |
+---------------------+----------------+
| Fedora 39           | PASS           |
+---------------------+----------------+
| Windows Server 2022 | PASS           |
+---------------------+----------------+
| RHEL8               | PASS           |
+---------------------+----------------+
| Ubuntu 20.04        | PASS           |
+---------------------+----------------+
| openSUSE Leap 15    | PASS           |
+---------------------+----------------+
| Fedora 37           | PASS           |
+---------------------+----------------+
| Ubuntu 22.04        | PASS           |
+---------------------+----------------+

==== 20 line log output for Debian 12 (dpdk_unit_test): ====

CentOS Stream 8
	Kernel: 5.4.0-167-generic
	Compiler: gcc 8.5.0 20210514

Windows Server 2019
	Kernel: 10.0.17763
	Compiler: clang 14.0 and gcc 8.1.0 (MinGW)

Debian 12
	Kernel: Container Host Kernel
	Compiler: gcc 10.2.1

Debian Bullseye
	Kernel: 5.4.0-167-generic
	Compiler: gcc 10.2.1-6

CentOS Stream 9
	Kernel: 5.4.0-167-generic
	Compiler: gcc 11.4.1 20230605

Fedora 38
	Kernel: Depends on container host
	Compiler: gcc 13.2.1

Fedora 39
	Kernel: Depends on container host
	Compiler: gcc 13.2.1

Windows Server 2022
	Kernel: 10.0.20348.2031
	Compiler: clang 15.0.7, gcc 8.1.0 (MinGW), and MSVC VS 17.9

RHEL8
	Kernel: 5.4.0-167-generic
	Compiler: gcc 8.5.0 20210514 (Red Hat 8.5.0-20)

Ubuntu 20.04
	Kernel: 5.4.0-167-generic
	Compiler: gcc 9.4.0-1ubuntu1~20.04.1

openSUSE Leap 15
	Kernel: 5.4.0-167-generic
	Compiler: gcc 7.5.0

Fedora 37
	Kernel: Depends on container host system
	Compiler: gcc 12.3.1

Ubuntu 22.04
	Kernel: 5.4.0-167-generic
	Compiler: gcc 11.4.0

To view detailed results, visit:
https://lab.dpdk.org/results/dashboard/patchsets/29975/

UNH-IOL DPDK Community Lab

To manage your email subscriptions, visit: 
https://lab.dpdk.org/results/dashboard/preferences/subscriptions/