From mboxrd@z Thu Jan  1 00:00:00 1970
Return-Path: <test-report-bounces@dpdk.org>
Received: from mails.dpdk.org (mails.dpdk.org [217.70.189.124])
	by inbox.dpdk.org (Postfix) with ESMTP id 328D544079
	for <public@inbox.dpdk.org>; Mon, 20 May 2024 19:46:58 +0200 (CEST)
Received: from mails.dpdk.org (localhost [127.0.0.1])
	by mails.dpdk.org (Postfix) with ESMTP id 2AC5940649;
	Mon, 20 May 2024 19:46:58 +0200 (CEST)
Received: from mail-yw1-f226.google.com (mail-yw1-f226.google.com
 [209.85.128.226])
 by mails.dpdk.org (Postfix) with ESMTP id 1B755402CD
 for <test-report@dpdk.org>; Mon, 20 May 2024 19:46:56 +0200 (CEST)
Received: by mail-yw1-f226.google.com with SMTP id
 00721157ae682-61e0c1ec7e2so21685117b3.0
 for <test-report@dpdk.org>; Mon, 20 May 2024 10:46:56 -0700 (PDT)
DKIM-Signature: v=1; a=rsa-sha256; c=relaxed/relaxed;
 d=iol.unh.edu; s=unh-iol; t=1716227215; x=1716832015; darn=dpdk.org;
 h=references:in-reply-to:cc:to:from:subject:message-id:date:from:to
 :cc:subject:date:message-id:reply-to;
 bh=vvK4iPp4fNOh8c8JEC7fKz2FMBPEWrhXUcIO2Gu2mHs=;
 b=co2jw9MYl2InzLKPXRgmqj6zyD+i95YI/2ZTGuW3fuSCZDxK7Q4J79dbHXQcgDTDXG
 NZu2X1Ckprn4s+/JhTcN+WLS2nwsYdvXC98kNt9en14s5QzJt6a0mpNal+f8di0HvO74
 +JQDWhFGJU7+HnGwryxNQpBk073MOplRQ4sL8=
X-Google-DKIM-Signature: v=1; a=rsa-sha256; c=relaxed/relaxed;
 d=1e100.net; s=20230601; t=1716227215; x=1716832015;
 h=references:in-reply-to:cc:to:from:subject:message-id:date
 :x-gm-message-state:from:to:cc:subject:date:message-id:reply-to;
 bh=vvK4iPp4fNOh8c8JEC7fKz2FMBPEWrhXUcIO2Gu2mHs=;
 b=s3BPjucBNUMDSeg469aI+1nLwAC19Qx0S3n6X+r8mvguA1zWbMlzXUdtaj7J08pH7g
 S2GFn3Mqjx2bKAvzAO465lyhpTzPZUnT0i25HTWTSlBP+tEWNAFJ6iMMFHmY/ijigoZ5
 3Uq7RnY7myO4NFqVj8LwogUj1r8hpmsjYto/E55Enimy626j2fokyW1y1olvSml5kkrW
 MPvHTJHwY+bDjvEFKPu9OCfG2vSTh9zK/T5de9kZs+5AM+72y2egwDkaF6okrJwah67X
 igx2rbp9xBVA0gEfxHCstTQ4baSQLVUgN7A5G5QdgJPhGZLedPyrzD4r2BFSHeWArAC+
 N05Q==
X-Gm-Message-State: AOJu0YzI3k37aRuN25z1INMCKnIPrVGa+LBuHnBCOak91FQ10yWd4AD7
 N+PHitmxnmUC8LcBQvh1B0fELcPpxOTg48yJL/IpLI0YShwUEzV0ZmMQD5lec+Ojz3qeKqMnf/T
 VSER/3up/71zcavoQ9Bggf0438KoUQdaLeeLa9H6I
X-Google-Smtp-Source: AGHT+IGW0wKx2a0WQ4XoMN+StgLFiUCDaXY8TXSAW8cl8mA5CCYfbXgDYYuzEAJrV4Ij9msSb4HBsgIdsEU1
X-Received: by 2002:a0d:d704:0:b0:618:a587:7a41 with SMTP id
 00721157ae682-62797260fedmr53197247b3.16.1716227214838; 
 Mon, 20 May 2024 10:46:54 -0700 (PDT)
Received: from postal.iol.unh.edu (postal.iol.unh.edu. [132.177.123.84])
 by smtp-relay.gmail.com with ESMTPS id
 00721157ae682-625538c24f2sm11011517b3.30.2024.05.20.10.46.54
 (version=TLS1_2 cipher=ECDHE-ECDSA-AES128-GCM-SHA256 bits=128/128);
 Mon, 20 May 2024 10:46:54 -0700 (PDT)
X-Relaying-Domain: iol.unh.edu
Date: Mon, 20 May 2024 10:46:54 -0700 (PDT)
Message-ID: <664b8c8e.0d0a0220.5b43f.a277SMTPIN_ADDED_MISSING@mx.google.com>
Received: from [172.17.0.2] (unknown [172.18.0.217])
 by postal.iol.unh.edu (Postfix) with ESMTP id 7829E605C380;
 Mon, 20 May 2024 13:46:54 -0400 (EDT)
Subject: |FAILURE| pw140184 [PATCH] net/mlx5/hws: add support for NVGRE match
From: dpdklab@iol.unh.edu
To: Test Report <test-report@dpdk.org>
Cc: dpdk-test-reports@iol.unh.edu, Dong Zhou <dongzhou@nvidia.com>
In-Reply-To: <20240520062524.2401676-1-dongzhou@nvidia.com>
References: <20240520062524.2401676-1-dongzhou@nvidia.com>
Content-Type: text/plain
X-BeenThere: test-report@dpdk.org
X-Mailman-Version: 2.1.29
Precedence: list
List-Id: automatic DPDK test reports <test-report.dpdk.org>
List-Unsubscribe: <https://mails.dpdk.org/options/test-report>,
 <mailto:test-report-request@dpdk.org?subject=unsubscribe>
List-Archive: <http://mails.dpdk.org/archives/test-report/>
List-Post: <mailto:test-report@dpdk.org>
List-Help: <mailto:test-report-request@dpdk.org?subject=help>
List-Subscribe: <https://mails.dpdk.org/listinfo/test-report>,
 <mailto:test-report-request@dpdk.org?subject=subscribe>
Errors-To: test-report-bounces@dpdk.org

Test-Label: iol-compile-amd64-testing
Test-Status: FAILURE
http://dpdk.org/patch/140184

_Testing issues_

Submitter: Dong Zhou <dongzhou@nvidia.com>
Date: Monday, May 20 2024 06:25:24 
DPDK git baseline: Repo:dpdk
  Branch: master
  CommitID:7c0b8f196f0593ff2cb32a59332beea20a1ce5dc

140184 --> testing fail

Test environment and result as below:

+---------------------+----------------------+--------------------+-------------------+------------------+
|     Environment     | dpdk_mingw64_compile | dpdk_meson_compile | dpdk_msvc_compile | dpdk_compile_ovs |
+=====================+======================+====================+===================+==================+
| Windows Server 2022 | PASS                 | PASS               | PASS              | SKIPPED          |
+---------------------+----------------------+--------------------+-------------------+------------------+
| Windows Server 2019 | PASS                 | PASS               | SKIPPED           | SKIPPED          |
+---------------------+----------------------+--------------------+-------------------+------------------+
| FreeBSD 13.3        | SKIPPED              | PASS               | SKIPPED           | SKIPPED          |
+---------------------+----------------------+--------------------+-------------------+------------------+
| Debian Bullseye     | SKIPPED              | PASS               | SKIPPED           | PASS             |
+---------------------+----------------------+--------------------+-------------------+------------------+
| Debian 12           | SKIPPED              | PASS               | SKIPPED           | PASS             |
+---------------------+----------------------+--------------------+-------------------+------------------+
| FreeBSD 14.0        | SKIPPED              | PASS               | SKIPPED           | SKIPPED          |
+---------------------+----------------------+--------------------+-------------------+------------------+
| CentOS Stream 9     | SKIPPED              | PASS               | SKIPPED           | PASS             |
+---------------------+----------------------+--------------------+-------------------+------------------+
| CentOS Stream 8     | SKIPPED              | PASS               | SKIPPED           | PASS             |
+---------------------+----------------------+--------------------+-------------------+------------------+
| Fedora 37           | SKIPPED              | PASS               | SKIPPED           | PASS             |
+---------------------+----------------------+--------------------+-------------------+------------------+
| Alpine              | SKIPPED              | FAIL               | SKIPPED           | SKIPPED          |
+---------------------+----------------------+--------------------+-------------------+------------------+
| openSUSE Leap 15    | SKIPPED              | PASS               | SKIPPED           | PASS             |
+---------------------+----------------------+--------------------+-------------------+------------------+
| Ubuntu 22.04        | SKIPPED              | PASS               | SKIPPED           | PASS             |
+---------------------+----------------------+--------------------+-------------------+------------------+
| RHEL8               | SKIPPED              | PASS               | SKIPPED           | PASS             |
+---------------------+----------------------+--------------------+-------------------+------------------+
| Fedora 39           | SKIPPED              | PASS               | SKIPPED           | SKIPPED          |
+---------------------+----------------------+--------------------+-------------------+------------------+

==== 20 line log output for Alpine (dpdk_meson_compile): ====

Windows Server 2022
	Kernel: 10.0.20348.2031
	Compiler: clang 15.0.7, gcc 8.1.0 (MinGW), and MSVC VS 17.9

Windows Server 2019
	Kernel: 10.0.17763
	Compiler: clang 14.0 and gcc 8.1.0 (MinGW)

FreeBSD 13.3
	Kernel: 13.3-RELEASE-p1
	Compiler: clang 17.0.6

Debian Bullseye
	Kernel: 5.4.0-167-generic
	Compiler: gcc 10.2.1-6

Debian 12
	Kernel: Container Host Kernel
	Compiler: gcc 10.2.1

FreeBSD 14.0
	Kernel: 14.0
	Compiler: clang 16.0.6

CentOS Stream 9
	Kernel: 5.4.0-167-generic
	Compiler: gcc 11.4.1 20230605

CentOS Stream 8
	Kernel: 5.4.0-167-generic
	Compiler: gcc 8.5.0 20210514

Fedora 37
	Kernel: Depends on container host system
	Compiler: gcc 12.3.1

Alpine
	Kernel: 5.4.0-167-generic
	Compiler: gcc (Alpine 13.2.1_git20231014) 13.2.1 20231014

openSUSE Leap 15
	Kernel: 5.4.0-167-generic
	Compiler: gcc 7.5.0

Ubuntu 22.04
	Kernel: 5.4.0-167-generic
	Compiler: gcc 11.4.0

RHEL8
	Kernel: 5.4.0-167-generic
	Compiler: gcc 8.5.0 20210514 (Red Hat 8.5.0-20)

Fedora 39
	Kernel: Depends on container host
	Compiler: clang 17.0.6

To view detailed results, visit:
https://lab.dpdk.org/results/dashboard/patchsets/29978/

UNH-IOL DPDK Community Lab

To manage your email subscriptions, visit: 
https://lab.dpdk.org/results/dashboard/preferences/subscriptions/