From: dpdklab@iol.unh.edu
To: Test Report <test-report@dpdk.org>
Cc: dpdk-test-reports@iol.unh.edu, Xueming Li <xuemingl@nvidia.com>,
Christian Ehrhardt <christian.ehrhardt@canonical.com>,
Kevin Traynor <ktraynor@redhat.com>,
Luca Boccassi <bluca@debian.org>
Subject: |FAILURE| [GIT MASTER] a6ec5765cf83d3d58cbd6d4ed5b92b4a06f8a808
Date: Mon, 27 May 2024 22:05:14 -0700 (PDT) [thread overview]
Message-ID: <6655660a.050a0220.d0669.0ea6SMTPIN_ADDED_MISSING@mx.google.com> (raw)
_Testing issues_
Branch: tags/v23.11
a6ec5765cf83d3d58cbd6d4ed5b92b4a06f8a808 --> testing fail
Test environment and result as below:
+---------------------+--------------------+----------------------+-------------------+------------------+
| Environment | dpdk_meson_compile | dpdk_mingw64_compile | dpdk_msvc_compile | dpdk_compile_ovs |
+=====================+====================+======================+===================+==================+
| FreeBSD 13.3 | PASS | SKIPPED | SKIPPED | SKIPPED |
+---------------------+--------------------+----------------------+-------------------+------------------+
| Windows Server 2022 | PASS | PASS | PASS | SKIPPED |
+---------------------+--------------------+----------------------+-------------------+------------------+
| Windows Server 2019 | PASS | PASS | SKIPPED | SKIPPED |
+---------------------+--------------------+----------------------+-------------------+------------------+
| FreeBSD 14.0 | PASS | SKIPPED | SKIPPED | SKIPPED |
+---------------------+--------------------+----------------------+-------------------+------------------+
| CentOS Stream 8 | PASS | SKIPPED | SKIPPED | PASS |
+---------------------+--------------------+----------------------+-------------------+------------------+
| Fedora 38 | PASS | SKIPPED | SKIPPED | PASS |
+---------------------+--------------------+----------------------+-------------------+------------------+
| openSUSE Leap 15 | PASS | SKIPPED | SKIPPED | PASS |
+---------------------+--------------------+----------------------+-------------------+------------------+
| Debian Bullseye | PASS | SKIPPED | SKIPPED | PASS |
+---------------------+--------------------+----------------------+-------------------+------------------+
| Ubuntu 20.04 | PASS | SKIPPED | SKIPPED | PASS |
+---------------------+--------------------+----------------------+-------------------+------------------+
| Ubuntu 22.04 | PASS | SKIPPED | SKIPPED | PASS |
+---------------------+--------------------+----------------------+-------------------+------------------+
| Debian 12 | PASS | SKIPPED | SKIPPED | PASS |
+---------------------+--------------------+----------------------+-------------------+------------------+
| CentOS Stream 9 | PASS | SKIPPED | SKIPPED | PASS |
+---------------------+--------------------+----------------------+-------------------+------------------+
| Fedora 39 | PASS | SKIPPED | SKIPPED | PASS |
+---------------------+--------------------+----------------------+-------------------+------------------+
| RHEL8 | PASS | SKIPPED | SKIPPED | PASS |
+---------------------+--------------------+----------------------+-------------------+------------------+
| Alpine | FAIL | SKIPPED | SKIPPED | SKIPPED |
+---------------------+--------------------+----------------------+-------------------+------------------+
| Fedora 37 | PASS | SKIPPED | SKIPPED | PASS |
+---------------------+--------------------+----------------------+-------------------+------------------+
==== 20 line log output for Alpine (dpdk_meson_compile): ====
FreeBSD 13.3
Kernel: 13.3-RELEASE-p1
Compiler: clang 17.0.6
Windows Server 2022
Kernel: 10.0.20348.2031
Compiler: clang 15.0.7, gcc 8.1.0 (MinGW), and MSVC VS 17.9
Windows Server 2019
Kernel: 10.0.17763
Compiler: clang 14.0 and gcc 8.1.0 (MinGW)
FreeBSD 14.0
Kernel: 14.0
Compiler: clang 16.0.6
CentOS Stream 8
Kernel: 5.4.0-167-generic
Compiler: gcc 8.5.0 20210514
Fedora 38
Kernel: Depends on container host
Compiler: clang 16.0.6
openSUSE Leap 15
Kernel: 5.4.0-167-generic
Compiler: gcc 7.5.0
Debian Bullseye
Kernel: 5.4.0-167-generic
Compiler: gcc 10.2.1-6
Ubuntu 20.04
Kernel: 5.4.0-167-generic
Compiler: gcc 9.4.0-1ubuntu1~20.04.1
Ubuntu 22.04
Kernel: 5.4.0-167-generic
Compiler: gcc 11.4.0
Debian 12
Kernel: Container Host Kernel
Compiler: gcc 10.2.1
CentOS Stream 9
Kernel: 5.4.0-167-generic
Compiler: gcc 11.4.1 20230605
Fedora 39
Kernel: Depends on container host
Compiler: clang 17.0.6
RHEL8
Kernel: 5.4.0-167-generic
Compiler: gcc 8.5.0 20210514 (Red Hat 8.5.0-20)
Alpine
Kernel: 5.4.0-167-generic
Compiler: gcc (Alpine 13.2.1_git20231014) 13.2.1 20231014
Fedora 37
Kernel: Depends on container host system
Compiler: gcc 12.3.1
To view detailed results, visit:
https://lab.dpdk.org/results/dashboard/tarballs/29222/
UNH-IOL DPDK Community Lab
To manage your email subscriptions, visit:
https://lab.dpdk.org/results/dashboard/preferences/subscriptions/
next reply other threads:[~2024-05-28 5:05 UTC|newest]
Thread overview: 1919+ messages / expand[flat|nested] mbox.gz Atom feed top
2024-05-28 5:05 dpdklab [this message]
2024-06-14 6:14 dpdklab
2024-06-14 6:15 dpdklab
2024-06-14 6:19 dpdklab
2024-06-14 6:21 dpdklab
2024-06-14 6:30 dpdklab
2024-06-14 6:39 dpdklab
2024-06-14 6:40 dpdklab
2024-06-14 6:41 dpdklab
2024-06-14 6:41 dpdklab
2024-06-14 6:42 dpdklab
2024-06-14 6:43 dpdklab
2024-06-14 6:44 dpdklab
2024-06-14 6:44 dpdklab
2024-06-14 7:01 dpdklab
2024-06-14 7:13 dpdklab
2024-06-15 5:45 dpdklab
2024-06-15 5:46 dpdklab
2024-06-15 5:47 dpdklab
2024-06-15 5:48 dpdklab
2024-06-15 5:48 dpdklab
2024-06-15 5:51 dpdklab
2024-06-15 5:51 dpdklab
2024-06-15 5:54 dpdklab
2024-06-15 5:55 dpdklab
2024-06-15 5:56 dpdklab
2024-06-15 5:57 dpdklab
2024-06-15 5:57 dpdklab
2024-06-15 5:58 dpdklab
2024-06-15 5:58 dpdklab
2024-06-15 5:59 dpdklab
2024-06-15 6:00 dpdklab
2024-06-15 6:01 dpdklab
2024-06-15 6:01 dpdklab
2024-06-15 6:01 dpdklab
2024-06-15 6:01 dpdklab
2024-06-15 6:02 dpdklab
2024-06-15 6:02 dpdklab
2024-06-15 6:02 dpdklab
2024-06-15 6:03 dpdklab
2024-06-15 6:03 dpdklab
2024-06-15 6:03 dpdklab
2024-06-15 6:04 dpdklab
2024-06-15 6:04 dpdklab
2024-06-15 6:05 dpdklab
2024-06-15 6:06 dpdklab
2024-06-15 6:08 dpdklab
2024-06-15 6:11 dpdklab
2024-06-15 6:11 dpdklab
2024-06-15 6:11 dpdklab
2024-06-15 6:11 dpdklab
2024-06-15 6:12 dpdklab
2024-06-15 6:12 dpdklab
2024-06-15 6:13 dpdklab
2024-06-15 6:13 dpdklab
2024-06-15 6:13 dpdklab
2024-06-15 6:14 dpdklab
2024-06-15 6:17 dpdklab
2024-06-15 6:19 dpdklab
2024-06-15 6:19 dpdklab
2024-06-15 6:24 dpdklab
2024-06-15 6:30 dpdklab
2024-06-15 6:44 dpdklab
2024-06-15 6:47 dpdklab
2024-06-15 6:53 dpdklab
2024-06-15 6:53 dpdklab
2024-06-15 7:07 dpdklab
2024-06-15 8:21 dpdklab
2024-06-15 9:02 dpdklab
2024-06-16 4:41 dpdklab
2024-06-16 4:48 dpdklab
2024-06-16 4:50 dpdklab
2024-06-16 4:50 dpdklab
2024-06-16 4:51 dpdklab
2024-06-16 4:59 dpdklab
2024-06-16 5:03 dpdklab
2024-06-16 5:05 dpdklab
2024-06-16 5:05 dpdklab
2024-06-16 5:06 dpdklab
2024-06-16 5:06 dpdklab
2024-06-16 5:07 dpdklab
2024-06-16 5:07 dpdklab
2024-06-16 5:08 dpdklab
2024-06-16 5:09 dpdklab
2024-06-16 5:09 dpdklab
2024-06-16 5:10 dpdklab
2024-06-16 5:10 dpdklab
2024-06-16 5:10 dpdklab
2024-06-16 5:10 dpdklab
2024-06-16 5:11 dpdklab
2024-06-16 5:11 dpdklab
2024-06-16 5:12 dpdklab
2024-06-16 5:13 dpdklab
2024-06-16 5:13 dpdklab
2024-06-16 5:13 dpdklab
2024-06-16 5:14 dpdklab
2024-06-16 5:22 dpdklab
2024-06-16 5:22 dpdklab
2024-06-16 5:23 dpdklab
2024-06-16 5:23 dpdklab
2024-06-16 5:23 dpdklab
2024-06-16 5:33 dpdklab
2024-06-16 5:36 dpdklab
2024-06-16 5:36 dpdklab
2024-06-16 5:39 dpdklab
2024-06-16 5:44 dpdklab
2024-06-16 6:10 dpdklab
2024-06-16 6:11 dpdklab
2024-06-16 6:11 dpdklab
2024-06-16 6:13 dpdklab
2024-06-16 6:14 dpdklab
2024-06-16 6:14 dpdklab
2024-06-16 7:03 dpdklab
2024-06-16 7:15 dpdklab
2024-06-16 7:42 dpdklab
2024-06-16 7:45 dpdklab
2024-06-17 6:08 dpdklab
2024-06-17 6:09 dpdklab
2024-06-17 6:11 dpdklab
2024-06-17 6:12 dpdklab
2024-06-17 6:12 dpdklab
2024-06-17 6:13 dpdklab
2024-06-17 6:14 dpdklab
2024-06-17 6:17 dpdklab
2024-06-17 6:18 dpdklab
2024-06-17 6:19 dpdklab
2024-06-17 6:19 dpdklab
2024-06-17 6:24 dpdklab
2024-06-17 6:25 dpdklab
2024-06-17 6:36 dpdklab
2024-06-17 6:39 dpdklab
2024-06-17 6:39 dpdklab
2024-06-17 6:40 dpdklab
2024-06-17 6:41 dpdklab
2024-06-17 6:42 dpdklab
2024-06-17 6:42 dpdklab
2024-06-17 6:45 dpdklab
2024-06-17 6:46 dpdklab
2024-06-17 6:46 dpdklab
2024-06-17 6:47 dpdklab
2024-06-17 6:47 dpdklab
2024-06-17 6:48 dpdklab
2024-06-17 6:48 dpdklab
2024-06-17 6:48 dpdklab
2024-06-17 7:24 dpdklab
2024-06-17 7:25 dpdklab
2024-06-17 7:26 dpdklab
2024-06-17 7:29 dpdklab
2024-06-17 7:37 dpdklab
2024-06-17 7:41 dpdklab
2024-06-17 7:47 dpdklab
2024-06-17 8:45 dpdklab
2024-06-17 9:35 dpdklab
2024-06-18 5:20 dpdklab
2024-06-18 5:21 dpdklab
2024-06-18 5:21 dpdklab
2024-06-18 5:23 dpdklab
2024-06-18 5:24 dpdklab
2024-06-18 5:30 dpdklab
2024-06-18 5:31 dpdklab
2024-06-18 5:43 dpdklab
2024-06-18 5:43 dpdklab
2024-06-18 5:44 dpdklab
2024-06-18 5:44 dpdklab
2024-06-18 5:45 dpdklab
2024-06-18 5:45 dpdklab
2024-06-18 5:45 dpdklab
2024-06-18 5:46 dpdklab
2024-06-18 5:46 dpdklab
2024-06-18 5:46 dpdklab
2024-06-18 5:46 dpdklab
2024-06-18 5:48 dpdklab
2024-06-18 5:48 dpdklab
2024-06-18 5:50 dpdklab
2024-06-18 5:50 dpdklab
2024-06-18 5:50 dpdklab
2024-06-18 5:52 dpdklab
2024-06-18 5:53 dpdklab
2024-06-18 5:54 dpdklab
2024-06-18 5:55 dpdklab
2024-06-18 5:55 dpdklab
2024-06-18 5:55 dpdklab
2024-06-18 5:56 dpdklab
2024-06-18 5:58 dpdklab
2024-06-18 6:01 dpdklab
2024-06-18 6:06 dpdklab
2024-06-18 6:15 dpdklab
2024-06-18 6:16 dpdklab
2024-06-18 6:17 dpdklab
2024-06-18 6:46 dpdklab
2024-06-18 6:48 dpdklab
2024-06-18 6:48 dpdklab
2024-06-18 6:49 dpdklab
2024-06-18 6:50 dpdklab
2024-06-18 6:52 dpdklab
2024-06-18 6:53 dpdklab
2024-06-18 6:54 dpdklab
2024-06-18 6:56 dpdklab
2024-06-18 6:56 dpdklab
2024-06-18 6:57 dpdklab
2024-06-18 7:04 dpdklab
2024-06-18 7:05 dpdklab
2024-06-18 7:05 dpdklab
2024-06-18 7:07 dpdklab
2024-06-18 7:08 dpdklab
2024-06-18 7:10 dpdklab
2024-06-18 7:11 dpdklab
2024-06-18 7:12 dpdklab
2024-06-18 7:14 dpdklab
2024-06-18 7:15 dpdklab
2024-06-18 7:16 dpdklab
2024-06-18 7:23 dpdklab
2024-06-18 7:29 dpdklab
2024-06-18 7:49 dpdklab
2024-06-18 11:16 dpdklab
2024-06-18 11:55 dpdklab
2024-06-19 10:33 dpdklab
2024-06-19 10:35 dpdklab
2024-06-19 10:38 dpdklab
2024-06-19 10:40 dpdklab
2024-06-19 10:41 dpdklab
2024-06-19 10:43 dpdklab
2024-06-19 10:47 dpdklab
2024-06-19 10:48 dpdklab
2024-06-19 10:51 dpdklab
2024-06-19 10:54 dpdklab
2024-06-19 10:54 dpdklab
2024-06-19 10:55 dpdklab
2024-06-19 10:56 dpdklab
2024-06-19 10:58 dpdklab
2024-06-19 11:01 dpdklab
2024-06-19 11:02 dpdklab
2024-06-19 11:12 dpdklab
2024-06-19 12:19 dpdklab
2024-06-19 12:19 dpdklab
2024-06-19 12:21 dpdklab
2024-06-19 12:24 dpdklab
2024-06-19 12:25 dpdklab
2024-06-19 12:27 dpdklab
2024-06-19 12:28 dpdklab
2024-06-19 12:28 dpdklab
2024-06-19 12:29 dpdklab
2024-06-19 12:29 dpdklab
2024-06-19 12:31 dpdklab
2024-06-19 12:34 dpdklab
2024-06-19 12:34 dpdklab
2024-06-19 12:35 dpdklab
2024-06-19 12:36 dpdklab
2024-06-19 12:38 dpdklab
2024-06-19 12:40 dpdklab
2024-06-19 12:41 dpdklab
2024-06-19 12:43 dpdklab
2024-06-19 12:45 dpdklab
2024-06-19 12:52 dpdklab
2024-06-19 12:53 dpdklab
2024-06-19 12:58 dpdklab
2024-06-19 13:00 dpdklab
2024-06-19 13:00 dpdklab
2024-06-19 13:01 dpdklab
2024-06-19 13:04 dpdklab
2024-06-19 13:27 dpdklab
2024-06-19 13:29 dpdklab
2024-06-19 13:32 dpdklab
2024-06-19 13:36 dpdklab
2024-06-19 14:21 dpdklab
2024-06-19 15:28 dpdklab
2024-06-19 15:29 dpdklab
2024-06-19 15:29 dpdklab
2024-06-19 15:30 dpdklab
2024-06-19 15:35 dpdklab
2024-06-19 15:35 dpdklab
2024-06-19 20:10 dpdklab
2024-06-19 20:48 dpdklab
2024-06-20 10:18 dpdklab
2024-06-20 10:19 dpdklab
2024-06-20 10:19 dpdklab
2024-06-20 10:21 dpdklab
2024-06-20 10:22 dpdklab
2024-06-20 10:23 dpdklab
2024-06-20 10:25 dpdklab
2024-06-20 10:25 dpdklab
2024-06-20 10:26 dpdklab
2024-06-20 10:26 dpdklab
2024-06-20 10:34 dpdklab
2024-06-20 10:40 dpdklab
2024-06-20 10:52 dpdklab
2024-06-20 10:58 dpdklab
2024-06-20 10:59 dpdklab
2024-06-20 11:01 dpdklab
2024-06-20 11:16 dpdklab
2024-06-20 11:17 dpdklab
2024-06-20 11:18 dpdklab
2024-06-20 11:19 dpdklab
2024-06-20 11:20 dpdklab
2024-06-20 11:49 dpdklab
2024-06-20 11:49 dpdklab
2024-06-20 11:50 dpdklab
2024-06-20 11:51 dpdklab
2024-06-20 12:01 dpdklab
2024-06-20 12:02 dpdklab
2024-06-20 12:02 dpdklab
2024-06-20 12:03 dpdklab
2024-06-20 12:06 dpdklab
2024-06-20 12:06 dpdklab
2024-06-20 12:08 dpdklab
2024-06-20 12:14 dpdklab
2024-06-20 12:16 dpdklab
2024-06-20 12:17 dpdklab
2024-06-20 12:20 dpdklab
2024-06-20 12:23 dpdklab
2024-06-20 12:25 dpdklab
2024-06-20 12:26 dpdklab
2024-06-20 12:27 dpdklab
2024-06-20 12:44 dpdklab
2024-06-20 12:47 dpdklab
2024-06-20 12:50 dpdklab
2024-06-20 12:51 dpdklab
2024-06-20 12:53 dpdklab
2024-06-20 12:55 dpdklab
2024-06-20 12:57 dpdklab
2024-06-20 14:07 dpdklab
2024-06-20 14:07 dpdklab
2024-06-20 14:31 dpdklab
2024-06-20 14:32 dpdklab
2024-06-20 14:49 dpdklab
2024-06-20 14:49 dpdklab
2024-06-20 14:54 dpdklab
2024-06-20 16:45 dpdklab
2024-06-20 17:36 dpdklab
2024-06-21 11:17 dpdklab
2024-06-21 11:21 dpdklab
2024-06-21 11:25 dpdklab
2024-06-21 11:25 dpdklab
2024-06-21 11:28 dpdklab
2024-06-21 11:38 dpdklab
2024-06-21 11:47 dpdklab
2024-06-21 11:51 dpdklab
2024-06-21 11:55 dpdklab
2024-06-21 12:00 dpdklab
2024-06-21 12:01 dpdklab
2024-06-21 12:02 dpdklab
2024-06-21 12:06 dpdklab
2024-06-21 12:06 dpdklab
2024-06-21 12:17 dpdklab
2024-06-21 12:24 dpdklab
2024-06-21 12:26 dpdklab
2024-06-21 12:26 dpdklab
2024-06-21 12:30 dpdklab
2024-06-21 12:31 dpdklab
2024-06-21 12:38 dpdklab
2024-06-21 12:43 dpdklab
2024-06-21 12:44 dpdklab
2024-06-21 12:46 dpdklab
2024-06-21 12:46 dpdklab
2024-06-21 12:47 dpdklab
2024-06-21 12:51 dpdklab
2024-06-21 12:54 dpdklab
2024-06-21 12:55 dpdklab
2024-06-21 12:57 dpdklab
2024-06-21 12:58 dpdklab
2024-06-21 12:59 dpdklab
2024-06-21 12:59 dpdklab
2024-06-21 12:59 dpdklab
2024-06-21 13:03 dpdklab
2024-06-21 13:03 dpdklab
2024-06-21 13:03 dpdklab
2024-06-21 13:03 dpdklab
2024-06-21 13:06 dpdklab
2024-06-21 13:06 dpdklab
2024-06-21 13:07 dpdklab
2024-06-21 13:07 dpdklab
2024-06-21 13:08 dpdklab
2024-06-21 13:08 dpdklab
2024-06-21 13:08 dpdklab
2024-06-21 13:09 dpdklab
2024-06-21 13:09 dpdklab
2024-06-21 13:10 dpdklab
2024-06-21 13:11 dpdklab
2024-06-21 13:11 dpdklab
2024-06-21 13:14 dpdklab
2024-06-21 13:14 dpdklab
2024-06-21 13:15 dpdklab
2024-06-21 13:15 dpdklab
2024-06-21 13:15 dpdklab
2024-06-21 13:16 dpdklab
2024-06-21 13:23 dpdklab
2024-06-21 13:32 dpdklab
2024-06-21 13:43 dpdklab
2024-06-21 13:46 dpdklab
2024-06-21 14:19 dpdklab
2024-06-21 14:31 dpdklab
2024-06-21 14:37 dpdklab
2024-06-21 14:48 dpdklab
2024-06-21 19:38 dpdklab
2024-06-21 19:52 dpdklab
2024-06-22 4:32 dpdklab
2024-06-22 4:34 dpdklab
2024-06-22 4:35 dpdklab
2024-06-22 4:35 dpdklab
2024-06-22 4:36 dpdklab
2024-06-22 4:36 dpdklab
2024-06-22 4:37 dpdklab
2024-06-22 4:44 dpdklab
2024-06-22 4:45 dpdklab
2024-06-22 4:45 dpdklab
2024-06-22 4:45 dpdklab
2024-06-22 4:46 dpdklab
2024-06-22 4:47 dpdklab
2024-06-22 4:47 dpdklab
2024-06-22 4:50 dpdklab
2024-06-22 4:57 dpdklab
2024-06-22 4:58 dpdklab
2024-06-22 4:59 dpdklab
2024-06-22 4:59 dpdklab
2024-06-22 4:59 dpdklab
2024-06-22 5:00 dpdklab
2024-06-22 5:00 dpdklab
2024-06-22 5:00 dpdklab
2024-06-22 5:01 dpdklab
2024-06-22 5:02 dpdklab
2024-06-22 5:02 dpdklab
2024-06-22 5:04 dpdklab
2024-06-22 5:24 dpdklab
2024-06-22 5:24 dpdklab
2024-06-22 5:24 dpdklab
2024-06-22 5:25 dpdklab
2024-06-22 5:27 dpdklab
2024-06-22 5:27 dpdklab
2024-06-22 5:30 dpdklab
2024-06-22 5:31 dpdklab
2024-06-22 5:33 dpdklab
2024-06-22 5:34 dpdklab
2024-06-22 5:35 dpdklab
2024-06-22 5:36 dpdklab
2024-06-22 5:38 dpdklab
2024-06-22 5:41 dpdklab
2024-06-22 5:42 dpdklab
2024-06-22 5:43 dpdklab
2024-06-22 5:43 dpdklab
2024-06-22 5:45 dpdklab
2024-06-22 5:46 dpdklab
2024-06-22 5:48 dpdklab
2024-06-22 5:49 dpdklab
2024-06-22 5:49 dpdklab
2024-06-22 5:54 dpdklab
2024-06-22 6:03 dpdklab
2024-06-22 6:35 dpdklab
2024-06-22 7:09 dpdklab
2024-06-22 7:37 dpdklab
2024-06-23 5:16 dpdklab
2024-06-23 5:16 dpdklab
2024-06-23 5:16 dpdklab
2024-06-23 5:17 dpdklab
2024-06-23 5:17 dpdklab
2024-06-23 5:17 dpdklab
2024-06-23 5:18 dpdklab
2024-06-23 5:18 dpdklab
2024-06-23 5:18 dpdklab
2024-06-23 5:18 dpdklab
2024-06-23 5:18 dpdklab
2024-06-23 5:18 dpdklab
2024-06-23 5:18 dpdklab
2024-06-23 5:20 dpdklab
2024-06-23 5:20 dpdklab
2024-06-23 5:21 dpdklab
2024-06-23 5:21 dpdklab
2024-06-23 5:21 dpdklab
2024-06-23 5:22 dpdklab
2024-06-23 5:22 dpdklab
2024-06-23 5:23 dpdklab
2024-06-23 5:23 dpdklab
2024-06-23 5:23 dpdklab
2024-06-23 5:23 dpdklab
2024-06-23 5:24 dpdklab
2024-06-23 5:25 dpdklab
2024-06-23 5:25 dpdklab
2024-06-23 5:26 dpdklab
2024-06-23 5:27 dpdklab
2024-06-23 5:27 dpdklab
2024-06-23 5:27 dpdklab
2024-06-23 5:28 dpdklab
2024-06-23 5:28 dpdklab
2024-06-23 5:28 dpdklab
2024-06-23 5:29 dpdklab
2024-06-23 5:30 dpdklab
2024-06-23 5:31 dpdklab
2024-06-23 5:32 dpdklab
2024-06-23 5:34 dpdklab
2024-06-23 5:34 dpdklab
2024-06-23 5:35 dpdklab
2024-06-23 5:35 dpdklab
2024-06-23 5:35 dpdklab
2024-06-23 5:36 dpdklab
2024-06-23 5:36 dpdklab
2024-06-23 5:37 dpdklab
2024-06-23 5:37 dpdklab
2024-06-23 5:39 dpdklab
2024-06-23 5:40 dpdklab
2024-06-23 5:40 dpdklab
2024-06-23 5:41 dpdklab
2024-06-23 5:45 dpdklab
2024-06-23 5:46 dpdklab
2024-06-23 5:47 dpdklab
2024-06-23 5:48 dpdklab
2024-06-23 5:49 dpdklab
2024-06-23 5:49 dpdklab
2024-06-23 5:49 dpdklab
2024-06-23 5:49 dpdklab
2024-06-23 5:49 dpdklab
2024-06-23 5:50 dpdklab
2024-06-23 5:50 dpdklab
2024-06-23 5:51 dpdklab
2024-06-23 5:51 dpdklab
2024-06-23 5:52 dpdklab
2024-06-23 5:52 dpdklab
2024-06-23 5:53 dpdklab
2024-06-23 5:53 dpdklab
2024-06-23 5:55 dpdklab
2024-06-23 5:58 dpdklab
2024-06-23 5:59 dpdklab
2024-06-23 6:12 dpdklab
2024-06-23 6:15 dpdklab
2024-06-23 6:18 dpdklab
2024-06-23 6:27 dpdklab
2024-06-23 6:31 dpdklab
2024-06-23 7:37 dpdklab
2024-06-24 6:02 dpdklab
2024-06-24 6:04 dpdklab
2024-06-24 6:07 dpdklab
2024-06-24 6:12 dpdklab
2024-06-24 6:13 dpdklab
2024-06-24 6:13 dpdklab
2024-06-24 6:14 dpdklab
2024-06-24 6:16 dpdklab
2024-06-24 6:18 dpdklab
2024-06-24 6:20 dpdklab
2024-06-24 6:30 dpdklab
2024-06-24 6:36 dpdklab
2024-06-24 6:37 dpdklab
2024-06-24 6:42 dpdklab
2024-06-24 6:44 dpdklab
2024-06-24 6:46 dpdklab
2024-06-24 7:00 dpdklab
2024-06-24 7:01 dpdklab
2024-06-24 7:01 dpdklab
2024-06-24 7:10 dpdklab
2024-06-24 7:31 dpdklab
2024-06-24 7:44 dpdklab
2024-06-24 7:55 dpdklab
2024-06-24 7:56 dpdklab
2024-06-24 8:00 dpdklab
2024-06-24 8:01 dpdklab
2024-06-24 8:03 dpdklab
2024-06-24 8:04 dpdklab
2024-06-24 8:09 dpdklab
2024-06-24 8:22 dpdklab
2024-06-24 8:30 dpdklab
2024-06-24 8:32 dpdklab
2024-06-24 8:33 dpdklab
2024-06-24 8:37 dpdklab
2024-06-24 8:41 dpdklab
2024-06-24 8:44 dpdklab
2024-06-24 8:46 dpdklab
2024-06-24 8:47 dpdklab
2024-06-24 8:48 dpdklab
2024-06-24 8:50 dpdklab
2024-06-24 8:52 dpdklab
2024-06-24 8:54 dpdklab
2024-06-24 8:57 dpdklab
2024-06-24 9:10 dpdklab
2024-06-24 9:57 dpdklab
2024-06-24 10:01 dpdklab
2024-06-24 10:30 dpdklab
2024-06-24 10:58 dpdklab
2024-06-25 11:09 dpdklab
2024-06-25 11:12 dpdklab
2024-06-25 11:18 dpdklab
2024-06-25 11:31 dpdklab
2024-06-25 11:46 dpdklab
2024-06-25 11:53 dpdklab
2024-06-25 11:56 dpdklab
2024-06-25 11:56 dpdklab
2024-06-25 12:13 dpdklab
2024-06-25 12:16 dpdklab
2024-06-25 12:18 dpdklab
2024-06-25 12:27 dpdklab
2024-06-25 12:27 dpdklab
2024-06-25 12:30 dpdklab
2024-06-25 12:33 dpdklab
2024-06-25 12:34 dpdklab
2024-06-25 12:38 dpdklab
2024-06-25 12:39 dpdklab
2024-06-25 12:43 dpdklab
2024-06-25 12:46 dpdklab
2024-06-25 12:47 dpdklab
2024-06-25 12:51 dpdklab
2024-06-25 12:54 dpdklab
2024-06-25 12:54 dpdklab
2024-06-25 12:56 dpdklab
2024-06-25 13:05 dpdklab
2024-06-25 13:06 dpdklab
2024-06-25 13:06 dpdklab
2024-06-25 13:08 dpdklab
2024-06-25 13:10 dpdklab
2024-06-25 13:10 dpdklab
2024-06-25 13:11 dpdklab
2024-06-25 13:16 dpdklab
2024-06-25 13:17 dpdklab
2024-06-25 13:21 dpdklab
2024-06-25 13:22 dpdklab
2024-06-25 13:22 dpdklab
2024-06-25 13:23 dpdklab
2024-06-25 13:26 dpdklab
2024-06-25 13:30 dpdklab
2024-06-25 13:34 dpdklab
2024-06-25 13:34 dpdklab
2024-06-25 13:34 dpdklab
2024-06-25 13:35 dpdklab
2024-06-25 13:37 dpdklab
2024-06-25 13:37 dpdklab
2024-06-25 13:38 dpdklab
2024-06-25 13:39 dpdklab
2024-06-25 13:41 dpdklab
2024-06-25 13:42 dpdklab
2024-06-25 13:43 dpdklab
2024-06-25 13:47 dpdklab
2024-06-25 13:47 dpdklab
2024-06-25 13:48 dpdklab
2024-06-25 13:49 dpdklab
2024-06-25 13:50 dpdklab
2024-06-25 13:51 dpdklab
2024-06-25 13:52 dpdklab
2024-06-25 13:52 dpdklab
2024-06-25 13:53 dpdklab
2024-06-25 13:53 dpdklab
2024-06-25 13:54 dpdklab
2024-06-25 13:55 dpdklab
2024-06-25 13:56 dpdklab
2024-06-25 14:05 dpdklab
2024-06-25 14:06 dpdklab
2024-06-25 14:07 dpdklab
2024-06-25 14:43 dpdklab
2024-06-25 14:58 dpdklab
2024-06-26 9:30 dpdklab
2024-06-26 9:31 dpdklab
2024-06-26 9:32 dpdklab
2024-06-26 9:33 dpdklab
2024-06-26 9:34 dpdklab
2024-06-26 9:36 dpdklab
2024-06-26 9:38 dpdklab
2024-06-26 9:39 dpdklab
2024-06-26 9:39 dpdklab
2024-06-26 9:41 dpdklab
2024-06-26 9:41 dpdklab
2024-06-26 9:43 dpdklab
2024-06-26 9:44 dpdklab
2024-06-26 9:44 dpdklab
2024-06-26 9:44 dpdklab
2024-06-26 9:48 dpdklab
2024-06-26 9:48 dpdklab
2024-06-26 9:48 dpdklab
2024-06-26 9:48 dpdklab
2024-06-26 9:50 dpdklab
2024-06-26 9:51 dpdklab
2024-06-26 9:51 dpdklab
2024-06-26 9:51 dpdklab
2024-06-26 9:52 dpdklab
2024-06-26 9:52 dpdklab
2024-06-26 9:52 dpdklab
2024-06-26 9:53 dpdklab
2024-06-26 9:53 dpdklab
2024-06-26 9:53 dpdklab
2024-06-26 9:53 dpdklab
2024-06-26 9:54 dpdklab
2024-06-26 9:54 dpdklab
2024-06-26 9:54 dpdklab
2024-06-26 9:55 dpdklab
2024-06-26 9:56 dpdklab
2024-06-26 9:56 dpdklab
2024-06-26 9:58 dpdklab
2024-06-26 10:05 dpdklab
2024-06-26 10:05 dpdklab
2024-06-26 10:05 dpdklab
2024-06-26 10:05 dpdklab
2024-06-26 10:06 dpdklab
2024-06-26 10:06 dpdklab
2024-06-26 10:07 dpdklab
2024-06-26 10:07 dpdklab
2024-06-26 10:07 dpdklab
2024-06-26 10:08 dpdklab
2024-06-26 10:09 dpdklab
2024-06-26 10:09 dpdklab
2024-06-26 10:10 dpdklab
2024-06-26 10:11 dpdklab
2024-06-26 10:16 dpdklab
2024-06-26 10:17 dpdklab
2024-06-26 10:17 dpdklab
2024-06-26 10:18 dpdklab
2024-06-26 10:18 dpdklab
2024-06-26 10:21 dpdklab
2024-06-26 10:22 dpdklab
2024-06-26 10:22 dpdklab
2024-06-26 10:37 dpdklab
2024-06-26 10:37 dpdklab
2024-06-26 10:38 dpdklab
2024-06-26 10:38 dpdklab
2024-06-26 10:38 dpdklab
2024-06-26 10:39 dpdklab
2024-06-26 10:39 dpdklab
2024-06-26 10:39 dpdklab
2024-06-26 10:40 dpdklab
2024-06-26 10:42 dpdklab
2024-06-26 10:43 dpdklab
2024-06-26 10:44 dpdklab
2024-06-26 11:10 dpdklab
2024-06-26 11:20 dpdklab
2024-06-26 11:51 dpdklab
2024-06-26 16:42 dpdklab
2024-06-26 17:16 dpdklab
2024-06-27 8:21 dpdklab
2024-06-27 8:22 dpdklab
2024-06-27 8:22 dpdklab
2024-06-27 8:23 dpdklab
2024-06-27 8:29 dpdklab
2024-06-27 8:31 dpdklab
2024-06-27 8:40 dpdklab
2024-06-27 8:44 dpdklab
2024-06-27 8:45 dpdklab
2024-06-27 8:46 dpdklab
2024-06-27 8:46 dpdklab
2024-06-27 8:52 dpdklab
2024-06-27 8:53 dpdklab
2024-06-27 8:58 dpdklab
2024-06-27 9:03 dpdklab
2024-06-27 9:10 dpdklab
2024-06-27 9:11 dpdklab
2024-06-27 9:12 dpdklab
2024-06-27 9:13 dpdklab
2024-06-27 9:19 dpdklab
2024-06-27 9:19 dpdklab
2024-06-27 9:19 dpdklab
2024-06-27 9:22 dpdklab
2024-06-27 9:36 dpdklab
2024-06-27 9:38 dpdklab
2024-06-27 9:40 dpdklab
2024-06-27 9:54 dpdklab
2024-06-27 10:11 dpdklab
2024-06-27 10:36 dpdklab
2024-06-27 10:38 dpdklab
2024-06-27 10:39 dpdklab
2024-06-27 10:55 dpdklab
2024-06-27 11:03 dpdklab
2024-06-28 2:55 dpdklab
2024-06-28 3:10 dpdklab
2024-06-28 10:30 dpdklab
2024-06-28 10:35 dpdklab
2024-06-28 10:41 dpdklab
2024-06-28 10:44 dpdklab
2024-06-28 10:45 dpdklab
2024-06-28 10:45 dpdklab
2024-06-28 10:45 dpdklab
2024-06-28 11:01 dpdklab
2024-06-28 11:08 dpdklab
2024-06-28 11:10 dpdklab
2024-06-28 11:16 dpdklab
2024-06-28 11:16 dpdklab
2024-06-28 11:17 dpdklab
2024-06-28 11:18 dpdklab
2024-06-28 11:20 dpdklab
2024-06-28 11:33 dpdklab
2024-06-28 11:35 dpdklab
2024-06-28 21:35 dpdklab
2024-06-28 21:49 dpdklab
2024-06-29 3:43 dpdklab
2024-06-29 4:34 dpdklab
2024-06-29 4:34 dpdklab
2024-06-29 4:35 dpdklab
2024-06-29 4:35 dpdklab
2024-06-29 4:36 dpdklab
2024-06-29 4:39 dpdklab
2024-06-29 4:42 dpdklab
2024-06-29 4:42 dpdklab
2024-06-29 4:45 dpdklab
2024-06-29 4:47 dpdklab
2024-06-29 4:48 dpdklab
2024-06-29 4:50 dpdklab
2024-06-29 4:50 dpdklab
2024-06-29 4:50 dpdklab
2024-06-29 4:51 dpdklab
2024-06-29 4:51 dpdklab
2024-06-29 4:54 dpdklab
2024-06-29 4:55 dpdklab
2024-06-29 4:56 dpdklab
2024-06-29 4:57 dpdklab
2024-06-29 4:58 dpdklab
2024-06-29 4:59 dpdklab
2024-06-29 5:03 dpdklab
2024-06-29 5:04 dpdklab
2024-06-29 5:23 dpdklab
2024-06-29 5:43 dpdklab
2024-06-29 5:53 dpdklab
2024-06-29 5:55 dpdklab
2024-06-29 5:56 dpdklab
2024-06-29 5:57 dpdklab
2024-06-29 5:58 dpdklab
2024-06-29 6:01 dpdklab
2024-06-29 6:02 dpdklab
2024-06-29 6:06 dpdklab
2024-06-29 6:10 dpdklab
2024-06-29 6:15 dpdklab
2024-06-29 6:21 dpdklab
2024-06-29 6:38 dpdklab
2024-06-29 8:11 dpdklab
2024-06-29 8:19 dpdklab
2024-06-30 4:30 dpdklab
2024-06-30 4:31 dpdklab
2024-06-30 4:31 dpdklab
2024-06-30 4:34 dpdklab
2024-06-30 4:34 dpdklab
2024-06-30 4:36 dpdklab
2024-06-30 4:45 dpdklab
2024-06-30 4:46 dpdklab
2024-06-30 4:47 dpdklab
2024-06-30 4:53 dpdklab
2024-06-30 4:53 dpdklab
2024-06-30 4:53 dpdklab
2024-06-30 4:56 dpdklab
2024-06-30 4:58 dpdklab
2024-06-30 4:58 dpdklab
2024-06-30 5:00 dpdklab
2024-06-30 5:00 dpdklab
2024-06-30 5:04 dpdklab
2024-06-30 5:13 dpdklab
2024-06-30 5:14 dpdklab
2024-06-30 5:14 dpdklab
2024-06-30 5:19 dpdklab
2024-06-30 5:22 dpdklab
2024-06-30 5:25 dpdklab
2024-06-30 5:43 dpdklab
2024-06-30 5:45 dpdklab
2024-06-30 5:46 dpdklab
2024-06-30 5:52 dpdklab
2024-06-30 6:01 dpdklab
2024-06-30 6:03 dpdklab
2024-07-01 5:22 dpdklab
2024-07-01 5:22 dpdklab
2024-07-01 5:24 dpdklab
2024-07-01 5:33 dpdklab
2024-07-01 5:36 dpdklab
2024-07-01 5:42 dpdklab
2024-07-01 5:43 dpdklab
2024-07-01 5:45 dpdklab
2024-07-01 5:45 dpdklab
2024-07-01 5:45 dpdklab
2024-07-01 5:46 dpdklab
2024-07-01 5:50 dpdklab
2024-07-01 5:51 dpdklab
2024-07-01 5:51 dpdklab
2024-07-01 5:52 dpdklab
2024-07-01 5:52 dpdklab
2024-07-01 5:52 dpdklab
2024-07-01 5:55 dpdklab
2024-07-01 5:55 dpdklab
2024-07-01 5:56 dpdklab
2024-07-01 6:00 dpdklab
2024-07-01 6:03 dpdklab
2024-07-01 6:40 dpdklab
2024-07-01 6:46 dpdklab
2024-07-01 6:58 dpdklab
2024-07-01 7:06 dpdklab
2024-07-02 5:47 dpdklab
2024-07-02 10:26 dpdklab
2024-07-02 10:27 dpdklab
2024-07-02 10:36 dpdklab
2024-07-02 10:37 dpdklab
2024-07-02 10:47 dpdklab
2024-07-02 10:57 dpdklab
2024-07-02 11:09 dpdklab
2024-07-02 11:10 dpdklab
2024-07-02 11:12 dpdklab
2024-07-02 11:12 dpdklab
2024-07-02 11:13 dpdklab
2024-07-02 11:14 dpdklab
2024-07-02 11:16 dpdklab
2024-07-02 11:19 dpdklab
2024-07-02 11:27 dpdklab
2024-07-02 11:27 dpdklab
2024-07-02 11:28 dpdklab
2024-07-02 11:29 dpdklab
2024-07-02 11:34 dpdklab
2024-07-02 11:35 dpdklab
2024-07-02 11:40 dpdklab
2024-07-02 11:40 dpdklab
2024-07-02 11:41 dpdklab
2024-07-02 11:41 dpdklab
2024-07-02 11:42 dpdklab
2024-07-02 12:04 dpdklab
2024-07-02 12:13 dpdklab
2024-07-02 12:16 dpdklab
2024-07-02 12:22 dpdklab
2024-07-02 12:27 dpdklab
2024-07-02 15:14 dpdklab
2024-07-02 15:42 dpdklab
2024-07-02 15:42 dpdklab
2024-07-05 3:07 dpdklab
2024-07-05 3:10 dpdklab
2024-07-05 3:11 dpdklab
2024-07-05 3:13 dpdklab
2024-07-05 4:59 dpdklab
2024-07-05 5:03 dpdklab
2024-07-05 5:07 dpdklab
2024-07-05 5:09 dpdklab
2024-07-05 5:13 dpdklab
2024-07-05 5:15 dpdklab
2024-07-05 5:18 dpdklab
2024-07-05 5:19 dpdklab
2024-07-05 5:22 dpdklab
2024-07-05 5:22 dpdklab
2024-07-05 6:51 dpdklab
2024-07-05 6:54 dpdklab
2024-07-05 7:02 dpdklab
2024-07-05 7:24 dpdklab
2024-07-05 7:26 dpdklab
2024-07-05 7:29 dpdklab
2024-07-05 7:40 dpdklab
2024-07-05 7:55 dpdklab
2024-07-05 8:14 dpdklab
2024-07-05 17:56 dpdklab
2024-07-05 17:56 dpdklab
2024-07-05 17:59 dpdklab
2024-07-05 18:03 dpdklab
2024-07-05 18:13 dpdklab
2024-07-05 18:14 dpdklab
2024-07-05 18:18 dpdklab
2024-07-05 18:22 dpdklab
2024-07-05 18:22 dpdklab
2024-07-05 18:23 dpdklab
2024-07-05 18:31 dpdklab
2024-07-05 18:31 dpdklab
2024-07-05 18:35 dpdklab
2024-07-05 18:38 dpdklab
2024-07-05 21:40 dpdklab
2024-07-05 22:13 dpdklab
2024-07-06 0:49 dpdklab
2024-07-06 0:56 dpdklab
2024-07-06 1:09 dpdklab
2024-07-06 1:10 dpdklab
2024-07-06 1:16 dpdklab
2024-07-06 1:17 dpdklab
2024-07-06 1:23 dpdklab
2024-07-06 1:40 dpdklab
2024-07-06 2:15 dpdklab
2024-07-06 3:09 dpdklab
2024-07-06 3:14 dpdklab
2024-07-06 3:20 dpdklab
2024-07-06 11:49 dpdklab
2024-07-06 11:51 dpdklab
2024-07-06 12:23 dpdklab
2024-07-06 12:35 dpdklab
2024-07-06 14:07 dpdklab
2024-07-06 15:09 dpdklab
2024-07-06 15:09 dpdklab
2024-07-06 15:14 dpdklab
2024-07-06 15:19 dpdklab
2024-07-06 15:24 dpdklab
2024-07-06 15:32 dpdklab
2024-07-06 15:33 dpdklab
2024-07-06 15:36 dpdklab
2024-07-06 15:37 dpdklab
2024-07-06 15:46 dpdklab
2024-07-06 15:48 dpdklab
2024-07-06 16:24 dpdklab
2024-07-06 16:36 dpdklab
2024-07-06 20:43 dpdklab
2024-07-06 23:45 dpdklab
2024-07-06 23:45 dpdklab
2024-07-06 23:49 dpdklab
2024-07-06 23:53 dpdklab
2024-07-06 23:53 dpdklab
2024-07-06 23:54 dpdklab
2024-07-06 23:58 dpdklab
2024-07-07 0:03 dpdklab
2024-07-07 0:05 dpdklab
2024-07-07 0:07 dpdklab
2024-07-07 6:36 dpdklab
2024-07-07 6:39 dpdklab
2024-07-07 6:46 dpdklab
2024-07-07 6:57 dpdklab
2024-07-07 6:57 dpdklab
2024-07-07 6:58 dpdklab
2024-07-07 6:59 dpdklab
2024-07-07 6:59 dpdklab
2024-07-07 7:05 dpdklab
2024-07-07 7:06 dpdklab
2024-07-07 7:07 dpdklab
2024-07-07 7:13 dpdklab
2024-07-07 7:21 dpdklab
2024-07-07 7:21 dpdklab
2024-07-07 7:24 dpdklab
2024-07-07 7:26 dpdklab
Reply instructions:
You may reply publicly to this message via plain-text email
using any one of the following methods:
* Save the following mbox file, import it into your mail client,
and reply-to-all from there: mbox
Avoid top-posting and favor interleaved quoting:
https://en.wikipedia.org/wiki/Posting_style#Interleaved_style
* Reply using the --to, --cc, and --in-reply-to
switches of git-send-email(1):
git send-email \
--in-reply-to=6655660a.050a0220.d0669.0ea6SMTPIN_ADDED_MISSING@mx.google.com \
--to=dpdklab@iol.unh.edu \
--cc=bluca@debian.org \
--cc=christian.ehrhardt@canonical.com \
--cc=dpdk-test-reports@iol.unh.edu \
--cc=ktraynor@redhat.com \
--cc=test-report@dpdk.org \
--cc=xuemingl@nvidia.com \
/path/to/YOUR_REPLY
https://kernel.org/pub/software/scm/git/docs/git-send-email.html
* If your mail client supports setting the In-Reply-To header
via mailto: links, try the mailto: link
Be sure your reply has a Subject: header at the top and a blank line
before the message body.
This is a public inbox, see mirroring instructions
for how to clone and mirror all data and code used for this inbox;
as well as URLs for NNTP newsgroup(s).