From: dpdklab@iol.unh.edu
To: Test Report <test-report@dpdk.org>
Cc: dpdk-test-reports@iol.unh.edu, Xueming Li <xuemingl@nvidia.com>,
Christian Ehrhardt <christian.ehrhardt@canonical.com>,
Kevin Traynor <ktraynor@redhat.com>,
Luca Boccassi <bluca@debian.org>
Subject: |FAILURE| [GIT MASTER] 49b2102bf9fea000d36860353016a5c6ddf993a9
Date: Mon, 27 May 2024 22:39:35 -0700 (PDT) [thread overview]
Message-ID: <66556e17.050a0220.356ba.526cSMTPIN_ADDED_MISSING@mx.google.com> (raw)
_Testing issues_
Branch: tags/v21.11
49b2102bf9fea000d36860353016a5c6ddf993a9 --> testing fail
Test environment and result as below:
+---------------------+----------------+
| Environment | dpdk_unit_test |
+=====================+================+
| CentOS Stream 8 | PASS |
+---------------------+----------------+
| CentOS Stream 9 | FAIL |
+---------------------+----------------+
| Windows Server 2019 | PASS |
+---------------------+----------------+
| Debian Bullseye | PASS |
+---------------------+----------------+
| openSUSE Leap 15 | PASS |
+---------------------+----------------+
==== 20 line log output for CentOS Stream 9 (dpdk_unit_test): ====
CentOS Stream 8
Kernel: 5.4.0-167-generic
Compiler: gcc 8.5.0 20210514
CentOS Stream 9
Kernel: 5.4.0-167-generic
Compiler: gcc 11.4.1 20230605
Windows Server 2019
Kernel: 10.0.17763
Compiler: clang 14.0 and gcc 8.1.0 (MinGW)
Debian Bullseye
Kernel: 5.4.0-167-generic
Compiler: gcc 10.2.1-6
openSUSE Leap 15
Kernel: 5.4.0-167-generic
Compiler: gcc 7.5.0
To view detailed results, visit:
https://lab.dpdk.org/results/dashboard/tarballs/29223/
UNH-IOL DPDK Community Lab
To manage your email subscriptions, visit:
https://lab.dpdk.org/results/dashboard/preferences/subscriptions/
next reply other threads:[~2024-05-28 5:43 UTC|newest]
Thread overview: 2488+ messages / expand[flat|nested] mbox.gz Atom feed top
2024-05-28 5:39 dpdklab [this message]
2024-06-17 4:57 dpdklab
2024-06-17 4:57 dpdklab
2024-06-17 4:58 dpdklab
2024-06-17 4:58 dpdklab
2024-06-17 4:59 dpdklab
2024-06-17 5:00 dpdklab
2024-06-17 5:02 dpdklab
2024-06-17 5:03 dpdklab
2024-06-17 5:04 dpdklab
2024-06-17 5:05 dpdklab
2024-06-17 5:10 dpdklab
2024-06-17 5:21 dpdklab
2024-06-17 5:22 dpdklab
2024-06-17 5:23 dpdklab
2024-06-17 5:25 dpdklab
2024-06-17 5:28 dpdklab
2024-06-17 5:28 dpdklab
2024-06-17 5:29 dpdklab
2024-06-17 5:33 dpdklab
2024-06-17 5:33 dpdklab
2024-06-17 5:33 dpdklab
2024-06-17 5:34 dpdklab
2024-06-17 5:34 dpdklab
2024-06-17 5:35 dpdklab
2024-06-17 5:35 dpdklab
2024-06-17 5:36 dpdklab
2024-06-17 5:42 dpdklab
2024-06-17 5:51 dpdklab
2024-06-17 6:04 dpdklab
2024-06-17 6:08 dpdklab
2024-06-17 6:10 dpdklab
2024-06-17 6:37 dpdklab
2024-06-17 6:38 dpdklab
2024-06-17 7:29 dpdklab
2024-06-18 6:51 dpdklab
2024-06-18 6:57 dpdklab
2024-06-18 7:17 dpdklab
2024-06-18 7:20 dpdklab
2024-06-18 7:20 dpdklab
2024-06-18 7:21 dpdklab
2024-06-18 7:21 dpdklab
2024-06-18 7:22 dpdklab
2024-06-18 7:23 dpdklab
2024-06-18 7:28 dpdklab
2024-06-18 7:32 dpdklab
2024-06-18 7:33 dpdklab
2024-06-18 7:41 dpdklab
2024-06-18 7:42 dpdklab
2024-06-18 7:47 dpdklab
2024-06-18 7:47 dpdklab
2024-06-18 7:48 dpdklab
2024-06-18 7:48 dpdklab
2024-06-18 7:49 dpdklab
2024-06-18 7:50 dpdklab
2024-06-18 7:51 dpdklab
2024-06-18 7:52 dpdklab
2024-06-18 7:52 dpdklab
2024-06-18 7:53 dpdklab
2024-06-18 7:53 dpdklab
2024-06-18 7:55 dpdklab
2024-06-18 7:56 dpdklab
2024-06-18 7:56 dpdklab
2024-06-18 7:57 dpdklab
2024-06-18 7:59 dpdklab
2024-06-18 8:00 dpdklab
2024-06-18 8:33 dpdklab
2024-06-18 8:35 dpdklab
2024-06-18 8:36 dpdklab
2024-06-18 8:37 dpdklab
2024-06-18 8:37 dpdklab
2024-06-18 8:38 dpdklab
2024-06-18 8:55 dpdklab
2024-06-18 8:57 dpdklab
2024-06-18 8:57 dpdklab
2024-06-18 8:59 dpdklab
2024-06-18 9:00 dpdklab
2024-06-18 9:01 dpdklab
2024-06-18 9:02 dpdklab
2024-06-18 9:04 dpdklab
2024-06-18 9:07 dpdklab
2024-06-18 9:08 dpdklab
2024-06-18 9:10 dpdklab
2024-06-18 9:13 dpdklab
2024-06-18 9:15 dpdklab
2024-06-18 9:17 dpdklab
2024-06-18 9:17 dpdklab
2024-06-18 9:21 dpdklab
2024-06-18 9:22 dpdklab
2024-06-18 9:24 dpdklab
2024-06-18 9:32 dpdklab
2024-06-18 10:12 dpdklab
2024-06-18 10:13 dpdklab
2024-06-18 10:13 dpdklab
2024-06-18 10:14 dpdklab
2024-06-18 10:31 dpdklab
2024-06-18 10:33 dpdklab
2024-06-18 14:15 dpdklab
2024-06-18 14:51 dpdklab
2024-06-19 7:15 dpdklab
2024-06-19 7:27 dpdklab
2024-06-19 7:33 dpdklab
2024-06-19 7:50 dpdklab
2024-06-19 8:08 dpdklab
2024-06-19 8:21 dpdklab
2024-06-19 8:26 dpdklab
2024-06-19 8:33 dpdklab
2024-06-19 12:59 dpdklab
2024-06-19 12:59 dpdklab
2024-06-19 13:02 dpdklab
2024-06-19 13:03 dpdklab
2024-06-19 13:05 dpdklab
2024-06-19 13:06 dpdklab
2024-06-19 13:06 dpdklab
2024-06-19 13:28 dpdklab
2024-06-19 13:28 dpdklab
2024-06-19 13:29 dpdklab
2024-06-19 13:29 dpdklab
2024-06-19 13:30 dpdklab
2024-06-19 13:30 dpdklab
2024-06-19 13:30 dpdklab
2024-06-19 13:31 dpdklab
2024-06-19 13:33 dpdklab
2024-06-19 13:34 dpdklab
2024-06-19 13:34 dpdklab
2024-06-19 13:34 dpdklab
2024-06-19 13:36 dpdklab
2024-06-19 13:36 dpdklab
2024-06-19 13:37 dpdklab
2024-06-19 13:39 dpdklab
2024-06-19 13:40 dpdklab
2024-06-19 13:43 dpdklab
2024-06-19 14:01 dpdklab
2024-06-19 14:02 dpdklab
2024-06-19 14:04 dpdklab
2024-06-19 14:04 dpdklab
2024-06-19 14:07 dpdklab
2024-06-19 14:07 dpdklab
2024-06-19 14:09 dpdklab
2024-06-19 14:10 dpdklab
2024-06-19 14:11 dpdklab
2024-06-19 14:12 dpdklab
2024-06-19 14:16 dpdklab
2024-06-19 15:30 dpdklab
2024-06-19 15:34 dpdklab
2024-06-19 15:34 dpdklab
2024-06-19 15:35 dpdklab
2024-06-19 15:36 dpdklab
2024-06-19 15:36 dpdklab
2024-06-19 16:41 dpdklab
2024-06-19 16:48 dpdklab
2024-06-19 16:54 dpdklab
2024-06-19 16:59 dpdklab
2024-06-19 17:00 dpdklab
2024-06-19 17:02 dpdklab
2024-06-19 17:18 dpdklab
2024-06-19 17:34 dpdklab
2024-06-19 21:32 dpdklab
2024-06-19 21:37 dpdklab
2024-06-20 4:35 dpdklab
2024-06-20 4:36 dpdklab
2024-06-20 4:37 dpdklab
2024-06-20 4:43 dpdklab
2024-06-20 4:43 dpdklab
2024-06-20 4:55 dpdklab
2024-06-20 4:56 dpdklab
2024-06-20 5:18 dpdklab
2024-06-20 8:34 dpdklab
2024-06-20 8:39 dpdklab
2024-06-20 8:40 dpdklab
2024-06-20 8:48 dpdklab
2024-06-20 9:00 dpdklab
2024-06-20 9:02 dpdklab
2024-06-20 9:03 dpdklab
2024-06-20 9:13 dpdklab
2024-06-20 9:17 dpdklab
2024-06-20 9:29 dpdklab
2024-06-20 9:32 dpdklab
2024-06-20 9:32 dpdklab
2024-06-20 9:35 dpdklab
2024-06-20 9:35 dpdklab
2024-06-20 9:38 dpdklab
2024-06-20 9:39 dpdklab
2024-06-20 9:39 dpdklab
2024-06-20 9:40 dpdklab
2024-06-20 9:41 dpdklab
2024-06-20 9:41 dpdklab
2024-06-20 9:42 dpdklab
2024-06-20 9:42 dpdklab
2024-06-20 9:42 dpdklab
2024-06-20 9:43 dpdklab
2024-06-20 9:44 dpdklab
2024-06-20 9:44 dpdklab
2024-06-20 9:44 dpdklab
2024-06-20 9:47 dpdklab
2024-06-20 9:48 dpdklab
2024-06-20 9:48 dpdklab
2024-06-20 9:48 dpdklab
2024-06-20 9:49 dpdklab
2024-06-20 9:49 dpdklab
2024-06-20 9:49 dpdklab
2024-06-20 9:50 dpdklab
2024-06-20 9:51 dpdklab
2024-06-20 9:54 dpdklab
2024-06-20 9:55 dpdklab
2024-06-20 9:58 dpdklab
2024-06-20 10:00 dpdklab
2024-06-20 10:05 dpdklab
2024-06-20 10:16 dpdklab
2024-06-20 10:19 dpdklab
2024-06-20 10:21 dpdklab
2024-06-20 10:24 dpdklab
2024-06-20 10:32 dpdklab
2024-06-20 10:39 dpdklab
2024-06-20 10:39 dpdklab
2024-06-20 10:58 dpdklab
2024-06-20 11:48 dpdklab
2024-06-20 12:03 dpdklab
2024-06-20 16:08 dpdklab
2024-06-20 16:13 dpdklab
2024-06-21 4:46 dpdklab
2024-06-21 4:49 dpdklab
2024-06-21 4:55 dpdklab
2024-06-21 4:55 dpdklab
2024-06-21 4:58 dpdklab
2024-06-21 5:07 dpdklab
2024-06-21 5:13 dpdklab
2024-06-21 5:16 dpdklab
2024-06-21 9:01 dpdklab
2024-06-21 9:05 dpdklab
2024-06-21 9:28 dpdklab
2024-06-21 9:35 dpdklab
2024-06-21 9:36 dpdklab
2024-06-21 9:37 dpdklab
2024-06-21 9:56 dpdklab
2024-06-21 9:58 dpdklab
2024-06-21 10:02 dpdklab
2024-06-21 10:03 dpdklab
2024-06-21 10:12 dpdklab
2024-06-21 10:13 dpdklab
2024-06-21 10:15 dpdklab
2024-06-21 10:21 dpdklab
2024-06-21 10:45 dpdklab
2024-06-21 10:47 dpdklab
2024-06-21 10:48 dpdklab
2024-06-21 10:49 dpdklab
2024-06-21 10:50 dpdklab
2024-06-21 10:52 dpdklab
2024-06-21 10:52 dpdklab
2024-06-21 10:53 dpdklab
2024-06-21 10:57 dpdklab
2024-06-21 10:59 dpdklab
2024-06-21 11:00 dpdklab
2024-06-21 11:00 dpdklab
2024-06-21 11:01 dpdklab
2024-06-21 11:04 dpdklab
2024-06-21 11:08 dpdklab
2024-06-21 11:08 dpdklab
2024-06-21 11:09 dpdklab
2024-06-21 11:09 dpdklab
2024-06-21 11:10 dpdklab
2024-06-21 11:11 dpdklab
2024-06-21 11:12 dpdklab
2024-06-21 11:13 dpdklab
2024-06-21 11:14 dpdklab
2024-06-21 11:15 dpdklab
2024-06-21 11:19 dpdklab
2024-06-21 11:20 dpdklab
2024-06-21 11:23 dpdklab
2024-06-21 11:23 dpdklab
2024-06-21 11:24 dpdklab
2024-06-21 11:26 dpdklab
2024-06-21 11:26 dpdklab
2024-06-21 11:27 dpdklab
2024-06-21 11:39 dpdklab
2024-06-21 11:49 dpdklab
2024-06-21 12:05 dpdklab
2024-06-21 12:16 dpdklab
2024-06-21 12:22 dpdklab
2024-06-21 19:09 dpdklab
2024-06-21 19:13 dpdklab
2024-06-22 5:39 dpdklab
2024-06-22 5:40 dpdklab
2024-06-22 5:42 dpdklab
2024-06-22 5:43 dpdklab
2024-06-22 5:44 dpdklab
2024-06-22 5:45 dpdklab
2024-06-22 5:46 dpdklab
2024-06-22 5:48 dpdklab
2024-06-22 5:49 dpdklab
2024-06-22 5:49 dpdklab
2024-06-22 5:50 dpdklab
2024-06-22 5:51 dpdklab
2024-06-22 5:51 dpdklab
2024-06-22 5:53 dpdklab
2024-06-22 5:58 dpdklab
2024-06-22 5:59 dpdklab
2024-06-22 6:00 dpdklab
2024-06-22 6:00 dpdklab
2024-06-22 6:02 dpdklab
2024-06-22 6:02 dpdklab
2024-06-22 6:03 dpdklab
2024-06-22 6:05 dpdklab
2024-06-22 6:08 dpdklab
2024-06-22 6:08 dpdklab
2024-06-22 6:10 dpdklab
2024-06-22 6:16 dpdklab
2024-06-22 6:16 dpdklab
2024-06-22 6:16 dpdklab
2024-06-22 6:19 dpdklab
2024-06-22 6:21 dpdklab
2024-06-22 6:23 dpdklab
2024-06-22 6:23 dpdklab
2024-06-22 6:25 dpdklab
2024-06-22 6:32 dpdklab
2024-06-22 6:32 dpdklab
2024-06-22 6:34 dpdklab
2024-06-22 6:38 dpdklab
2024-06-22 6:40 dpdklab
2024-06-22 6:40 dpdklab
2024-06-22 6:43 dpdklab
2024-06-22 6:47 dpdklab
2024-06-22 7:08 dpdklab
2024-06-22 7:20 dpdklab
2024-06-22 7:27 dpdklab
2024-06-22 7:46 dpdklab
2024-06-22 7:49 dpdklab
2024-06-22 7:59 dpdklab
2024-06-23 5:38 dpdklab
2024-06-23 5:38 dpdklab
2024-06-23 5:39 dpdklab
2024-06-23 5:39 dpdklab
2024-06-23 5:46 dpdklab
2024-06-23 5:46 dpdklab
2024-06-23 5:48 dpdklab
2024-06-23 5:48 dpdklab
2024-06-23 5:48 dpdklab
2024-06-23 5:49 dpdklab
2024-06-23 5:49 dpdklab
2024-06-23 5:50 dpdklab
2024-06-23 5:50 dpdklab
2024-06-23 5:51 dpdklab
2024-06-23 5:51 dpdklab
2024-06-23 5:52 dpdklab
2024-06-23 5:52 dpdklab
2024-06-23 5:52 dpdklab
2024-06-23 5:53 dpdklab
2024-06-23 5:53 dpdklab
2024-06-23 5:53 dpdklab
2024-06-23 5:53 dpdklab
2024-06-23 5:53 dpdklab
2024-06-23 5:54 dpdklab
2024-06-23 5:54 dpdklab
2024-06-23 5:54 dpdklab
2024-06-23 5:54 dpdklab
2024-06-23 5:55 dpdklab
2024-06-23 5:55 dpdklab
2024-06-23 5:55 dpdklab
2024-06-23 5:55 dpdklab
2024-06-23 5:56 dpdklab
2024-06-23 5:56 dpdklab
2024-06-23 5:56 dpdklab
2024-06-23 5:56 dpdklab
2024-06-23 5:57 dpdklab
2024-06-23 5:57 dpdklab
2024-06-23 5:57 dpdklab
2024-06-23 5:58 dpdklab
2024-06-23 5:58 dpdklab
2024-06-23 5:58 dpdklab
2024-06-23 5:59 dpdklab
2024-06-23 5:59 dpdklab
2024-06-23 6:00 dpdklab
2024-06-23 6:15 dpdklab
2024-06-23 6:15 dpdklab
2024-06-23 6:16 dpdklab
2024-06-23 6:16 dpdklab
2024-06-23 6:17 dpdklab
2024-06-23 6:18 dpdklab
2024-06-23 6:19 dpdklab
2024-06-23 6:19 dpdklab
2024-06-23 6:20 dpdklab
2024-06-23 6:27 dpdklab
2024-06-23 6:29 dpdklab
2024-06-23 6:29 dpdklab
2024-06-23 6:32 dpdklab
2024-06-23 6:33 dpdklab
2024-06-23 6:35 dpdklab
2024-06-23 6:36 dpdklab
2024-06-23 7:03 dpdklab
2024-06-23 7:15 dpdklab
2024-06-24 4:26 dpdklab
2024-06-24 4:27 dpdklab
2024-06-24 4:28 dpdklab
2024-06-24 4:47 dpdklab
2024-06-24 4:49 dpdklab
2024-06-24 4:49 dpdklab
2024-06-24 4:49 dpdklab
2024-06-24 4:50 dpdklab
2024-06-24 4:50 dpdklab
2024-06-24 4:50 dpdklab
2024-06-24 4:51 dpdklab
2024-06-24 4:51 dpdklab
2024-06-24 4:52 dpdklab
2024-06-24 4:52 dpdklab
2024-06-24 4:52 dpdklab
2024-06-24 4:53 dpdklab
2024-06-24 4:53 dpdklab
2024-06-24 4:53 dpdklab
2024-06-24 4:53 dpdklab
2024-06-24 4:53 dpdklab
2024-06-24 4:55 dpdklab
2024-06-24 4:55 dpdklab
2024-06-24 4:55 dpdklab
2024-06-24 4:56 dpdklab
2024-06-24 4:57 dpdklab
2024-06-24 4:57 dpdklab
2024-06-24 4:57 dpdklab
2024-06-24 4:58 dpdklab
2024-06-24 4:59 dpdklab
2024-06-24 5:00 dpdklab
2024-06-24 5:00 dpdklab
2024-06-24 5:00 dpdklab
2024-06-24 5:00 dpdklab
2024-06-24 5:01 dpdklab
2024-06-24 5:01 dpdklab
2024-06-24 5:01 dpdklab
2024-06-24 5:02 dpdklab
2024-06-24 5:02 dpdklab
2024-06-24 5:09 dpdklab
2024-06-24 5:10 dpdklab
2024-06-24 5:11 dpdklab
2024-06-24 5:11 dpdklab
2024-06-24 5:11 dpdklab
2024-06-24 5:12 dpdklab
2024-06-24 5:13 dpdklab
2024-06-24 5:13 dpdklab
2024-06-24 5:14 dpdklab
2024-06-24 5:42 dpdklab
2024-06-24 5:42 dpdklab
2024-06-24 5:44 dpdklab
2024-06-24 5:44 dpdklab
2024-06-24 5:45 dpdklab
2024-06-24 5:45 dpdklab
2024-06-24 5:47 dpdklab
2024-06-24 5:48 dpdklab
2024-06-24 5:50 dpdklab
2024-06-24 5:50 dpdklab
2024-06-24 5:51 dpdklab
2024-06-24 5:52 dpdklab
2024-06-24 5:52 dpdklab
2024-06-24 5:54 dpdklab
2024-06-24 6:07 dpdklab
2024-06-24 6:19 dpdklab
2024-06-24 6:20 dpdklab
2024-06-24 6:24 dpdklab
2024-06-24 6:26 dpdklab
2024-06-24 6:26 dpdklab
2024-06-25 7:40 dpdklab
2024-06-25 8:10 dpdklab
2024-06-25 9:03 dpdklab
2024-06-25 9:04 dpdklab
2024-06-25 9:05 dpdklab
2024-06-25 9:07 dpdklab
2024-06-25 11:54 dpdklab
2024-06-25 11:58 dpdklab
2024-06-25 11:58 dpdklab
2024-06-25 12:12 dpdklab
2024-06-25 12:28 dpdklab
2024-06-25 12:28 dpdklab
2024-06-25 12:31 dpdklab
2024-06-25 12:32 dpdklab
2024-06-25 12:33 dpdklab
2024-06-25 12:34 dpdklab
2024-06-25 12:35 dpdklab
2024-06-25 12:35 dpdklab
2024-06-25 12:36 dpdklab
2024-06-25 12:36 dpdklab
2024-06-25 12:36 dpdklab
2024-06-25 12:36 dpdklab
2024-06-25 12:36 dpdklab
2024-06-25 12:37 dpdklab
2024-06-25 12:38 dpdklab
2024-06-25 12:40 dpdklab
2024-06-25 12:43 dpdklab
2024-06-25 12:44 dpdklab
2024-06-25 12:45 dpdklab
2024-06-25 12:47 dpdklab
2024-06-25 12:48 dpdklab
2024-06-25 12:50 dpdklab
2024-06-25 12:51 dpdklab
2024-06-25 12:52 dpdklab
2024-06-25 12:57 dpdklab
2024-06-25 12:58 dpdklab
2024-06-25 13:06 dpdklab
2024-06-25 13:07 dpdklab
2024-06-25 13:08 dpdklab
2024-06-25 13:09 dpdklab
2024-06-25 13:11 dpdklab
2024-06-25 13:12 dpdklab
2024-06-25 13:13 dpdklab
2024-06-25 13:13 dpdklab
2024-06-25 13:14 dpdklab
2024-06-25 13:15 dpdklab
2024-06-25 13:15 dpdklab
2024-06-25 13:17 dpdklab
2024-06-25 13:20 dpdklab
2024-06-25 13:24 dpdklab
2024-06-25 13:24 dpdklab
2024-06-25 13:25 dpdklab
2024-06-25 13:26 dpdklab
2024-06-25 13:29 dpdklab
2024-06-25 13:32 dpdklab
2024-06-25 13:33 dpdklab
2024-06-25 13:38 dpdklab
2024-06-25 13:48 dpdklab
2024-06-25 13:53 dpdklab
2024-06-25 14:06 dpdklab
2024-06-26 6:40 dpdklab
2024-06-26 6:42 dpdklab
2024-06-26 6:43 dpdklab
2024-06-26 6:43 dpdklab
2024-06-26 6:44 dpdklab
2024-06-26 6:44 dpdklab
2024-06-26 6:44 dpdklab
2024-06-26 6:45 dpdklab
2024-06-26 6:45 dpdklab
2024-06-26 6:46 dpdklab
2024-06-26 6:46 dpdklab
2024-06-26 6:47 dpdklab
2024-06-26 6:47 dpdklab
2024-06-26 6:49 dpdklab
2024-06-26 6:49 dpdklab
2024-06-26 6:49 dpdklab
2024-06-26 6:50 dpdklab
2024-06-26 6:50 dpdklab
2024-06-26 6:50 dpdklab
2024-06-26 6:51 dpdklab
2024-06-26 6:51 dpdklab
2024-06-26 6:51 dpdklab
2024-06-26 6:52 dpdklab
2024-06-26 6:56 dpdklab
2024-06-26 7:00 dpdklab
2024-06-26 7:00 dpdklab
2024-06-26 7:00 dpdklab
2024-06-26 7:00 dpdklab
2024-06-26 7:01 dpdklab
2024-06-26 7:01 dpdklab
2024-06-26 7:01 dpdklab
2024-06-26 7:01 dpdklab
2024-06-26 7:01 dpdklab
2024-06-26 7:01 dpdklab
2024-06-26 7:02 dpdklab
2024-06-26 7:03 dpdklab
2024-06-26 7:10 dpdklab
2024-06-26 7:13 dpdklab
2024-06-26 7:14 dpdklab
2024-06-26 7:16 dpdklab
2024-06-26 8:13 dpdklab
2024-06-26 8:45 dpdklab
2024-06-26 8:46 dpdklab
2024-06-26 8:46 dpdklab
2024-06-26 8:47 dpdklab
2024-06-26 8:47 dpdklab
2024-06-26 9:00 dpdklab
2024-06-26 9:00 dpdklab
2024-06-26 9:02 dpdklab
2024-06-26 9:04 dpdklab
2024-06-26 9:04 dpdklab
2024-06-26 9:05 dpdklab
2024-06-26 9:07 dpdklab
2024-06-26 9:07 dpdklab
2024-06-26 9:13 dpdklab
2024-06-26 9:16 dpdklab
2024-06-26 9:17 dpdklab
2024-06-26 9:18 dpdklab
2024-06-26 9:25 dpdklab
2024-06-26 9:36 dpdklab
2024-06-26 9:43 dpdklab
2024-06-26 9:44 dpdklab
2024-06-26 9:45 dpdklab
2024-06-26 9:46 dpdklab
2024-06-26 10:05 dpdklab
2024-06-26 13:57 dpdklab
2024-06-26 14:33 dpdklab
2024-06-27 9:01 dpdklab
2024-06-27 9:05 dpdklab
2024-06-27 9:11 dpdklab
2024-06-27 9:19 dpdklab
2024-06-27 10:21 dpdklab
2024-06-27 10:23 dpdklab
2024-06-27 10:25 dpdklab
2024-06-27 10:25 dpdklab
2024-06-27 10:31 dpdklab
2024-06-27 10:31 dpdklab
2024-06-27 10:31 dpdklab
2024-06-27 10:33 dpdklab
2024-06-27 10:33 dpdklab
2024-06-27 10:33 dpdklab
2024-06-27 10:34 dpdklab
2024-06-27 10:37 dpdklab
2024-06-27 10:40 dpdklab
2024-06-27 10:43 dpdklab
2024-06-27 10:44 dpdklab
2024-06-27 10:46 dpdklab
2024-06-27 10:47 dpdklab
2024-06-27 10:48 dpdklab
2024-06-27 10:54 dpdklab
2024-06-27 10:55 dpdklab
2024-06-27 11:00 dpdklab
2024-06-27 11:02 dpdklab
2024-06-27 11:04 dpdklab
2024-06-27 11:06 dpdklab
2024-06-27 11:07 dpdklab
2024-06-27 11:08 dpdklab
2024-06-27 11:13 dpdklab
2024-06-27 11:14 dpdklab
2024-06-27 11:14 dpdklab
2024-06-27 11:15 dpdklab
2024-06-27 11:16 dpdklab
2024-06-27 11:17 dpdklab
2024-06-27 11:19 dpdklab
2024-06-27 11:21 dpdklab
2024-06-27 11:21 dpdklab
2024-06-27 11:22 dpdklab
2024-06-27 11:30 dpdklab
2024-06-27 11:32 dpdklab
2024-06-27 11:40 dpdklab
2024-06-27 11:42 dpdklab
2024-06-27 11:51 dpdklab
2024-06-28 3:28 dpdklab
2024-06-28 3:34 dpdklab
2024-06-28 5:58 dpdklab
2024-06-28 5:59 dpdklab
2024-06-28 6:03 dpdklab
2024-06-28 6:15 dpdklab
2024-06-28 6:15 dpdklab
2024-06-28 6:27 dpdklab
2024-06-28 6:29 dpdklab
2024-06-28 6:31 dpdklab
2024-06-28 6:43 dpdklab
2024-06-28 6:44 dpdklab
2024-06-28 6:46 dpdklab
2024-06-28 6:47 dpdklab
2024-06-28 6:52 dpdklab
2024-06-28 6:55 dpdklab
2024-06-28 6:56 dpdklab
2024-06-28 7:00 dpdklab
2024-06-28 7:05 dpdklab
2024-06-28 7:07 dpdklab
2024-06-28 7:09 dpdklab
2024-06-28 7:12 dpdklab
2024-06-28 8:44 dpdklab
2024-06-28 8:46 dpdklab
2024-06-28 8:53 dpdklab
2024-06-28 9:09 dpdklab
2024-06-28 9:10 dpdklab
2024-06-28 9:10 dpdklab
2024-06-28 9:11 dpdklab
2024-06-28 9:14 dpdklab
2024-06-28 9:16 dpdklab
2024-06-28 9:16 dpdklab
2024-06-28 9:17 dpdklab
2024-06-28 9:21 dpdklab
2024-06-28 9:26 dpdklab
2024-06-28 9:27 dpdklab
2024-06-28 9:27 dpdklab
2024-06-28 9:33 dpdklab
2024-06-28 9:42 dpdklab
2024-06-28 9:42 dpdklab
2024-06-28 9:45 dpdklab
2024-06-28 9:46 dpdklab
2024-06-28 10:00 dpdklab
2024-06-28 10:09 dpdklab
2024-06-28 21:07 dpdklab
2024-06-28 21:12 dpdklab
2024-06-29 4:11 dpdklab
2024-06-29 4:16 dpdklab
2024-06-29 4:16 dpdklab
2024-06-29 4:17 dpdklab
2024-06-29 4:19 dpdklab
2024-06-29 4:20 dpdklab
2024-06-29 4:21 dpdklab
2024-06-29 4:28 dpdklab
2024-06-29 6:41 dpdklab
2024-06-29 6:45 dpdklab
2024-06-29 6:46 dpdklab
2024-06-29 6:48 dpdklab
2024-06-29 6:53 dpdklab
2024-06-29 6:56 dpdklab
2024-06-29 6:57 dpdklab
2024-06-29 6:57 dpdklab
2024-06-29 6:57 dpdklab
2024-06-29 6:58 dpdklab
2024-06-29 6:58 dpdklab
2024-06-29 7:03 dpdklab
2024-06-29 7:33 dpdklab
2024-06-29 7:34 dpdklab
2024-06-29 7:36 dpdklab
2024-06-29 7:36 dpdklab
2024-06-29 7:39 dpdklab
2024-06-29 7:48 dpdklab
2024-06-29 7:49 dpdklab
2024-06-29 7:50 dpdklab
2024-06-29 7:53 dpdklab
2024-06-29 8:01 dpdklab
2024-06-29 8:06 dpdklab
2024-06-29 8:07 dpdklab
2024-06-29 8:09 dpdklab
2024-06-29 8:10 dpdklab
2024-06-29 8:11 dpdklab
2024-06-29 8:13 dpdklab
2024-06-29 8:20 dpdklab
2024-06-29 9:29 dpdklab
2024-06-29 9:30 dpdklab
2024-06-29 9:33 dpdklab
2024-06-29 9:34 dpdklab
2024-06-29 9:35 dpdklab
2024-06-29 9:36 dpdklab
2024-06-29 10:11 dpdklab
2024-06-29 10:16 dpdklab
2024-06-30 5:16 dpdklab
2024-06-30 5:16 dpdklab
2024-06-30 5:23 dpdklab
2024-06-30 5:25 dpdklab
2024-06-30 5:26 dpdklab
2024-06-30 5:26 dpdklab
2024-06-30 5:32 dpdklab
2024-06-30 5:32 dpdklab
2024-06-30 5:37 dpdklab
2024-06-30 5:37 dpdklab
2024-06-30 5:38 dpdklab
2024-06-30 5:39 dpdklab
2024-06-30 5:40 dpdklab
2024-06-30 5:41 dpdklab
2024-06-30 5:42 dpdklab
2024-06-30 5:42 dpdklab
2024-06-30 5:43 dpdklab
2024-06-30 5:47 dpdklab
2024-06-30 5:47 dpdklab
2024-06-30 5:48 dpdklab
2024-06-30 5:52 dpdklab
2024-06-30 5:52 dpdklab
2024-06-30 5:54 dpdklab
2024-06-30 5:55 dpdklab
2024-06-30 5:57 dpdklab
2024-06-30 5:59 dpdklab
2024-06-30 6:02 dpdklab
2024-06-30 6:04 dpdklab
2024-06-30 6:05 dpdklab
2024-06-30 6:05 dpdklab
2024-06-30 6:06 dpdklab
2024-06-30 6:07 dpdklab
2024-06-30 6:07 dpdklab
2024-06-30 6:16 dpdklab
2024-06-30 6:16 dpdklab
2024-06-30 6:17 dpdklab
2024-06-30 6:22 dpdklab
2024-06-30 6:27 dpdklab
2024-06-30 6:34 dpdklab
2024-06-30 6:40 dpdklab
2024-06-30 6:44 dpdklab
2024-06-30 6:47 dpdklab
2024-06-30 6:54 dpdklab
2024-07-01 4:10 dpdklab
2024-07-01 4:14 dpdklab
2024-07-01 4:20 dpdklab
2024-07-01 4:20 dpdklab
2024-07-01 4:21 dpdklab
2024-07-01 4:21 dpdklab
2024-07-01 4:21 dpdklab
2024-07-01 4:22 dpdklab
2024-07-01 4:23 dpdklab
2024-07-01 4:23 dpdklab
2024-07-01 4:23 dpdklab
2024-07-01 4:23 dpdklab
2024-07-01 4:24 dpdklab
2024-07-01 4:25 dpdklab
2024-07-01 4:25 dpdklab
2024-07-01 4:28 dpdklab
2024-07-01 4:33 dpdklab
2024-07-01 4:33 dpdklab
2024-07-01 4:35 dpdklab
2024-07-01 4:36 dpdklab
2024-07-01 4:36 dpdklab
2024-07-01 4:37 dpdklab
2024-07-01 4:40 dpdklab
2024-07-01 4:40 dpdklab
2024-07-01 4:40 dpdklab
2024-07-01 4:40 dpdklab
2024-07-01 4:40 dpdklab
2024-07-01 4:40 dpdklab
2024-07-01 4:41 dpdklab
2024-07-01 4:43 dpdklab
2024-07-01 4:44 dpdklab
2024-07-01 4:44 dpdklab
2024-07-01 4:45 dpdklab
2024-07-01 4:47 dpdklab
2024-07-01 4:48 dpdklab
2024-07-01 4:48 dpdklab
2024-07-01 4:52 dpdklab
2024-07-01 4:56 dpdklab
2024-07-01 4:56 dpdklab
2024-07-01 4:57 dpdklab
2024-07-01 4:58 dpdklab
2024-07-01 4:59 dpdklab
2024-07-01 4:59 dpdklab
2024-07-01 5:02 dpdklab
2024-07-01 5:02 dpdklab
2024-07-01 5:03 dpdklab
2024-07-01 5:08 dpdklab
2024-07-01 5:24 dpdklab
2024-07-01 5:25 dpdklab
2024-07-01 5:29 dpdklab
2024-07-01 5:31 dpdklab
2024-07-01 5:33 dpdklab
2024-07-01 5:37 dpdklab
2024-07-01 5:56 dpdklab
2024-07-01 6:07 dpdklab
2024-07-01 6:17 dpdklab
2024-07-01 14:08 dpdklab
2024-07-02 6:52 dpdklab
2024-07-02 6:57 dpdklab
2024-07-02 7:00 dpdklab
2024-07-02 7:09 dpdklab
2024-07-02 8:16 dpdklab
2024-07-02 8:17 dpdklab
2024-07-02 8:18 dpdklab
2024-07-02 8:28 dpdklab
2024-07-02 8:29 dpdklab
2024-07-02 8:32 dpdklab
2024-07-02 8:34 dpdklab
2024-07-02 8:36 dpdklab
2024-07-02 8:45 dpdklab
2024-07-02 8:45 dpdklab
2024-07-02 8:52 dpdklab
2024-07-02 8:53 dpdklab
2024-07-02 8:57 dpdklab
2024-07-02 9:02 dpdklab
2024-07-02 9:08 dpdklab
2024-07-02 9:18 dpdklab
2024-07-02 10:15 dpdklab
2024-07-02 10:16 dpdklab
2024-07-02 10:19 dpdklab
2024-07-02 10:19 dpdklab
2024-07-02 10:23 dpdklab
2024-07-02 10:24 dpdklab
2024-07-02 10:26 dpdklab
2024-07-02 10:27 dpdklab
2024-07-02 10:28 dpdklab
2024-07-02 10:29 dpdklab
2024-07-02 10:32 dpdklab
2024-07-02 10:35 dpdklab
2024-07-02 10:36 dpdklab
2024-07-02 10:39 dpdklab
2024-07-02 10:40 dpdklab
2024-07-02 10:43 dpdklab
2024-07-02 10:51 dpdklab
2024-07-02 10:53 dpdklab
2024-07-02 10:55 dpdklab
2024-07-02 10:59 dpdklab
2024-07-02 11:18 dpdklab
2024-07-02 11:20 dpdklab
2024-07-02 15:07 dpdklab
2024-07-02 15:16 dpdklab
2024-07-02 18:20 dpdklab
2024-07-04 9:49 dpdklab
2024-07-04 9:54 dpdklab
2024-07-04 9:58 dpdklab
2024-07-04 10:06 dpdklab
2024-07-04 10:47 dpdklab
2024-07-05 0:11 dpdklab
2024-07-05 0:12 dpdklab
2024-07-05 0:14 dpdklab
2024-07-05 0:14 dpdklab
2024-07-05 0:17 dpdklab
2024-07-05 0:18 dpdklab
2024-07-05 0:18 dpdklab
2024-07-05 0:23 dpdklab
2024-07-05 0:28 dpdklab
2024-07-05 0:29 dpdklab
2024-07-05 0:31 dpdklab
2024-07-05 1:56 dpdklab
2024-07-05 2:05 dpdklab
2024-07-05 2:10 dpdklab
2024-07-05 2:17 dpdklab
2024-07-05 2:27 dpdklab
2024-07-05 2:46 dpdklab
2024-07-05 2:49 dpdklab
2024-07-05 2:58 dpdklab
2024-07-05 3:18 dpdklab
2024-07-05 5:43 dpdklab
2024-07-05 5:55 dpdklab
2024-07-05 11:49 dpdklab
2024-07-05 11:53 dpdklab
2024-07-05 11:57 dpdklab
2024-07-05 12:26 dpdklab
2024-07-05 15:32 dpdklab
2024-07-05 15:48 dpdklab
2024-07-05 15:51 dpdklab
2024-07-05 16:00 dpdklab
2024-07-05 16:09 dpdklab
2024-07-05 16:19 dpdklab
2024-07-05 16:22 dpdklab
2024-07-05 16:24 dpdklab
2024-07-05 16:35 dpdklab
2024-07-05 16:36 dpdklab
2024-07-05 16:40 dpdklab
2024-07-05 16:44 dpdklab
2024-07-05 16:46 dpdklab
2024-07-05 16:49 dpdklab
2024-07-05 16:50 dpdklab
2024-07-05 16:57 dpdklab
2024-07-05 16:59 dpdklab
2024-07-05 17:25 dpdklab
2024-07-05 17:27 dpdklab
2024-07-05 17:28 dpdklab
2024-07-05 17:29 dpdklab
2024-07-05 17:30 dpdklab
2024-07-05 17:31 dpdklab
2024-07-05 17:33 dpdklab
2024-07-05 17:34 dpdklab
2024-07-05 17:36 dpdklab
2024-07-05 17:38 dpdklab
2024-07-05 17:45 dpdklab
2024-07-05 19:54 dpdklab
2024-07-05 20:10 dpdklab
2024-07-05 23:24 dpdklab
2024-07-05 23:24 dpdklab
2024-07-05 23:28 dpdklab
2024-07-05 23:30 dpdklab
2024-07-05 23:50 dpdklab
2024-07-06 0:13 dpdklab
2024-07-06 0:30 dpdklab
2024-07-06 7:57 dpdklab
2024-07-06 8:03 dpdklab
2024-07-06 8:08 dpdklab
2024-07-06 8:17 dpdklab
2024-07-06 13:51 dpdklab
2024-07-06 13:58 dpdklab
2024-07-06 14:04 dpdklab
2024-07-06 14:08 dpdklab
2024-07-06 14:13 dpdklab
2024-07-06 14:20 dpdklab
2024-07-06 14:22 dpdklab
2024-07-06 14:29 dpdklab
2024-07-06 14:31 dpdklab
2024-07-06 14:33 dpdklab
2024-07-06 14:36 dpdklab
2024-07-06 14:44 dpdklab
2024-07-06 14:46 dpdklab
2024-07-06 14:48 dpdklab
2024-07-06 14:55 dpdklab
2024-07-06 14:57 dpdklab
2024-07-06 16:07 dpdklab
2024-07-06 16:10 dpdklab
2024-07-06 20:30 dpdklab
2024-07-06 21:25 dpdklab
2024-07-06 22:54 dpdklab
2024-07-06 22:59 dpdklab
2024-07-06 23:05 dpdklab
2024-07-06 23:06 dpdklab
2024-07-06 23:09 dpdklab
2024-07-06 23:09 dpdklab
2024-07-06 23:11 dpdklab
2024-07-06 23:12 dpdklab
2024-07-06 23:19 dpdklab
2024-07-07 4:21 dpdklab
2024-07-07 4:21 dpdklab
2024-07-07 4:26 dpdklab
2024-07-07 4:32 dpdklab
2024-07-07 4:34 dpdklab
2024-07-07 4:38 dpdklab
2024-07-07 4:41 dpdklab
2024-07-07 4:44 dpdklab
2024-07-07 4:45 dpdklab
2024-07-07 4:45 dpdklab
2024-07-07 4:45 dpdklab
2024-07-07 4:46 dpdklab
2024-07-07 4:48 dpdklab
2024-07-07 4:48 dpdklab
2024-07-07 4:51 dpdklab
2024-07-07 4:52 dpdklab
2024-07-07 4:55 dpdklab
2024-07-07 4:55 dpdklab
2024-07-07 4:56 dpdklab
2024-07-07 4:57 dpdklab
2024-07-07 4:59 dpdklab
2024-07-07 4:59 dpdklab
2024-07-07 4:59 dpdklab
2024-07-07 5:00 dpdklab
2024-07-07 5:01 dpdklab
2024-07-07 5:02 dpdklab
2024-07-07 5:09 dpdklab
2024-07-07 5:18 dpdklab
2024-07-07 6:06 dpdklab
2024-07-07 6:27 dpdklab
2024-07-07 6:27 dpdklab
2024-07-07 6:38 dpdklab
2024-07-07 6:47 dpdklab
2024-07-07 6:55 dpdklab
Reply instructions:
You may reply publicly to this message via plain-text email
using any one of the following methods:
* Save the following mbox file, import it into your mail client,
and reply-to-all from there: mbox
Avoid top-posting and favor interleaved quoting:
https://en.wikipedia.org/wiki/Posting_style#Interleaved_style
* Reply using the --to, --cc, and --in-reply-to
switches of git-send-email(1):
git send-email \
--in-reply-to=66556e17.050a0220.356ba.526cSMTPIN_ADDED_MISSING@mx.google.com \
--to=dpdklab@iol.unh.edu \
--cc=bluca@debian.org \
--cc=christian.ehrhardt@canonical.com \
--cc=dpdk-test-reports@iol.unh.edu \
--cc=ktraynor@redhat.com \
--cc=test-report@dpdk.org \
--cc=xuemingl@nvidia.com \
/path/to/YOUR_REPLY
https://kernel.org/pub/software/scm/git/docs/git-send-email.html
* If your mail client supports setting the In-Reply-To header
via mailto: links, try the mailto: link
Be sure your reply has a Subject: header at the top and a blank line
before the message body.
This is a public inbox, see mirroring instructions
for how to clone and mirror all data and code used for this inbox;
as well as URLs for NNTP newsgroup(s).