From mboxrd@z Thu Jan  1 00:00:00 1970
Return-Path: <test-report-bounces@dpdk.org>
Received: from mails.dpdk.org (mails.dpdk.org [217.70.189.124])
	by inbox.dpdk.org (Postfix) with ESMTP id 8DD2544099
	for <public@inbox.dpdk.org>; Tue, 28 May 2024 14:46:45 +0200 (CEST)
Received: from mails.dpdk.org (localhost [127.0.0.1])
	by mails.dpdk.org (Postfix) with ESMTP id 86AE4402E4;
	Tue, 28 May 2024 14:46:45 +0200 (CEST)
Received: from mail-io1-f97.google.com (mail-io1-f97.google.com
 [209.85.166.97]) by mails.dpdk.org (Postfix) with ESMTP id 084E14025C
 for <test-report@dpdk.org>; Tue, 28 May 2024 14:46:44 +0200 (CEST)
Received: by mail-io1-f97.google.com with SMTP id
 ca18e2360f4ac-7e1f984312cso36940039f.2
 for <test-report@dpdk.org>; Tue, 28 May 2024 05:46:43 -0700 (PDT)
DKIM-Signature: v=1; a=rsa-sha256; c=relaxed/relaxed;
 d=iol.unh.edu; s=unh-iol; t=1716900403; x=1717505203; darn=dpdk.org;
 h=references:in-reply-to:cc:to:from:subject:message-id:date:from:to
 :cc:subject:date:message-id:reply-to;
 bh=Qh831dmmffdKFvBmYuqo5XL8Kg8LX7Jopi4/xcWjsJA=;
 b=Zbd2+ovmuVVWSFsaeLj4uoJ959ScAdLH1X30OuEzz/Pkqim2YvJcdAzE8x0I+40zgA
 cxRKDih+uUjQTsVACDMVMzzvfS2HRIFfmI1EjkBhiqc7SqVOUTIP8hKEM+Uvdc/dgOpX
 Vw091MFObt015jY2mqTFSBX2MtG4jCSvHucAk=
X-Google-DKIM-Signature: v=1; a=rsa-sha256; c=relaxed/relaxed;
 d=1e100.net; s=20230601; t=1716900403; x=1717505203;
 h=references:in-reply-to:cc:to:from:subject:message-id:date
 :x-gm-message-state:from:to:cc:subject:date:message-id:reply-to;
 bh=Qh831dmmffdKFvBmYuqo5XL8Kg8LX7Jopi4/xcWjsJA=;
 b=k5WUQJw+BxPamLg1kk8dUv4njPj5ZLiUzfhDsJ2XaurKP5Bl0W4Moa3XaPm6brabxE
 AUGNfB39oVc8FfJyAqGeleST7uCVr4IoICXpsWTjwtDRYWAez1yooHU8syUHb33eQvDo
 ksyvLSzfb03s2Nm3U7jXGGHw1XtJKsvJIC6kjfuG2ejhc/X7PzuzzG5w9qB3vaNVWhBu
 iPUwQcu14SUnk0f2FeUrCaS5K7s55mxnqvWYD/nOBARWoc7OQrjSm3KLFbDK2RGKRVOy
 7zMZr2dMhPgV6eTUD/7xb9HxJPnU8oAx9SWs4MGSPalDc33bTty/PuZ0Lj80rP7Ecnv/
 olFw==
X-Gm-Message-State: AOJu0Yzj/9q8JEMjK3sPc1vodCtprwA/caSTzG46ChC0cE3V7pMeCloU
 0srqUjP7+y6yA3lUJbQVpfVdCp6lBsyvhUsV0Jp60U/ATFVODxQuAidgsG2Xt7IRWBJkNmiJTuS
 tRunYd9NkQrRoeEGzd3VW74L96KDVzrs7LJf5iriaovxRtZeUsabzlNhn
X-Google-Smtp-Source: AGHT+IHXBWQrp0z482JY7sHXUFBW4rDli7lVC9ncS84aarVVNpxaUsPphXiDn6ACPcSYvbob6UIwOrr9uS0V
X-Received: by 2002:a05:6602:6428:b0:7e2:37f:b2a4 with SMTP id
 ca18e2360f4ac-7e8c71f854emr1482116639f.21.1716900401941; 
 Tue, 28 May 2024 05:46:41 -0700 (PDT)
Received: from postal.iol.unh.edu (postal.iol.unh.edu.
 [2606:4100:3880:1234::84]) by smtp-relay.gmail.com with ESMTPS id
 8926c6da1cb9f-4b0bb0165f9sm500695173.63.2024.05.28.05.46.41
 (version=TLS1_2 cipher=ECDHE-ECDSA-AES128-GCM-SHA256 bits=128/128);
 Tue, 28 May 2024 05:46:41 -0700 (PDT)
X-Relaying-Domain: iol.unh.edu
Date: Tue, 28 May 2024 05:46:41 -0700 (PDT)
Message-ID: <6655d231.050a0220.9a627.cd0eSMTPIN_ADDED_MISSING@mx.google.com>
Received: from [172.21.0.7] (unknown [172.18.0.240])
 by postal.iol.unh.edu (Postfix) with ESMTP id 95089605C373;
 Tue, 28 May 2024 08:46:41 -0400 (EDT)
Subject: |FAILURE| pw140357-140381 [PATCH] [25/25] net/cpfl: updating idpf vc
From: dpdklab@iol.unh.edu
To: Test Report <test-report@dpdk.org>
Cc: dpdk-test-reports@iol.unh.edu, Soumyadeep Hore <soumyadeep.hore@intel.com>
In-Reply-To: <20240528073630.867131-6-soumyadeep.hore@intel.com>
References: <20240528073630.867131-6-soumyadeep.hore@intel.com>
Content-Type: text/plain
X-BeenThere: test-report@dpdk.org
X-Mailman-Version: 2.1.29
Precedence: list
List-Id: automatic DPDK test reports <test-report.dpdk.org>
List-Unsubscribe: <https://mails.dpdk.org/options/test-report>,
 <mailto:test-report-request@dpdk.org?subject=unsubscribe>
List-Archive: <http://mails.dpdk.org/archives/test-report/>
List-Post: <mailto:test-report@dpdk.org>
List-Help: <mailto:test-report-request@dpdk.org?subject=help>
List-Subscribe: <https://mails.dpdk.org/listinfo/test-report>,
 <mailto:test-report-request@dpdk.org?subject=subscribe>
Errors-To: test-report-bounces@dpdk.org

Test-Label: iol-compile-amd64-testing
Test-Status: FAILURE
http://dpdk.org/patch/140381

_Testing issues_

Submitter: Soumyadeep Hore <soumyadeep.hore@intel.com>
Date: Tuesday, May 28 2024 07:36:30 
DPDK git baseline: Repo:dpdk
  Branch: master
  CommitID:19be1a0ba8af8a513adb011a3017d583d6312fc9

140357-140381 --> testing fail

Test environment and result as below:

+---------------------+--------------------+----------------------+-------------------+------------------+
|     Environment     | dpdk_meson_compile | dpdk_mingw64_compile | dpdk_msvc_compile | dpdk_compile_ovs |
+=====================+====================+======================+===================+==================+
| FreeBSD 13.3        | FAIL               | SKIPPED              | SKIPPED           | SKIPPED          |
+---------------------+--------------------+----------------------+-------------------+------------------+
| Windows Server 2019 | FAIL               | FAIL                 | SKIPPED           | SKIPPED          |
+---------------------+--------------------+----------------------+-------------------+------------------+
| FreeBSD 14.0        | FAIL               | SKIPPED              | SKIPPED           | SKIPPED          |
+---------------------+--------------------+----------------------+-------------------+------------------+
| Windows Server 2022 | FAIL               | FAIL                 | PASS              | SKIPPED          |
+---------------------+--------------------+----------------------+-------------------+------------------+
| CentOS Stream 8     | PASS               | SKIPPED              | SKIPPED           | PASS             |
+---------------------+--------------------+----------------------+-------------------+------------------+
| Debian Bullseye     | PASS               | SKIPPED              | SKIPPED           | PASS             |
+---------------------+--------------------+----------------------+-------------------+------------------+
| Debian 12           | PASS               | SKIPPED              | SKIPPED           | PASS             |
+---------------------+--------------------+----------------------+-------------------+------------------+
| Fedora 38           | PASS               | SKIPPED              | SKIPPED           | PASS             |
+---------------------+--------------------+----------------------+-------------------+------------------+
| Alpine              | FAIL               | SKIPPED              | SKIPPED           | SKIPPED          |
+---------------------+--------------------+----------------------+-------------------+------------------+
| Fedora 39           | PASS               | SKIPPED              | SKIPPED           | PASS             |
+---------------------+--------------------+----------------------+-------------------+------------------+
| Ubuntu 20.04        | PASS               | SKIPPED              | SKIPPED           | PASS             |
+---------------------+--------------------+----------------------+-------------------+------------------+
| Ubuntu 22.04        | PASS               | SKIPPED              | SKIPPED           | PASS             |
+---------------------+--------------------+----------------------+-------------------+------------------+
| openSUSE Leap 15    | PASS               | SKIPPED              | SKIPPED           | PASS             |
+---------------------+--------------------+----------------------+-------------------+------------------+
| CentOS Stream 9     | PASS               | SKIPPED              | SKIPPED           | PASS             |
+---------------------+--------------------+----------------------+-------------------+------------------+
| Fedora 37           | PASS               | SKIPPED              | SKIPPED           | PASS             |
+---------------------+--------------------+----------------------+-------------------+------------------+
| RHEL8               | PASS               | SKIPPED              | SKIPPED           | PASS             |
+---------------------+--------------------+----------------------+-------------------+------------------+

==== 20 line log output for Alpine (dpdk_meson_compile): ====

FreeBSD 13.3
	Kernel: 13.3-RELEASE-p1
	Compiler: clang 17.0.6

Windows Server 2019
	Kernel: 10.0.17763
	Compiler: clang 14.0 and gcc 8.1.0 (MinGW)

FreeBSD 14.0
	Kernel: 14.0
	Compiler: clang 16.0.6

Windows Server 2022
	Kernel: 10.0.20348.2031
	Compiler: clang 15.0.7, gcc 8.1.0 (MinGW), and MSVC VS 17.9

CentOS Stream 8
	Kernel: 5.4.0-167-generic
	Compiler: gcc 8.5.0 20210514

Debian Bullseye
	Kernel: 5.4.0-167-generic
	Compiler: gcc 10.2.1-6

Debian 12
	Kernel: Container Host Kernel
	Compiler: gcc 10.2.1

Fedora 38
	Kernel: Depends on container host
	Compiler: gcc 13.2.1

Alpine
	Kernel: 5.4.0-167-generic
	Compiler: gcc (Alpine 13.2.1_git20231014) 13.2.1 20231014

Fedora 39
	Kernel: Depends on container host
	Compiler: gcc 13.2.1

Ubuntu 20.04
	Kernel: 5.4.0-167-generic
	Compiler: gcc 9.4.0-1ubuntu1~20.04.1

Ubuntu 22.04
	Kernel: 5.4.0-167-generic
	Compiler: gcc 11.4.0

openSUSE Leap 15
	Kernel: 5.4.0-167-generic
	Compiler: gcc 7.5.0

CentOS Stream 9
	Kernel: 5.4.0-167-generic
	Compiler: gcc 11.4.1 20230605

Fedora 37
	Kernel: Depends on container host system
	Compiler: gcc 12.3.1

RHEL8
	Kernel: 5.4.0-167-generic
	Compiler: gcc 8.5.0 20210514 (Red Hat 8.5.0-20)

To view detailed results, visit:
https://lab.dpdk.org/results/dashboard/patchsets/30032/

UNH-IOL DPDK Community Lab

To manage your email subscriptions, visit: 
https://lab.dpdk.org/results/dashboard/preferences/subscriptions/