From mboxrd@z Thu Jan  1 00:00:00 1970
Return-Path: <test-report-bounces@dpdk.org>
Received: from mails.dpdk.org (mails.dpdk.org [217.70.189.124])
	by inbox.dpdk.org (Postfix) with ESMTP id 087A544114
	for <public@inbox.dpdk.org>; Thu, 30 May 2024 19:11:30 +0200 (CEST)
Received: from mails.dpdk.org (localhost [127.0.0.1])
	by mails.dpdk.org (Postfix) with ESMTP id 03E3C40608;
	Thu, 30 May 2024 19:11:30 +0200 (CEST)
Received: from mail-qv1-f100.google.com (mail-qv1-f100.google.com
 [209.85.219.100])
 by mails.dpdk.org (Postfix) with ESMTP id 6D2AA40281
 for <test-report@dpdk.org>; Thu, 30 May 2024 19:11:08 +0200 (CEST)
Received: by mail-qv1-f100.google.com with SMTP id
 6a1803df08f44-6ae0abdf095so5527456d6.2
 for <test-report@dpdk.org>; Thu, 30 May 2024 10:11:08 -0700 (PDT)
DKIM-Signature: v=1; a=rsa-sha256; c=relaxed/relaxed;
 d=iol.unh.edu; s=unh-iol; t=1717089068; x=1717693868; darn=dpdk.org;
 h=references:in-reply-to:cc:to:from:subject:message-id:date:from:to
 :cc:subject:date:message-id:reply-to;
 bh=kdoaJZWPQUWovZD+n9XviG9PDSbRydqGthUEGVTs6Nw=;
 b=YBTHoj10a6SHu/pjI2e63BwFsd+m59xOf/I8bs0wTbnexJBw+66b2ewZ2fQgo7OIiU
 Qx8ge1Eg7M1l+KToLjrq/mVhAkeG8/A4b+jGla90XFmljSuaIfOmIX9RrwqNZdRPDtff
 GCWws1aml9XlpUyTD66UAYxqkQ7T63CgvR2CU=
X-Google-DKIM-Signature: v=1; a=rsa-sha256; c=relaxed/relaxed;
 d=1e100.net; s=20230601; t=1717089068; x=1717693868;
 h=references:in-reply-to:cc:to:from:subject:message-id:date
 :x-gm-message-state:from:to:cc:subject:date:message-id:reply-to;
 bh=kdoaJZWPQUWovZD+n9XviG9PDSbRydqGthUEGVTs6Nw=;
 b=Ay4zGSyxOPjSMGalhTf4lD6hrPLS5YhVSpnApwcJliZtNzvhfzSDwnRMe23eACvpqf
 j/ZDL34CDFmwIv7ne8kwQlzDx9WVAa+20SDfyRWa1XCunxGM30LfedcYE2N+QF4KeXrJ
 aZwjnNojWWAOBBAMdw1KwmNhBHlVMRXNOQKKdwMVFyioMkxAFOH2djmc6KliZTpkrDJJ
 dgvkNdlWl8I9FrlyrX9uh449OPJRQTgHaVcAP3xRMqOYZys8fKBNZ7hIKIOCZKPHZjm6
 V2C4m590/C/L3T08OinRYPqQve9lsuGr/12F34sZK60Qb+CedlVdpkt6E4pHPyNSrfRH
 3FBQ==
X-Gm-Message-State: AOJu0YzGqIA5vBjqZcr2JJ4VA+7XAL/rpou/WtGn6RgdW9M6p25QJx0j
 jFQ3Bty07g5WReK4PKhw7ixt52mVFPaN5xoVuP/IDLOTRzwnLMYzOFcvIsthbNXsY1GYvrXVfkj
 JW/svK0YBdhDxzLbKhHzXbK1egxMbgdFQy/aGnprK2B7rzwSLIqe1yiZP
X-Google-Smtp-Source: AGHT+IFhOx2Z78TCBIj0li7AosUSvPUbnff5Rnqq9E5Ed1pENJP2Kn9DfED6hmbYbTTDe1RlrTTtbFzlcBv7
X-Received: by 2002:a05:6214:4408:b0:6ae:2da4:fd86 with SMTP id
 6a1803df08f44-6ae2da4ff66mr15764516d6.50.1717089067936; 
 Thu, 30 May 2024 10:11:07 -0700 (PDT)
Received: from postal.iol.unh.edu (postal.iol.unh.edu.
 [2606:4100:3880:1234::84]) by smtp-relay.gmail.com with ESMTPS id
 6a1803df08f44-6ae4a7329b1sm21936d6.3.2024.05.30.10.11.07
 (version=TLS1_2 cipher=ECDHE-ECDSA-AES128-GCM-SHA256 bits=128/128);
 Thu, 30 May 2024 10:11:07 -0700 (PDT)
X-Relaying-Domain: iol.unh.edu
Date: Thu, 30 May 2024 10:11:07 -0700 (PDT)
Message-ID: <6658b32b.050a0220.2ea4b8.0304SMTPIN_ADDED_MISSING@mx.google.com>
Received: from [172.17.0.2] (unknown [172.18.0.217])
 by postal.iol.unh.edu (Postfix) with ESMTP id 83395605C373;
 Thu, 30 May 2024 13:11:07 -0400 (EDT)
Subject: |FAILURE| pw140480-140483 [PATCH] [v1,17/17] net/ntnic: add NIM modu
From: dpdklab@iol.unh.edu
To: Test Report <test-report@dpdk.org>
Cc: dpdk-test-reports@iol.unh.edu, Serhii Iliushyk <sil-plv@napatech.com>
In-Reply-To: <20240530144929.4127931-17-sil-plv@napatech.com>
References: <20240530144929.4127931-17-sil-plv@napatech.com>
Content-Type: text/plain
X-BeenThere: test-report@dpdk.org
X-Mailman-Version: 2.1.29
Precedence: list
List-Id: automatic DPDK test reports <test-report.dpdk.org>
List-Unsubscribe: <https://mails.dpdk.org/options/test-report>,
 <mailto:test-report-request@dpdk.org?subject=unsubscribe>
List-Archive: <http://mails.dpdk.org/archives/test-report/>
List-Post: <mailto:test-report@dpdk.org>
List-Help: <mailto:test-report-request@dpdk.org?subject=help>
List-Subscribe: <https://mails.dpdk.org/listinfo/test-report>,
 <mailto:test-report-request@dpdk.org?subject=subscribe>
Errors-To: test-report-bounces@dpdk.org

Test-Label: iol-compile-amd64-testing
Test-Status: FAILURE
http://dpdk.org/patch/140483

_Testing issues_

Submitter: Serhii Iliushyk <sil-plv@napatech.com>
Date: Thursday, May 30 2024 14:49:14 
DPDK git baseline: Repo:dpdk
  Branch: master
  CommitID:2dbb63594a9a985e2c8639b57f9fcd1468b9de97

140480-140483 --> testing issues

Test environment and result as below:

+----------------------------------------+--------------------+
|              Environment               | dpdk_meson_compile |
+========================================+====================+
| Ubuntu 20.04 ARM SVE                   | PASS               |
+----------------------------------------+--------------------+
| Debian 12 with MUSDK                   | PASS               |
+----------------------------------------+--------------------+
| Ubuntu 20.04 aarch32 GCC Cross Compile | FAIL               |
+----------------------------------------+--------------------+
| Ubuntu 20.04 ARM Clang Cross Compile   | FAIL               |
+----------------------------------------+--------------------+
| Fedora 37 (ARM)                        | PASS               |
+----------------------------------------+--------------------+
| Debian 11 (Buster) (ARM)               | PASS               |
+----------------------------------------+--------------------+

==== 20 line log output for Ubuntu 20.04 ARM Clang Cross Compile (dpdk_meson_compile): ====
 --- Failed to get log output --- 
==== End log output ====

Ubuntu 20.04 ARM SVE
	Kernel: 5.4.0-167-generic
	Compiler: gcc (Ubuntu 10.5.0-1ubuntu1~20.04) 10.5.0

Debian 12 with MUSDK
	Kernel: Container Host Kernel
	Compiler: gcc 12.2.0

Ubuntu 20.04 aarch32 GCC Cross Compile
	Kernel: 5.4.0-167-generic
	Compiler: gcc 9.4.0

Ubuntu 20.04 ARM Clang Cross Compile
	Kernel: 5.4.0-72-generic
	Compiler: clang 10.0.0-4ubuntu1

Fedora 37 (ARM)
	Kernel: Depends on container host
	Compiler: gcc 12.3.1

Debian 11 (Buster) (ARM)
	Kernel: Container Host Kernel
	Compiler: gcc 10.2.1

To view detailed results, visit:
https://lab.dpdk.org/results/dashboard/patchsets/30052/

UNH-IOL DPDK Community Lab

To manage your email subscriptions, visit: 
https://lab.dpdk.org/results/dashboard/preferences/subscriptions/