From mboxrd@z Thu Jan  1 00:00:00 1970
Return-Path: <test-report-bounces@dpdk.org>
Received: from mails.dpdk.org (mails.dpdk.org [217.70.189.124])
	by inbox.dpdk.org (Postfix) with ESMTP id 19C6744114
	for <public@inbox.dpdk.org>; Thu, 30 May 2024 19:18:55 +0200 (CEST)
Received: from mails.dpdk.org (localhost [127.0.0.1])
	by mails.dpdk.org (Postfix) with ESMTP id 1574D402F0;
	Thu, 30 May 2024 19:18:55 +0200 (CEST)
Received: from mail-pj1-f97.google.com (mail-pj1-f97.google.com
 [209.85.216.97]) by mails.dpdk.org (Postfix) with ESMTP id A70EA40281
 for <test-report@dpdk.org>; Thu, 30 May 2024 19:18:18 +0200 (CEST)
Received: by mail-pj1-f97.google.com with SMTP id
 98e67ed59e1d1-2bf5ee192b1so789802a91.1
 for <test-report@dpdk.org>; Thu, 30 May 2024 10:18:18 -0700 (PDT)
DKIM-Signature: v=1; a=rsa-sha256; c=relaxed/relaxed;
 d=iol.unh.edu; s=unh-iol; t=1717089498; x=1717694298; darn=dpdk.org;
 h=references:in-reply-to:cc:to:from:subject:message-id:date:from:to
 :cc:subject:date:message-id:reply-to;
 bh=slY1ugSeGbmuvL1m2oaHxoYp3bI/VxFP9JGaTZ26IeQ=;
 b=JsJDX1HUTP1dBHXFyYBL0yzUKnFBkEVfMNyGotI9pK8MFqxZW1LSVx0R47KtZTTm8T
 /pe1/Stdhio5D+sHqqD8ekXbXCGKapu0Ok/yXIOcflfCnHIrplUmn9xhhzy5Z8RfvuZ9
 SJvW1l5HQ0+V3GtyQ8/P1M3dJqfdPzABmTCNI=
X-Google-DKIM-Signature: v=1; a=rsa-sha256; c=relaxed/relaxed;
 d=1e100.net; s=20230601; t=1717089498; x=1717694298;
 h=references:in-reply-to:cc:to:from:subject:message-id:date
 :x-gm-message-state:from:to:cc:subject:date:message-id:reply-to;
 bh=slY1ugSeGbmuvL1m2oaHxoYp3bI/VxFP9JGaTZ26IeQ=;
 b=IOsYICTupCgasNK0wqFihyo/Bmrn0oYhoMKs3djvaOt3ThaHIBGM2dit0nJchpQlHD
 JcIP02TAqQf4eM1iYMnA1knx+K7wJV0PEN+HBc+2ezUmDwMQMt+Pnu1d0nEhO6YhcTYE
 1QSVVpuXGLkxVtsbANGcwFkUDL6P4006409I5j3UmLbQV+//CYoa7BYFppjADSYZ9AVB
 PDpARVxgq3fqKYlLs2OWhTFmTZeurp26zRlbDvWa0TS14HdgCNFN2SYw4D5JKevgk3FN
 CKKM2xge5YK7ZCpLBXNGMHWmjJ0liYTYJElCbd5eRZDbyQIn+whtw6tWrK831ZIKiCki
 Y+Ig==
X-Gm-Message-State: AOJu0YzVa3hCw0bb1LybhR8KO+Q40V0ZUDchjTY55O0KNHLGSn8VN9dW
 T/8LXyBjlwFEk9jQ1dKUIny78+7Ep7dXmsgeHF7bzbU1N3TlxosoWggd3b4Pw82te1mC6oTgmoT
 kCxrL628m80LWywIFisP80vN2Tdet7En9A2oc0IDs
X-Google-Smtp-Source: AGHT+IHARcfoj90azkNq5O1zVnlVsMYLKbQFzocRQP5+cPGbZCr0OKsXTTXYUAE06VEXvpXN1Bf0rA8A0xJg
X-Received: by 2002:a17:90b:1191:b0:2c1:a9dc:7f07 with SMTP id
 98e67ed59e1d1-2c1acc912f9mr3458018a91.18.1717089497813; 
 Thu, 30 May 2024 10:18:17 -0700 (PDT)
Received: from postal.iol.unh.edu (postal.iol.unh.edu. [132.177.123.84])
 by smtp-relay.gmail.com with ESMTPS id
 98e67ed59e1d1-2c1a77713a5sm69916a91.8.2024.05.30.10.18.17
 (version=TLS1_2 cipher=ECDHE-ECDSA-AES128-GCM-SHA256 bits=128/128);
 Thu, 30 May 2024 10:18:17 -0700 (PDT)
X-Relaying-Domain: iol.unh.edu
Date: Thu, 30 May 2024 10:18:17 -0700 (PDT)
Message-ID: <6658b4d9.170a0220.3007d8.4733SMTPIN_ADDED_MISSING@mx.google.com>
Received: from [172.17.0.5] (unknown [172.18.0.217])
 by postal.iol.unh.edu (Postfix) with ESMTP id BE945605C373;
 Thu, 30 May 2024 13:18:16 -0400 (EDT)
Subject: |FAILURE| pw140480-140483 [PATCH] [v1,17/17] net/ntnic: add NIM modu
From: dpdklab@iol.unh.edu
To: Test Report <test-report@dpdk.org>
Cc: Serhii Iliushyk <sil-plv@napatech.com>, dpdk-test-reports@iol.unh.edu,
 Serhii Iliushyk <sil-plv@napatech.com>
In-Reply-To: <20240530144929.4127931-17-sil-plv@napatech.com>
References: <20240530144929.4127931-17-sil-plv@napatech.com>
Content-Type: text/plain
X-BeenThere: test-report@dpdk.org
X-Mailman-Version: 2.1.29
Precedence: list
List-Id: automatic DPDK test reports <test-report.dpdk.org>
List-Unsubscribe: <https://mails.dpdk.org/options/test-report>,
 <mailto:test-report-request@dpdk.org?subject=unsubscribe>
List-Archive: <http://mails.dpdk.org/archives/test-report/>
List-Post: <mailto:test-report@dpdk.org>
List-Help: <mailto:test-report-request@dpdk.org?subject=help>
List-Subscribe: <https://mails.dpdk.org/listinfo/test-report>,
 <mailto:test-report-request@dpdk.org?subject=subscribe>
Errors-To: test-report-bounces@dpdk.org

Test-Label: iol-compile-arm64-testing
Test-Status: FAILURE
http://dpdk.org/patch/140483

_Testing issues_

Submitter: Serhii Iliushyk <sil-plv@napatech.com>
Date: Thursday, May 30 2024 14:49:14 
DPDK git baseline: Repo:dpdk
  Branch: master
  CommitID:2dbb63594a9a985e2c8639b57f9fcd1468b9de97

140480-140483 --> testing issues

Test environment and result as below:

+---------------------+--------------------+----------------------+------------------+
|     Environment     | dpdk_meson_compile | dpdk_mingw64_compile | dpdk_compile_ovs |
+=====================+====================+======================+==================+
| FreeBSD 13.3        | PASS               | SKIPPED              | SKIPPED          |
+---------------------+--------------------+----------------------+------------------+
| FreeBSD 14.0        | PASS               | SKIPPED              | SKIPPED          |
+---------------------+--------------------+----------------------+------------------+
| Windows Server 2019 | PASS               | PASS                 | SKIPPED          |
+---------------------+--------------------+----------------------+------------------+
| Windows Server 2022 | PASS               | PASS                 | SKIPPED          |
+---------------------+--------------------+----------------------+------------------+
| Fedora 39           | FAIL               | SKIPPED              | PASS             |
+---------------------+--------------------+----------------------+------------------+
| Fedora 37           | PASS               | SKIPPED              | PASS             |
+---------------------+--------------------+----------------------+------------------+
| Debian 12           | PASS               | SKIPPED              | PASS             |
+---------------------+--------------------+----------------------+------------------+
| Ubuntu 24.04        | FAIL               | SKIPPED              | SKIPPED          |
+---------------------+--------------------+----------------------+------------------+
| Fedora 38           | FAIL               | SKIPPED              | PASS             |
+---------------------+--------------------+----------------------+------------------+
| CentOS Stream 9     | PASS               | SKIPPED              | PASS             |
+---------------------+--------------------+----------------------+------------------+
| CentOS Stream 8     | PASS               | SKIPPED              | PASS             |
+---------------------+--------------------+----------------------+------------------+
| Ubuntu 22.04        | PASS               | SKIPPED              | PASS             |
+---------------------+--------------------+----------------------+------------------+
| Ubuntu 20.04        | PASS               | SKIPPED              | PASS             |
+---------------------+--------------------+----------------------+------------------+
| Alpine              | PASS               | SKIPPED              | SKIPPED          |
+---------------------+--------------------+----------------------+------------------+
| openSUSE Leap 15    | PASS               | SKIPPED              | PASS             |
+---------------------+--------------------+----------------------+------------------+
| RHEL8               | PASS               | SKIPPED              | PASS             |
+---------------------+--------------------+----------------------+------------------+
| Debian Bullseye     | PASS               | SKIPPED              | PASS             |
+---------------------+--------------------+----------------------+------------------+

==== 20 line log output for Fedora 38 (dpdk_meson_compile): ====
 --- Failed to get log output --- 
==== End log output ====

FreeBSD 13.3
	Kernel: 13.3-RELEASE-p1
	Compiler: clang 17.0.6

FreeBSD 14.0
	Kernel: 14.0
	Compiler: clang 16.0.6

Windows Server 2019
	Kernel: 10.0.17763
	Compiler: clang 14.0 and gcc 8.1.0 (MinGW)

Windows Server 2022
	Kernel: 10.0.20348.2031
	Compiler: clang 15.0.7, gcc 8.1.0 (MinGW), and MSVC VS 17.9

Fedora 39
	Kernel: Depends on container host
	Compiler: gcc 13.2.1

Fedora 37
	Kernel: Depends on container host system
	Compiler: gcc 12.3.1

Debian 12
	Kernel: Container Host Kernel
	Compiler: gcc 10.2.1

Ubuntu 24.04
	Kernel: 5.4.0-167-generic
	Compiler: gcc 13.2.0

Fedora 38
	Kernel: Depends on container host
	Compiler: gcc 13.2.1

CentOS Stream 9
	Kernel: 5.4.0-167-generic
	Compiler: gcc 11.4.1 20230605

CentOS Stream 8
	Kernel: 5.4.0-167-generic
	Compiler: gcc 8.5.0 20210514

Ubuntu 22.04
	Kernel: 5.4.0-167-generic
	Compiler: gcc 11.4.0

Ubuntu 20.04
	Kernel: 5.4.0-167-generic
	Compiler: gcc 9.4.0-1ubuntu1~20.04.1

Alpine
	Kernel: 5.4.0-167-generic
	Compiler: gcc (Alpine 13.2.1_git20231014) 13.2.1 20231014

openSUSE Leap 15
	Kernel: 5.4.0-167-generic
	Compiler: gcc 7.5.0

RHEL8
	Kernel: 5.4.0-167-generic
	Compiler: gcc 8.5.0 20210514 (Red Hat 8.5.0-20)

Debian Bullseye
	Kernel: 5.4.0-167-generic
	Compiler: gcc 10.2.1-6

To view detailed results, visit:
https://lab.dpdk.org/results/dashboard/patchsets/30052/

UNH-IOL DPDK Community Lab

To manage your email subscriptions, visit: 
https://lab.dpdk.org/results/dashboard/preferences/subscriptions/