From mboxrd@z Thu Jan  1 00:00:00 1970
Return-Path: <test-report-bounces@dpdk.org>
Received: from mails.dpdk.org (mails.dpdk.org [217.70.189.124])
	by inbox.dpdk.org (Postfix) with ESMTP id 956F344114
	for <public@inbox.dpdk.org>; Thu, 30 May 2024 19:39:58 +0200 (CEST)
Received: from mails.dpdk.org (localhost [127.0.0.1])
	by mails.dpdk.org (Postfix) with ESMTP id 7B1B2402F0;
	Thu, 30 May 2024 19:39:58 +0200 (CEST)
Received: from mail-oo1-f98.google.com (mail-oo1-f98.google.com
 [209.85.161.98]) by mails.dpdk.org (Postfix) with ESMTP id 4135E40289
 for <test-report@dpdk.org>; Thu, 30 May 2024 19:39:57 +0200 (CEST)
Received: by mail-oo1-f98.google.com with SMTP id
 006d021491bc7-5b3241373adso765363eaf.2
 for <test-report@dpdk.org>; Thu, 30 May 2024 10:39:57 -0700 (PDT)
DKIM-Signature: v=1; a=rsa-sha256; c=relaxed/relaxed;
 d=iol.unh.edu; s=unh-iol; t=1717090796; x=1717695596; darn=dpdk.org;
 h=references:in-reply-to:cc:to:from:subject:message-id:date:from:to
 :cc:subject:date:message-id:reply-to;
 bh=U+AxlH60fqhCCKo8LuvbidKbrFBuL8puNMpoRZxznYw=;
 b=VjF3YMVmkFxiC6hXdhnBvFK10jFxVOypqzBRhoM8WtXS74WLVUbnhDCoUVfMD1m85V
 DkQNhLHp2T58hWW9PZtIhNhXVi61WR0VqfvrQswygUZn6QEOBY/FU2p6WJGRvoymGxtC
 LC9tvdaUc0PlV5EfKvFWmpzbsHZDbzUH9FiIo=
X-Google-DKIM-Signature: v=1; a=rsa-sha256; c=relaxed/relaxed;
 d=1e100.net; s=20230601; t=1717090796; x=1717695596;
 h=references:in-reply-to:cc:to:from:subject:message-id:date
 :x-gm-message-state:from:to:cc:subject:date:message-id:reply-to;
 bh=U+AxlH60fqhCCKo8LuvbidKbrFBuL8puNMpoRZxznYw=;
 b=i/hDC0qhANVOVzL7SFkf+1pdKFhx7s2USODYGvREs+aSaSVgX/rRdBDlMt2Bn7BfKW
 eyj0uVPVi404k7uEiEuKecyFUNzJoDbqRem6ubSg/JJ1B7MRN3T60V+FmJoFsYkDT5SE
 IS+y6Mx8Xxq1lbPEWWLgqQTzdozf70MvqKH/CksBbpD7qbNTk1crP4NRqhpgchImSxr4
 7CcZI9mRnmZn07ZjPw+yY9bOOnAKI4aSALUAVYCsduK065TnnypL2xV6S2fwxcjFJs0K
 YD/9FCsUY+w7LAAW5ae6D2WLIFPE9p+BeC1SF+EBUrs+pvYkkEtcltwM4zJmS8g2fdYk
 FUng==
X-Gm-Message-State: AOJu0Yw4PqJz/IqV6x5GYRLmHDA8+bOMB+TnPcx7OzQxpFTjOYZ9P+08
 5UpUPLyOH3WpW26GmD1Yjj/1nq4/bspbzhCgYdRr6E9MxAnXD8GTxF5AFqQ1gLDm1r5bb7ZeqOM
 1FVHc+gPgj9I+rPy84PBKcc20f3k4Kb8ziPWWqA0yFy9YM/lGctgHbpGo
X-Google-Smtp-Source: AGHT+IFAzKZ7/7qDO297enOggeBNsjcCQkMA8tNshAouDsBzOaEPa/wdjesftKtXqGwhMuYvAgM58di2+QMy
X-Received: by 2002:a05:6820:1b8e:b0:5b2:f2a3:57 with SMTP id
 006d021491bc7-5b9ec583848mr3434825eaf.2.1717090796435; 
 Thu, 30 May 2024 10:39:56 -0700 (PDT)
Received: from postal.iol.unh.edu (postal.iol.unh.edu.
 [2606:4100:3880:1234::84]) by smtp-relay.gmail.com with ESMTPS id
 006d021491bc7-5ba004fa601sm11050eaf.23.2024.05.30.10.39.56
 (version=TLS1_2 cipher=ECDHE-ECDSA-AES128-GCM-SHA256 bits=128/128);
 Thu, 30 May 2024 10:39:56 -0700 (PDT)
X-Relaying-Domain: iol.unh.edu
Date: Thu, 30 May 2024 10:39:56 -0700 (PDT)
Message-ID: <6658b9ec.4a0a0220.4ba74.0ab2SMTPIN_ADDED_MISSING@mx.google.com>
Received: from [172.21.0.7] (unknown [172.18.0.240])
 by postal.iol.unh.edu (Postfix) with ESMTP id E1379605C373;
 Thu, 30 May 2024 13:39:55 -0400 (EDT)
Subject: |FAILURE| pw140480-140483 [PATCH] [v1,17/17] net/ntnic: add NIM modu
From: dpdklab@iol.unh.edu
To: Test Report <test-report@dpdk.org>
Cc: dpdk-test-reports@iol.unh.edu, Serhii Iliushyk <sil-plv@napatech.com>
In-Reply-To: <20240530144929.4127931-17-sil-plv@napatech.com>
References: <20240530144929.4127931-17-sil-plv@napatech.com>
Content-Type: text/plain
X-BeenThere: test-report@dpdk.org
X-Mailman-Version: 2.1.29
Precedence: list
List-Id: automatic DPDK test reports <test-report.dpdk.org>
List-Unsubscribe: <https://mails.dpdk.org/options/test-report>,
 <mailto:test-report-request@dpdk.org?subject=unsubscribe>
List-Archive: <http://mails.dpdk.org/archives/test-report/>
List-Post: <mailto:test-report@dpdk.org>
List-Help: <mailto:test-report-request@dpdk.org?subject=help>
List-Subscribe: <https://mails.dpdk.org/listinfo/test-report>,
 <mailto:test-report-request@dpdk.org?subject=subscribe>
Errors-To: test-report-bounces@dpdk.org

Test-Label: iol-unit-amd64-testing
Test-Status: FAILURE
http://dpdk.org/patch/140483

_Testing issues_

Submitter: Serhii Iliushyk <sil-plv@napatech.com>
Date: Thursday, May 30 2024 14:49:14 
DPDK git baseline: Repo:dpdk
  Branch: master
  CommitID:2dbb63594a9a985e2c8639b57f9fcd1468b9de97

140480-140483 --> testing issues

Test environment and result as below:

+-----------------------------+----------------+--------------+
|         Environment         | dpdk_unit_test | lpm_autotest |
+=============================+================+==============+
| 32-bit Ubuntu 20.04.4 (ARM) | PASS           | SKIPPED      |
+-----------------------------+----------------+--------------+
| Debian 11 (Buster) (ARM)    | PASS           | SKIPPED      |
+-----------------------------+----------------+--------------+
| CentOS Stream 9 (ARM)       | PASS           | SKIPPED      |
+-----------------------------+----------------+--------------+
| Fedora 37 (ARM)             | PASS           | SKIPPED      |
+-----------------------------+----------------+--------------+
| Fedora 39 (ARM Clang)       | FAIL           | SKIPPED      |
+-----------------------------+----------------+--------------+
| Debian 12 (arm)             | PASS           | SKIPPED      |
+-----------------------------+----------------+--------------+
| Ubuntu 20.04 ARM SVE        | SKIPPED        | PASS         |
+-----------------------------+----------------+--------------+

==== 20 line log output for Fedora 39 (ARM Clang) (dpdk_unit_test): ====
 --- Failed to get log output --- 
==== End log output ====

32-bit Ubuntu 20.04.4 (ARM)
	Kernel: 5.4.0-155-generic aarch64
	Compiler: gcc 9.4

Debian 11 (Buster) (ARM)
	Kernel: Container Host Kernel
	Compiler: gcc 10.2.1

CentOS Stream 9 (ARM)
	Kernel: Container Host Kernel
	Compiler: gcc 11.4.1

Fedora 37 (ARM)
	Kernel: Depends on container host
	Compiler: gcc 12.3.1

Fedora 39 (ARM Clang)
	Kernel: Depends on container host
	Compiler: clang 17.0.6

Debian 12 (arm)
	Kernel: Container Host Kernel
	Compiler: gcc 12.2.0

Ubuntu 20.04 ARM SVE
	Kernel: 5.4.0-167-generic
	Compiler: gcc (Ubuntu 10.5.0-1ubuntu1~20.04) 10.5.0

To view detailed results, visit:
https://lab.dpdk.org/results/dashboard/patchsets/30052/

UNH-IOL DPDK Community Lab

To manage your email subscriptions, visit: 
https://lab.dpdk.org/results/dashboard/preferences/subscriptions/