From mboxrd@z Thu Jan  1 00:00:00 1970
Return-Path: <test-report-bounces@dpdk.org>
Received: from mails.dpdk.org (mails.dpdk.org [217.70.189.124])
	by inbox.dpdk.org (Postfix) with ESMTP id 1D1D544119
	for <public@inbox.dpdk.org>; Fri, 31 May 2024 05:18:43 +0200 (CEST)
Received: from mails.dpdk.org (localhost [127.0.0.1])
	by mails.dpdk.org (Postfix) with ESMTP id 150FF4027D;
	Fri, 31 May 2024 05:18:43 +0200 (CEST)
Received: from mail-oo1-f98.google.com (mail-oo1-f98.google.com
 [209.85.161.98]) by mails.dpdk.org (Postfix) with ESMTP id C1B484027C
 for <test-report@dpdk.org>; Fri, 31 May 2024 05:18:41 +0200 (CEST)
Received: by mail-oo1-f98.google.com with SMTP id
 006d021491bc7-5b9706c84e5so945628eaf.1
 for <test-report@dpdk.org>; Thu, 30 May 2024 20:18:41 -0700 (PDT)
DKIM-Signature: v=1; a=rsa-sha256; c=relaxed/relaxed;
 d=iol.unh.edu; s=unh-iol; t=1717125521; x=1717730321; darn=dpdk.org;
 h=references:in-reply-to:cc:to:from:subject:message-id:date:from:to
 :cc:subject:date:message-id:reply-to;
 bh=4Owgq6DGsR4WOWX7InBO1YpLoDMC0qJqwMo5dmoiLAc=;
 b=aVeFkEY54/GZXQjtIw0chbyJShKCPx4FhucSs6C8R6pMwZZEcD5ib/bM8lZxqARixi
 gcxyJPpbnDd6qyQo2IaaKFgLiJKksxj0VEeqhThko6L2rU1gVj56gDq61wkBE1etJ63U
 VYMvXiNzv1ExKx0OLEeHsCkri6z2qBibKZDBs=
X-Google-DKIM-Signature: v=1; a=rsa-sha256; c=relaxed/relaxed;
 d=1e100.net; s=20230601; t=1717125521; x=1717730321;
 h=references:in-reply-to:cc:to:from:subject:message-id:date
 :x-gm-message-state:from:to:cc:subject:date:message-id:reply-to;
 bh=4Owgq6DGsR4WOWX7InBO1YpLoDMC0qJqwMo5dmoiLAc=;
 b=eX7TwNVpF9gPyVV9N/7o7N5xKz2HQlX2uI0U3mQpUMoEsWSUVbi95tABNEUdVIrRIF
 wkr09g4qWvcELmQ6eJxSNTFMqvciGu0LLPPBPD3Aiygv8u6Y8EmzhaVRxo9x7Z6Xb+f2
 ahdbF/meX1znyaQkCDf7uFf1it9BSkidIDDWC57Hlcy78zewYNZ2h6bELoRELQBLvelY
 wZ4D//I72ALlICLhs8GNW+z9tjx3AzkEEsX3V/NKQo1vgJ6z5BQXPn0QTnKC7S+vulPM
 H+tfwyPtLJDK5xiX/2L4ed0nFCXsWnQVUDULLfrgOTylhct889X9TtWE2XqlBRtXPwxP
 v29g==
X-Gm-Message-State: AOJu0Yzkg0PSX+OV/VUtx/EYMudJyQzuQnZaingaybf7JjfFQyYRzMrX
 Wa/Jobfs8B0/UYrNsLOnjxnR2eCQB9XKxmjf8Y58xPRUpNUuGVunBb2nlmi0ZWug58fiMYat8m+
 /CvUlXjp+F+nB3CRQoQJUhkCxiU0JCGy5S62nbXk3
X-Google-Smtp-Source: AGHT+IGttf4I/7/vf3ZVu+VleSMHl4ylaBctwaSVMOGVWC724hnpbItD/A6DBgWnKX97cLx/zSw0joIUMi8I
X-Received: by 2002:a05:6820:1ad4:b0:5b5:3d56:287b with SMTP id
 006d021491bc7-5ba05d5b472mr753707eaf.4.1717125521204; 
 Thu, 30 May 2024 20:18:41 -0700 (PDT)
Received: from postal.iol.unh.edu (postal.iol.unh.edu. [132.177.123.84])
 by smtp-relay.gmail.com with ESMTPS id
 006d021491bc7-5ba00359555sm39566eaf.6.2024.05.30.20.18.41
 (version=TLS1_2 cipher=ECDHE-ECDSA-AES128-GCM-SHA256 bits=128/128);
 Thu, 30 May 2024 20:18:41 -0700 (PDT)
X-Relaying-Domain: iol.unh.edu
Date: Thu, 30 May 2024 20:18:41 -0700 (PDT)
Message-ID: <66594191.050a0220.5aff3.25deSMTPIN_ADDED_MISSING@mx.google.com>
Received: from [172.17.0.3] (unknown [172.18.0.217])
 by postal.iol.unh.edu (Postfix) with ESMTP id A6831605C373;
 Thu, 30 May 2024 23:18:40 -0400 (EDT)
Subject: |FAILURE| pw140507 [PATCH] net/virtio: fix MAC table update
From: dpdklab@iol.unh.edu
To: Test Report <test-report@dpdk.org>
Cc: dpdk-test-reports@iol.unh.edu,
 Satha Koteswara Rao Kottidi <skoteshwar@marvell.com>
In-Reply-To: <1717090840-12170-1-git-send-email-skoteshwar@marvell.com>
References: <1717090840-12170-1-git-send-email-skoteshwar@marvell.com>
Content-Type: text/plain
X-BeenThere: test-report@dpdk.org
X-Mailman-Version: 2.1.29
Precedence: list
List-Id: automatic DPDK test reports <test-report.dpdk.org>
List-Unsubscribe: <https://mails.dpdk.org/options/test-report>,
 <mailto:test-report-request@dpdk.org?subject=unsubscribe>
List-Archive: <http://mails.dpdk.org/archives/test-report/>
List-Post: <mailto:test-report@dpdk.org>
List-Help: <mailto:test-report-request@dpdk.org?subject=help>
List-Subscribe: <https://mails.dpdk.org/listinfo/test-report>,
 <mailto:test-report-request@dpdk.org?subject=subscribe>
Errors-To: test-report-bounces@dpdk.org

Test-Label: iol-compile-arm64-testing
Test-Status: FAILURE
http://dpdk.org/patch/140507

_Testing issues_

Submitter: Satha Koteswara Rao Kottidi <skoteshwar@marvell.com>
Date: Thursday, May 30 2024 17:40:39 
DPDK git baseline: Repo:dpdk
  Branch: master
  CommitID:6f80df8cb0f889203d7cd27766abcc6ebc720e33

140507 --> testing issues

Test environment and result as below:

+---------------------+--------------------+----------------------+------------------+
|     Environment     | dpdk_meson_compile | dpdk_mingw64_compile | dpdk_compile_ovs |
+=====================+====================+======================+==================+
| FreeBSD 13.3        | PASS               | SKIPPED              | SKIPPED          |
+---------------------+--------------------+----------------------+------------------+
| Windows Server 2019 | PASS               | PASS                 | SKIPPED          |
+---------------------+--------------------+----------------------+------------------+
| Windows Server 2022 | PASS               | PASS                 | SKIPPED          |
+---------------------+--------------------+----------------------+------------------+
| FreeBSD 14.0        | PASS               | SKIPPED              | SKIPPED          |
+---------------------+--------------------+----------------------+------------------+
| CentOS Stream 8     | PASS               | SKIPPED              | PASS             |
+---------------------+--------------------+----------------------+------------------+
| CentOS Stream 9     | PASS               | SKIPPED              | PASS             |
+---------------------+--------------------+----------------------+------------------+
| Ubuntu 24.04        | FAIL               | SKIPPED              | SKIPPED          |
+---------------------+--------------------+----------------------+------------------+
| Debian 12           | PASS               | SKIPPED              | PASS             |
+---------------------+--------------------+----------------------+------------------+
| Fedora 37           | PASS               | SKIPPED              | PASS             |
+---------------------+--------------------+----------------------+------------------+
| Alpine              | PASS               | SKIPPED              | SKIPPED          |
+---------------------+--------------------+----------------------+------------------+
| Fedora 39           | PASS               | SKIPPED              | PASS             |
+---------------------+--------------------+----------------------+------------------+
| Fedora 38           | PASS               | SKIPPED              | PASS             |
+---------------------+--------------------+----------------------+------------------+
| RHEL8               | PASS               | SKIPPED              | PASS             |
+---------------------+--------------------+----------------------+------------------+
| Ubuntu 22.04        | PASS               | SKIPPED              | PASS             |
+---------------------+--------------------+----------------------+------------------+
| openSUSE Leap 15    | PASS               | SKIPPED              | PASS             |
+---------------------+--------------------+----------------------+------------------+
| Debian Bullseye     | PASS               | SKIPPED              | PASS             |
+---------------------+--------------------+----------------------+------------------+
| Ubuntu 20.04        | PASS               | SKIPPED              | PASS             |
+---------------------+--------------------+----------------------+------------------+

==== 20 line log output for Ubuntu 24.04 (dpdk_meson_compile): ====
 --- Failed to get log output --- 
==== End log output ====

FreeBSD 13.3
	Kernel: 13.3-RELEASE-p1
	Compiler: clang 17.0.6

Windows Server 2019
	Kernel: 10.0.17763
	Compiler: clang 14.0 and gcc 8.1.0 (MinGW)

Windows Server 2022
	Kernel: 10.0.20348.2031
	Compiler: clang 15.0.7, gcc 8.1.0 (MinGW), and MSVC VS 17.9

FreeBSD 14.0
	Kernel: 14.0
	Compiler: clang 16.0.6

CentOS Stream 8
	Kernel: 5.4.0-167-generic
	Compiler: gcc 8.5.0 20210514

CentOS Stream 9
	Kernel: 5.4.0-167-generic
	Compiler: gcc 11.4.1 20230605

Ubuntu 24.04
	Kernel: 5.4.0-167-generic
	Compiler: gcc 13.2.0

Debian 12
	Kernel: Container Host Kernel
	Compiler: gcc 10.2.1

Fedora 37
	Kernel: Depends on container host system
	Compiler: gcc 12.3.1

Alpine
	Kernel: 5.4.0-167-generic
	Compiler: gcc (Alpine 13.2.1_git20231014) 13.2.1 20231014

Fedora 39
	Kernel: Depends on container host
	Compiler: gcc 13.2.1

Fedora 38
	Kernel: Depends on container host
	Compiler: gcc 13.2.1

RHEL8
	Kernel: 5.4.0-167-generic
	Compiler: gcc 8.5.0 20210514 (Red Hat 8.5.0-20)

Ubuntu 22.04
	Kernel: 5.4.0-167-generic
	Compiler: gcc 11.4.0

openSUSE Leap 15
	Kernel: 5.4.0-167-generic
	Compiler: gcc 7.5.0

Debian Bullseye
	Kernel: 5.4.0-167-generic
	Compiler: gcc 10.2.1-6

Ubuntu 20.04
	Kernel: 5.4.0-167-generic
	Compiler: gcc 9.4.0-1ubuntu1~20.04.1

To view detailed results, visit:
https://lab.dpdk.org/results/dashboard/patchsets/30059/

UNH-IOL DPDK Community Lab

To manage your email subscriptions, visit: 
https://lab.dpdk.org/results/dashboard/preferences/subscriptions/