From mboxrd@z Thu Jan  1 00:00:00 1970
Return-Path: <test-report-bounces@dpdk.org>
Received: from mails.dpdk.org (mails.dpdk.org [217.70.189.124])
	by inbox.dpdk.org (Postfix) with ESMTP id 27FBB4408B
	for <public@inbox.dpdk.org>; Fri, 31 May 2024 09:45:18 +0200 (CEST)
Received: from mails.dpdk.org (localhost [127.0.0.1])
	by mails.dpdk.org (Postfix) with ESMTP id 1C66C4027D;
	Fri, 31 May 2024 09:45:18 +0200 (CEST)
Received: from mail-il1-f226.google.com (mail-il1-f226.google.com
 [209.85.166.226])
 by mails.dpdk.org (Postfix) with ESMTP id 65DDD4027C
 for <test-report@dpdk.org>; Fri, 31 May 2024 09:45:09 +0200 (CEST)
Received: by mail-il1-f226.google.com with SMTP id
 e9e14a558f8ab-3748d68b7deso753235ab.3
 for <test-report@dpdk.org>; Fri, 31 May 2024 00:45:09 -0700 (PDT)
DKIM-Signature: v=1; a=rsa-sha256; c=relaxed/relaxed;
 d=iol.unh.edu; s=unh-iol; t=1717141509; x=1717746309; darn=dpdk.org;
 h=references:in-reply-to:cc:to:from:subject:message-id:date:from:to
 :cc:subject:date:message-id:reply-to;
 bh=x3QUTpuq69wd2WCwYARz0WQKb8GflnD/BifSwOdfZ/w=;
 b=aGy58mYFbXMpBQA/Sj0rXED9WhLecob94BP6aV4cGvqrkwbqeyZycem6ETliY7XleC
 Gsw0HLhyTnD3uzOMerjsG4D3kc9IiXTV+wWkYTfpm9piVtL4zLhv6ao46J75lobgnAc+
 Dhzck2AqsnkeuC0doVvbP8W8yq8tDH9akoKmU=
X-Google-DKIM-Signature: v=1; a=rsa-sha256; c=relaxed/relaxed;
 d=1e100.net; s=20230601; t=1717141509; x=1717746309;
 h=references:in-reply-to:cc:to:from:subject:message-id:date
 :x-gm-message-state:from:to:cc:subject:date:message-id:reply-to;
 bh=x3QUTpuq69wd2WCwYARz0WQKb8GflnD/BifSwOdfZ/w=;
 b=sN5VgVujWHhKQ7uZabLMeEtuhrGozTyaIIjQKNQec+wWxTUjAQ8PI5aVyQhUIXvaDi
 eoMJSJcct7pJUKavE6V4CvqSqc7/ltNzWLRGwPFT4Y0kZyX/p65kPKSqu/OfvO6PhbOP
 jvMj9eLT7qC2XRFHHy9HZDlswxN1LacC2Lu7JVrckZFI9zvsetZic6/TcPhFWpnU3HKT
 5FfVAg7Ef1mUjPtRuToO6CqDkK8FkHYP8+FdtAjTVcxbhmYKsC1pikh55Sbpg8U7MJU7
 By3LaVcPda+jI+z49W+veSk1ke0wYmM2Xn6CASqDJUDdJBnNZDJpKWWy1eSak5ARqxbY
 RO6A==
X-Gm-Message-State: AOJu0YxEBtyU8oSBfVV9pTJVY82eBXeBMNsXg1+VFaSOwzJB5ElXQMs9
 4iPPkfPAA6F5IW9VMJKs5ocl0UBdfpKKPnJ4UxgZHRiJXpsdNV0Ik5JnqDJDB4Vn+q60TDwarcF
 LmvVRpaluA81uOnA18LDxd3cZ5iBRYJdLpEFZdiedCw866fXeAiDC2pgq
X-Google-Smtp-Source: AGHT+IEKhfzIRFgAJZZLHothJh7mfH7mODj3a4pnZacFU7GW75qeyF28uWvD+KnzsHAC+4RUJKGZVm8y2/BR
X-Received: by 2002:a05:6e02:12e2:b0:36c:4cb4:314d with SMTP id
 e9e14a558f8ab-3748b9e5682mr10914235ab.30.1717141508799; 
 Fri, 31 May 2024 00:45:08 -0700 (PDT)
Received: from postal.iol.unh.edu (postal.iol.unh.edu.
 [2606:4100:3880:1234::84]) by smtp-relay.gmail.com with ESMTPS id
 8926c6da1cb9f-4b51231568fsm20015173.24.2024.05.31.00.45.08
 (version=TLS1_2 cipher=ECDHE-ECDSA-AES128-GCM-SHA256 bits=128/128);
 Fri, 31 May 2024 00:45:08 -0700 (PDT)
X-Relaying-Domain: iol.unh.edu
Date: Fri, 31 May 2024 00:45:08 -0700 (PDT)
Message-ID: <66598004.050a0220.27183.15ebSMTPIN_ADDED_MISSING@mx.google.com>
Received: from [172.21.0.6] (unknown [172.18.0.240])
 by postal.iol.unh.edu (Postfix) with ESMTP id 68B4A6050A9C;
 Fri, 31 May 2024 03:45:08 -0400 (EDT)
Subject: |FAILURE| pw140512-140514 [PATCH] [3/3] net/mlx5: add external Tx qu
From: dpdklab@iol.unh.edu
To: Test Report <test-report@dpdk.org>
Cc: dpdk-test-reports@iol.unh.edu, Suanming Mou <suanmingm@nvidia.com>
In-Reply-To: <20240531035034.1731943-3-suanmingm@nvidia.com>
References: <20240531035034.1731943-3-suanmingm@nvidia.com>
Content-Type: text/plain
X-BeenThere: test-report@dpdk.org
X-Mailman-Version: 2.1.29
Precedence: list
List-Id: automatic DPDK test reports <test-report.dpdk.org>
List-Unsubscribe: <https://mails.dpdk.org/options/test-report>,
 <mailto:test-report-request@dpdk.org?subject=unsubscribe>
List-Archive: <http://mails.dpdk.org/archives/test-report/>
List-Post: <mailto:test-report@dpdk.org>
List-Help: <mailto:test-report-request@dpdk.org?subject=help>
List-Subscribe: <https://mails.dpdk.org/listinfo/test-report>,
 <mailto:test-report-request@dpdk.org?subject=subscribe>
Errors-To: test-report-bounces@dpdk.org

Test-Label: iol-compile-arm64-testing
Test-Status: FAILURE
http://dpdk.org/patch/140514

_Testing issues_

Submitter: Suanming Mou <suanmingm@nvidia.com>
Date: Friday, May 31 2024 03:50:34 
DPDK git baseline: Repo:dpdk
  Branch: master
  CommitID:5d185b9afaca3c98d8fd779e97d83e571660f4cf

140512-140514 --> testing issues

Test environment and result as below:

+---------------------+--------------------+----------------------+------------------+
|     Environment     | dpdk_meson_compile | dpdk_mingw64_compile | dpdk_compile_ovs |
+=====================+====================+======================+==================+
| FreeBSD 13.3        | PASS               | SKIPPED              | SKIPPED          |
+---------------------+--------------------+----------------------+------------------+
| FreeBSD 14.0        | PASS               | SKIPPED              | SKIPPED          |
+---------------------+--------------------+----------------------+------------------+
| Windows Server 2022 | PASS               | PASS                 | SKIPPED          |
+---------------------+--------------------+----------------------+------------------+
| Windows Server 2019 | PASS               | PASS                 | SKIPPED          |
+---------------------+--------------------+----------------------+------------------+
| CentOS Stream 8     | PASS               | SKIPPED              | PASS             |
+---------------------+--------------------+----------------------+------------------+
| Debian Bullseye     | PASS               | SKIPPED              | PASS             |
+---------------------+--------------------+----------------------+------------------+
| CentOS Stream 9     | PASS               | SKIPPED              | PASS             |
+---------------------+--------------------+----------------------+------------------+
| Ubuntu 20.04        | PASS               | SKIPPED              | PASS             |
+---------------------+--------------------+----------------------+------------------+
| Ubuntu 24.04        | FAIL               | SKIPPED              | SKIPPED          |
+---------------------+--------------------+----------------------+------------------+

==== 20 line log output for Ubuntu 24.04 (dpdk_meson_compile): ====
 --- Failed to get log output --- 
==== End log output ====

FreeBSD 13.3
	Kernel: 13.3-RELEASE-p1
	Compiler: clang 17.0.6

FreeBSD 14.0
	Kernel: 14.0
	Compiler: clang 16.0.6

Windows Server 2022
	Kernel: 10.0.20348.2031
	Compiler: clang 15.0.7, gcc 8.1.0 (MinGW), and MSVC VS 17.9

Windows Server 2019
	Kernel: 10.0.17763
	Compiler: clang 14.0 and gcc 8.1.0 (MinGW)

CentOS Stream 8
	Kernel: 5.4.0-167-generic
	Compiler: gcc 8.5.0 20210514

Debian Bullseye
	Kernel: 5.4.0-167-generic
	Compiler: gcc 10.2.1-6

CentOS Stream 9
	Kernel: 5.4.0-167-generic
	Compiler: gcc 11.4.1 20230605

Ubuntu 20.04
	Kernel: 5.4.0-167-generic
	Compiler: gcc 9.4.0-1ubuntu1~20.04.1

Ubuntu 24.04
	Kernel: 5.4.0-167-generic
	Compiler: gcc 13.2.0

To view detailed results, visit:
https://lab.dpdk.org/results/dashboard/patchsets/30062/

UNH-IOL DPDK Community Lab

To manage your email subscriptions, visit: 
https://lab.dpdk.org/results/dashboard/preferences/subscriptions/