From mboxrd@z Thu Jan  1 00:00:00 1970
Return-Path: <test-report-bounces@dpdk.org>
Received: from mails.dpdk.org (mails.dpdk.org [217.70.189.124])
	by inbox.dpdk.org (Postfix) with ESMTP id B8E664408B
	for <public@inbox.dpdk.org>; Fri, 31 May 2024 19:46:18 +0200 (CEST)
Received: from mails.dpdk.org (localhost [127.0.0.1])
	by mails.dpdk.org (Postfix) with ESMTP id 9B7FB402D0;
	Fri, 31 May 2024 19:46:18 +0200 (CEST)
Received: from mail-qk1-f225.google.com (mail-qk1-f225.google.com
 [209.85.222.225])
 by mails.dpdk.org (Postfix) with ESMTP id 4E9214027D
 for <test-report@dpdk.org>; Fri, 31 May 2024 19:46:17 +0200 (CEST)
Received: by mail-qk1-f225.google.com with SMTP id
 af79cd13be357-794ab4480beso163207585a.1
 for <test-report@dpdk.org>; Fri, 31 May 2024 10:46:17 -0700 (PDT)
DKIM-Signature: v=1; a=rsa-sha256; c=relaxed/relaxed;
 d=iol.unh.edu; s=unh-iol; t=1717177576; x=1717782376; darn=dpdk.org;
 h=references:in-reply-to:cc:to:from:subject:message-id:date:from:to
 :cc:subject:date:message-id:reply-to;
 bh=6gATRAXJt3ayByd1shUG291TKhiqw+c6C6yccn2C0rE=;
 b=Pr0dArvHv646BwMLXG/qIrwfEoLpilPmqS27M/GZdog2l4NSCJSAZjKUiHfdG7Uzjd
 i99JlIB6fmDYbtn/lRKmFe7uWep4gpKkga67gyBIENbu9tyqXhRRUqNRv6Oj8gFZu95N
 tbVB2ojL/79WEwZ2XiAQIKOZK00PErfcvudG8=
X-Google-DKIM-Signature: v=1; a=rsa-sha256; c=relaxed/relaxed;
 d=1e100.net; s=20230601; t=1717177576; x=1717782376;
 h=references:in-reply-to:cc:to:from:subject:message-id:date
 :x-gm-message-state:from:to:cc:subject:date:message-id:reply-to;
 bh=6gATRAXJt3ayByd1shUG291TKhiqw+c6C6yccn2C0rE=;
 b=vKou1KlBim0oFcX0ktJih9asVftpx966qUmyKxLFB+vaQDevdXh9Ic8t5rQFrOwVek
 ObWzISMHEM4+6crlwkpiatUc/njLfHn/hI/hkyUS0Qlbg3l5uBtN22BHNexjKEuSN4sl
 gKmgf2IFbKMMRxK3c6xCVvF0lXSVWfwhiYbaNwEOIfFQVcg8T9n4iJKCo+LznhiPhcqZ
 EDRkniUsXR2GhB9COYCA4SS9lmTAXIa4AeUIaXqm0881GpidQnNgdIux35PcvmWZSa4i
 OPMAugAJqSRyrBxg85Iptfb1isahOiTraN1UwE1VeoUdYh5yEeo9d4xklbsQpsHR5Qw3
 NEiw==
X-Gm-Message-State: AOJu0YxLkgADM4NlaKXH8seswwpiGkIfQZVOaNv5rCaXRzXsqOqhg6Kl
 P5u5oJyeBVjW3mKXbLwF9QgCrbJ4vQr6502J0N6wHnd4C/F+0K7CB99KG+7/3fUgQUmYIsa5W/y
 JdurphnZjatv6IO9SOod4PARJS4J4+AUHojl/QjntogGyogwmG+98xsRF
X-Google-Smtp-Source: AGHT+IHsKQrwUqJJGqe+YVRrKVM7fir9w4zlstW/Enhm6gLHDd4PpobEwHUUl61UHFpBaGC/XXybuRRaTwXA
X-Received: by 2002:a05:6214:4902:b0:6ad:7b5c:6fea with SMTP id
 6a1803df08f44-6aecd56e06emr40923936d6.4.1717177576711; 
 Fri, 31 May 2024 10:46:16 -0700 (PDT)
Received: from postal.iol.unh.edu (postal.iol.unh.edu.
 [2606:4100:3880:1234::84]) by smtp-relay.gmail.com with ESMTPS id
 6a1803df08f44-6ae4a740e5fsm1480166d6.27.2024.05.31.10.46.16
 (version=TLS1_2 cipher=ECDHE-ECDSA-AES128-GCM-SHA256 bits=128/128);
 Fri, 31 May 2024 10:46:16 -0700 (PDT)
X-Relaying-Domain: iol.unh.edu
Date: Fri, 31 May 2024 10:46:16 -0700 (PDT)
Message-ID: <665a0ce8.050a0220.79eb9.c3f9SMTPIN_ADDED_MISSING@mx.google.com>
Received: from [172.17.0.2] (unknown [172.18.0.217])
 by postal.iol.unh.edu (Postfix) with ESMTP id 660E0605C373;
 Fri, 31 May 2024 13:46:16 -0400 (EDT)
Subject: |FAILURE| pw140526-140534 [PATCH] [v2,17/17] net/ntnic: add NIM modu
From: dpdklab@iol.unh.edu
To: Test Report <test-report@dpdk.org>
Cc: dpdk-test-reports@iol.unh.edu, Serhii Iliushyk <sil-plv@napatech.com>
In-Reply-To: <20240531154731.1856874-17-sil-plv@napatech.com>
References: <20240531154731.1856874-17-sil-plv@napatech.com>
Content-Type: text/plain
X-BeenThere: test-report@dpdk.org
X-Mailman-Version: 2.1.29
Precedence: list
List-Id: automatic DPDK test reports <test-report.dpdk.org>
List-Unsubscribe: <https://mails.dpdk.org/options/test-report>,
 <mailto:test-report-request@dpdk.org?subject=unsubscribe>
List-Archive: <http://mails.dpdk.org/archives/test-report/>
List-Post: <mailto:test-report@dpdk.org>
List-Help: <mailto:test-report-request@dpdk.org?subject=help>
List-Subscribe: <https://mails.dpdk.org/listinfo/test-report>,
 <mailto:test-report-request@dpdk.org?subject=subscribe>
Errors-To: test-report-bounces@dpdk.org

Test-Label: iol-compile-arm64-testing
Test-Status: FAILURE
http://dpdk.org/patch/140534

_Testing issues_

Submitter: Serhii Iliushyk <sil-plv@napatech.com>
Date: Friday, May 31 2024 15:47:21 
DPDK git baseline: Repo:dpdk
  Branch: master
  CommitID:2dbb63594a9a985e2c8639b57f9fcd1468b9de97

140526-140534 --> testing issues

Test environment and result as below:

+----------------------------------------+--------------------+
|              Environment               | dpdk_meson_compile |
+========================================+====================+
| Ubuntu 20.04 ARM SVE                   | PASS               |
+----------------------------------------+--------------------+
| Debian 12 with MUSDK                   | PASS               |
+----------------------------------------+--------------------+
| Ubuntu 24.04 (ARM)                     | FAIL               |
+----------------------------------------+--------------------+
| Fedora 39 (ARM)                        | PASS               |
+----------------------------------------+--------------------+
| Fedora 38 (ARM)                        | PASS               |
+----------------------------------------+--------------------+
| Fedora 37 (ARM)                        | PASS               |
+----------------------------------------+--------------------+
| CentOS Stream 9 (ARM)                  | PASS               |
+----------------------------------------+--------------------+
| Ubuntu 20.04 (ARM)                     | PASS               |
+----------------------------------------+--------------------+
| Debian 11 (Buster) (ARM)               | PASS               |
+----------------------------------------+--------------------+
| Debian 12 (arm)                        | PASS               |
+----------------------------------------+--------------------+
| Ubuntu 20.04 aarch32 GCC Cross Compile | PASS               |
+----------------------------------------+--------------------+
| Ubuntu 22.04 (ARM)                     | PASS               |
+----------------------------------------+--------------------+
| Ubuntu 20.04 ARM Clang Cross Compile   | PASS               |
+----------------------------------------+--------------------+
| Ubuntu 20.04 ARM GCC Cross Compile     | PASS               |
+----------------------------------------+--------------------+
| Fedora 39 (ARM Clang)                  | PASS               |
+----------------------------------------+--------------------+
| Fedora 38 (ARM Clang)                  | PASS               |
+----------------------------------------+--------------------+

==== 20 line log output for Ubuntu 24.04 (ARM) (dpdk_meson_compile): ====
 --- Failed to get log output --- 
==== End log output ====

Ubuntu 20.04 ARM SVE
	Kernel: 5.4.0-167-generic
	Compiler: gcc (Ubuntu 10.5.0-1ubuntu1~20.04) 10.5.0

Debian 12 with MUSDK
	Kernel: Container Host Kernel
	Compiler: gcc 12.2.0

Ubuntu 24.04 (ARM)
	Kernel: 5.4.0-167-generic
	Compiler: gcc 13.2.0

Fedora 39 (ARM)
	Kernel: Depends on container host
	Compiler: gcc 13.2.1

Fedora 38 (ARM)
	Kernel: Depends on container host
	Compiler: gcc 13.2.1

Fedora 37 (ARM)
	Kernel: Depends on container host
	Compiler: gcc 12.3.1

CentOS Stream 9 (ARM)
	Kernel: Container Host Kernel
	Compiler: gcc 11.4.1

Ubuntu 20.04 (ARM)
	Kernel: Container Host Kernel
	Compiler: gcc 9.4.0

Debian 11 (Buster) (ARM)
	Kernel: Container Host Kernel
	Compiler: gcc 10.2.1

Debian 12 (arm)
	Kernel: Container Host Kernel
	Compiler: gcc 12.2.0

Ubuntu 20.04 aarch32 GCC Cross Compile
	Kernel: 5.4.0-167-generic
	Compiler: gcc 9.4.0

Ubuntu 22.04 (ARM)
	Kernel: Container Host Kernel
	Compiler: gcc 11.4.0

Ubuntu 20.04 ARM Clang Cross Compile
	Kernel: 5.4.0-72-generic
	Compiler: clang 10.0.0-4ubuntu1

Ubuntu 20.04 ARM GCC Cross Compile
	Kernel: 5.4.0-167-generic
	Compiler: aarch64-linux-gnu-gcc (Ubuntu 9.4.0-1ubuntu1~20.04.2) 9.4.0

Fedora 39 (ARM Clang)
	Kernel: Depends on container host
	Compiler: clang 17.0.6

Fedora 38 (ARM Clang)
	Kernel: Depends on container host
	Compiler: clang 16.0.6

To view detailed results, visit:
https://lab.dpdk.org/results/dashboard/patchsets/30065/

UNH-IOL DPDK Community Lab

To manage your email subscriptions, visit: 
https://lab.dpdk.org/results/dashboard/preferences/subscriptions/