From mboxrd@z Thu Jan  1 00:00:00 1970
Return-Path: <test-report-bounces@dpdk.org>
Received: from mails.dpdk.org (mails.dpdk.org [217.70.189.124])
	by inbox.dpdk.org (Postfix) with ESMTP id 34AB644120
	for <public@inbox.dpdk.org>; Fri, 31 May 2024 23:33:50 +0200 (CEST)
Received: from mails.dpdk.org (localhost [127.0.0.1])
	by mails.dpdk.org (Postfix) with ESMTP id 301D842D8C;
	Fri, 31 May 2024 23:33:50 +0200 (CEST)
Received: from mail-io1-f97.google.com (mail-io1-f97.google.com
 [209.85.166.97]) by mails.dpdk.org (Postfix) with ESMTP id 9538042D8C
 for <test-report@dpdk.org>; Fri, 31 May 2024 23:33:42 +0200 (CEST)
Received: by mail-io1-f97.google.com with SMTP id
 ca18e2360f4ac-7e24b38c022so78627839f.0
 for <test-report@dpdk.org>; Fri, 31 May 2024 14:33:42 -0700 (PDT)
DKIM-Signature: v=1; a=rsa-sha256; c=relaxed/relaxed;
 d=iol.unh.edu; s=unh-iol; t=1717191222; x=1717796022; darn=dpdk.org;
 h=references:in-reply-to:cc:to:from:subject:message-id:date:from:to
 :cc:subject:date:message-id:reply-to;
 bh=X1e8YDzzhNqUnaGnXS0QJ/S2JF0xGxJfQwo/pCiNrdI=;
 b=eg4QzoZ7nC9bdf8pKbreNdCijMiCzJcgjNIAOboWrmnDHAughi0OwB3GzCV55JcVPz
 Hr1JgKo7IDzLT8Lpic6RfVpxiarGH3aCQRjRpzy+SbK8pKIFdUWJCHcCOEzOa+3L9cV2
 occn5D/6MbntePIysI3RS6B4OKDpxWOG0h+10=
X-Google-DKIM-Signature: v=1; a=rsa-sha256; c=relaxed/relaxed;
 d=1e100.net; s=20230601; t=1717191222; x=1717796022;
 h=references:in-reply-to:cc:to:from:subject:message-id:date
 :x-gm-message-state:from:to:cc:subject:date:message-id:reply-to;
 bh=X1e8YDzzhNqUnaGnXS0QJ/S2JF0xGxJfQwo/pCiNrdI=;
 b=ET6wix1e4JOe9Q0DIFm2HNPkD2Hr5txRkRDIeTCoTInN2dnhHW4fMxI3SARJFWzFLN
 fcQ8LxuuFORKH5Pc+TlSuh7iuZhR1BxogLaNVKs9BhTowMCf/1g1gC1C3J0N7KWeX35z
 /Jy+w4k6jfrEORZLC3/1ijrJ5Hp81sZjfYNWRDzm4ZzclhWUv2gqznbQA3+Uu8F8NoZa
 /nMEi+0uzB0iEBuJ6O+wG9VrdwZM82joSKcB2r9jEUgUNfKFJC+YRXvh3XIxYlPVMz56
 w8/q5Q3K/R02tJ4XOEBKwIflBydLgBGfULdHEUrcqOzpBNsaSOz4ysrF2b51PwA4i0Rx
 YWjw==
X-Gm-Message-State: AOJu0YxYYYdJuZAbzxNZKw6DkL4rbx1PUJCf6T9PVUysCHsf/OXFsDUV
 6NVvAJ419kN463YamIt64AqBlXirCR4+dBshyyRq88Aw3gqkXQrOgohQt/xxKeH9B5OsVmEl8XS
 xd/F10WRuG8hfbxfdTBUmovTgZDPFEuYicgmKF44f
X-Google-Smtp-Source: AGHT+IFuEMheyuyHpC+z+Kl32GXN93MHsLG66khImwF6F41idz9hKYdc7Pj8L4tOt8T4EAl3cr8iw23ioekP
X-Received: by 2002:a05:6602:3c8:b0:7de:c47d:a740 with SMTP id
 ca18e2360f4ac-7eafff2467fmr238583839f.8.1717191222003; 
 Fri, 31 May 2024 14:33:42 -0700 (PDT)
Received: from postal.iol.unh.edu (postal.iol.unh.edu. [132.177.123.84])
 by smtp-relay.gmail.com with ESMTPS id
 ca18e2360f4ac-7eafe5be826sm12293439f.5.2024.05.31.14.33.41
 (version=TLS1_2 cipher=ECDHE-ECDSA-AES128-GCM-SHA256 bits=128/128);
 Fri, 31 May 2024 14:33:41 -0700 (PDT)
X-Relaying-Domain: iol.unh.edu
Date: Fri, 31 May 2024 14:33:41 -0700 (PDT)
Message-ID: <665a4235.050a0220.21b32.8842SMTPIN_ADDED_MISSING@mx.google.com>
Received: from [172.21.0.7] (unknown [172.18.0.240])
 by postal.iol.unh.edu (Postfix) with ESMTP id 84817605C373;
 Fri, 31 May 2024 17:33:41 -0400 (EDT)
Subject: |FAILURE| pw140512-140514 [PATCH] [3/3] net/mlx5: add external Tx qu
From: dpdklab@iol.unh.edu
To: Test Report <test-report@dpdk.org>
Cc: dpdk-test-reports@iol.unh.edu, Suanming Mou <suanmingm@nvidia.com>
In-Reply-To: <20240531035034.1731943-3-suanmingm@nvidia.com>
References: <20240531035034.1731943-3-suanmingm@nvidia.com>
Content-Type: text/plain
X-BeenThere: test-report@dpdk.org
X-Mailman-Version: 2.1.29
Precedence: list
List-Id: automatic DPDK test reports <test-report.dpdk.org>
List-Unsubscribe: <https://mails.dpdk.org/options/test-report>,
 <mailto:test-report-request@dpdk.org?subject=unsubscribe>
List-Archive: <http://mails.dpdk.org/archives/test-report/>
List-Post: <mailto:test-report@dpdk.org>
List-Help: <mailto:test-report-request@dpdk.org?subject=help>
List-Subscribe: <https://mails.dpdk.org/listinfo/test-report>,
 <mailto:test-report-request@dpdk.org?subject=subscribe>
Errors-To: test-report-bounces@dpdk.org

Test-Label: iol-compile-arm64-testing
Test-Status: FAILURE
http://dpdk.org/patch/140514

_Testing issues_

Submitter: Suanming Mou <suanmingm@nvidia.com>
Date: Friday, May 31 2024 03:50:34 
DPDK git baseline: Repo:dpdk
  Branch: master
  CommitID:5d185b9afaca3c98d8fd779e97d83e571660f4cf

140512-140514 --> testing issues

Test environment and result as below:

+--------------------------+--------------------+
|       Environment        | dpdk_meson_compile |
+==========================+====================+
| Ubuntu 20.04 ARM SVE     | PASS               |
+--------------------------+--------------------+
| Fedora 39 (ARM)          | PASS               |
+--------------------------+--------------------+
| Debian 12 with MUSDK     | PASS               |
+--------------------------+--------------------+
| Ubuntu 24.04 (ARM)       | FAIL               |
+--------------------------+--------------------+
| Ubuntu 20.04 (ARM)       | PASS               |
+--------------------------+--------------------+
| Fedora 38 (ARM)          | PASS               |
+--------------------------+--------------------+
| Fedora 37 (ARM)          | PASS               |
+--------------------------+--------------------+
| Ubuntu 22.04 (ARM)       | PASS               |
+--------------------------+--------------------+
| Debian 12 (arm)          | PASS               |
+--------------------------+--------------------+
| Debian 11 (Buster) (ARM) | PASS               |
+--------------------------+--------------------+
| CentOS Stream 9 (ARM)    | PASS               |
+--------------------------+--------------------+

==== 20 line log output for Ubuntu 24.04 (ARM) (dpdk_meson_compile): ====
 --- Failed to get log output --- 
==== End log output ====

Ubuntu 20.04 ARM SVE
	Kernel: 5.4.0-167-generic
	Compiler: gcc (Ubuntu 10.5.0-1ubuntu1~20.04) 10.5.0

Fedora 39 (ARM)
	Kernel: Depends on container host
	Compiler: gcc 13.2.1

Debian 12 with MUSDK
	Kernel: Container Host Kernel
	Compiler: gcc 12.2.0

Ubuntu 24.04 (ARM)
	Kernel: 5.4.0-167-generic
	Compiler: gcc 13.2.0

Ubuntu 20.04 (ARM)
	Kernel: Container Host Kernel
	Compiler: gcc 9.4.0

Fedora 38 (ARM)
	Kernel: Depends on container host
	Compiler: gcc 13.2.1

Fedora 37 (ARM)
	Kernel: Depends on container host
	Compiler: gcc 12.3.1

Ubuntu 22.04 (ARM)
	Kernel: Container Host Kernel
	Compiler: gcc 11.4.0

Debian 12 (arm)
	Kernel: Container Host Kernel
	Compiler: gcc 12.2.0

Debian 11 (Buster) (ARM)
	Kernel: Container Host Kernel
	Compiler: gcc 10.2.1

CentOS Stream 9 (ARM)
	Kernel: Container Host Kernel
	Compiler: gcc 11.4.1

To view detailed results, visit:
https://lab.dpdk.org/results/dashboard/patchsets/30062/

UNH-IOL DPDK Community Lab

To manage your email subscriptions, visit: 
https://lab.dpdk.org/results/dashboard/preferences/subscriptions/