From mboxrd@z Thu Jan  1 00:00:00 1970
Return-Path: <test-report-bounces@dpdk.org>
Received: from mails.dpdk.org (mails.dpdk.org [217.70.189.124])
	by inbox.dpdk.org (Postfix) with ESMTP id 379DF44120
	for <public@inbox.dpdk.org>; Fri, 31 May 2024 23:56:39 +0200 (CEST)
Received: from mails.dpdk.org (localhost [127.0.0.1])
	by mails.dpdk.org (Postfix) with ESMTP id 2FF0542D96;
	Fri, 31 May 2024 23:56:39 +0200 (CEST)
Received: from mail-vk1-f227.google.com (mail-vk1-f227.google.com
 [209.85.221.227])
 by mails.dpdk.org (Postfix) with ESMTP id D5F3C4027A
 for <test-report@dpdk.org>; Fri, 31 May 2024 23:56:33 +0200 (CEST)
Received: by mail-vk1-f227.google.com with SMTP id
 71dfb90a1353d-4e4f0020ca3so717346e0c.2
 for <test-report@dpdk.org>; Fri, 31 May 2024 14:56:33 -0700 (PDT)
DKIM-Signature: v=1; a=rsa-sha256; c=relaxed/relaxed;
 d=iol.unh.edu; s=unh-iol; t=1717192593; x=1717797393; darn=dpdk.org;
 h=references:in-reply-to:cc:to:from:subject:message-id:date:from:to
 :cc:subject:date:message-id:reply-to;
 bh=Wn6V4PJD2lbsepnmS50JNb4KAcMrD/fcd3j7KsV2ROE=;
 b=S3Ubkl/2Ww9GclOcRC6sOVu2BASucbhtmNCcX1Wj+2zimgQXK0CWA0adO/O5pYw75N
 3ICsZS6YAviDJ4QwGK/Fk8s7TTTWDO57PojoN+yMJkEETGAm4yufBrrIxJlz1UECiP0p
 OZ76rXhFBEPihGPnfSc1avhdGpo0RhYeiufjg=
X-Google-DKIM-Signature: v=1; a=rsa-sha256; c=relaxed/relaxed;
 d=1e100.net; s=20230601; t=1717192593; x=1717797393;
 h=references:in-reply-to:cc:to:from:subject:message-id:date
 :x-gm-message-state:from:to:cc:subject:date:message-id:reply-to;
 bh=Wn6V4PJD2lbsepnmS50JNb4KAcMrD/fcd3j7KsV2ROE=;
 b=Cb2e50QTNgOpGwttN5gzcCfmJQvFriTfGFhifEQz6hFPsQHSy6IUDzm8p5pmkn7PXb
 XbAHXg/7rMOhJ51oUIdwKustkCUH/fxLFLGyO2ZAOseIh1luGSUNvm8DeEnZXbd44qZQ
 hroakR4q8i+n/Qa4Va36YWo7XaDsetf9p5IgqRfX+0k41dR4GSWwp4IbRNZG+IVcBTdT
 xpG3EleYTt3XEhBPE/YGqTrD51VYvq1FhtabalO0miTprDSVo+0H9N/yhdydNMiRoTr6
 5WbMpyvJQrqBIU73wH2agCDr+7jyl+bEfxw3f+rrr3IZU75nTvetuG5IKdRwm7erEjkN
 OAVg==
X-Gm-Message-State: AOJu0YywStBVoARVSyiVPqZFQ2IArnoMKc2X25BDNsPvS+vdMUp1iGwn
 aJgOMeD3Kd4ETcjnV7GrYeozDTAoSE9nlFkknEvhIOfHrWWwNrUVOwAfVXnrXELaZjrXA+4BOm4
 yO+OZJ1OU0OQPZzO7W75rnrGKUKo+2xm+oI5jNaUqEKjNqfnfWOtTaXaV
X-Google-Smtp-Source: AGHT+IHCBeI2LmyNX4lS999uFCX6/lPodH6GyV00ZFKe1gk64PQrmELQgvCSsQyhSx1SBhYTro71xykS5aju
X-Received: by 2002:a1f:49c1:0:b0:4df:261c:fc0c with SMTP id
 71dfb90a1353d-4eb02eb758bmr3048476e0c.13.1717192592694; 
 Fri, 31 May 2024 14:56:32 -0700 (PDT)
Received: from postal.iol.unh.edu (postal.iol.unh.edu.
 [2606:4100:3880:1234::84]) by smtp-relay.gmail.com with ESMTPS id
 71dfb90a1353d-4eafef6a946sm126203e0c.12.2024.05.31.14.56.32
 (version=TLS1_2 cipher=ECDHE-ECDSA-AES128-GCM-SHA256 bits=128/128);
 Fri, 31 May 2024 14:56:32 -0700 (PDT)
X-Relaying-Domain: iol.unh.edu
Date: Fri, 31 May 2024 14:56:32 -0700 (PDT)
Message-ID: <665a4790.050a0220.c292c.93f3SMTPIN_ADDED_MISSING@mx.google.com>
Received: from [172.21.0.8] (unknown [172.18.0.240])
 by postal.iol.unh.edu (Postfix) with ESMTP id 505D7605C373;
 Fri, 31 May 2024 17:56:32 -0400 (EDT)
Subject: |FAILURE| pw140512-140514 [PATCH] [3/3] net/mlx5: add external Tx qu
From: dpdklab@iol.unh.edu
To: Test Report <test-report@dpdk.org>
Cc: dpdk-test-reports@iol.unh.edu, Suanming Mou <suanmingm@nvidia.com>
In-Reply-To: <20240531035034.1731943-3-suanmingm@nvidia.com>
References: <20240531035034.1731943-3-suanmingm@nvidia.com>
Content-Type: text/plain
X-BeenThere: test-report@dpdk.org
X-Mailman-Version: 2.1.29
Precedence: list
List-Id: automatic DPDK test reports <test-report.dpdk.org>
List-Unsubscribe: <https://mails.dpdk.org/options/test-report>,
 <mailto:test-report-request@dpdk.org?subject=unsubscribe>
List-Archive: <http://mails.dpdk.org/archives/test-report/>
List-Post: <mailto:test-report@dpdk.org>
List-Help: <mailto:test-report-request@dpdk.org?subject=help>
List-Subscribe: <https://mails.dpdk.org/listinfo/test-report>,
 <mailto:test-report-request@dpdk.org?subject=subscribe>
Errors-To: test-report-bounces@dpdk.org

Test-Label: iol-unit-arm64-testing
Test-Status: FAILURE
http://dpdk.org/patch/140514

_Testing issues_

Submitter: Suanming Mou <suanmingm@nvidia.com>
Date: Friday, May 31 2024 03:50:34 
DPDK git baseline: Repo:dpdk
  Branch: master
  CommitID:5d185b9afaca3c98d8fd779e97d83e571660f4cf

140512-140514 --> testing issues

Test environment and result as below:

+-----------------------------+----------------+------------------------------+---------------------------+
|         Environment         | dpdk_unit_test | cryptodev_sw_snow3g_autotest | cryptodev_sw_zuc_autotest |
+=============================+================+==============================+===========================+
| CentOS Stream 9 (ARM)       | PASS           | SKIPPED                      | SKIPPED                   |
+-----------------------------+----------------+------------------------------+---------------------------+
| Debian 11 (Buster) (ARM)    | PASS           | SKIPPED                      | SKIPPED                   |
+-----------------------------+----------------+------------------------------+---------------------------+
| Debian 12 (arm)             | PASS           | PASS                         | PASS                      |
+-----------------------------+----------------+------------------------------+---------------------------+
| Fedora 37 (ARM)             | PASS           | SKIPPED                      | SKIPPED                   |
+-----------------------------+----------------+------------------------------+---------------------------+
| Fedora 38 (ARM)             | PASS           | SKIPPED                      | SKIPPED                   |
+-----------------------------+----------------+------------------------------+---------------------------+
| Fedora 39 (ARM)             | PASS           | SKIPPED                      | SKIPPED                   |
+-----------------------------+----------------+------------------------------+---------------------------+
| Ubuntu 20.04 (ARM)          | PASS           | SKIPPED                      | SKIPPED                   |
+-----------------------------+----------------+------------------------------+---------------------------+
| Ubuntu 22.04 (ARM)          | PASS           | SKIPPED                      | SKIPPED                   |
+-----------------------------+----------------+------------------------------+---------------------------+
| Ubuntu 24.04 (ARM)          | FAIL           | SKIPPED                      | SKIPPED                   |
+-----------------------------+----------------+------------------------------+---------------------------+
| 32-bit Ubuntu 20.04.4 (ARM) | PASS           | SKIPPED                      | SKIPPED                   |
+-----------------------------+----------------+------------------------------+---------------------------+
| Fedora 39 (ARM Clang)       | PASS           | SKIPPED                      | SKIPPED                   |
+-----------------------------+----------------+------------------------------+---------------------------+

==== 20 line log output for Ubuntu 24.04 (ARM) (dpdk_unit_test): ====
 --- Failed to get log output --- 
==== End log output ====

CentOS Stream 9 (ARM)
	Kernel: Container Host Kernel
	Compiler: gcc 11.4.1

Debian 11 (Buster) (ARM)
	Kernel: Container Host Kernel
	Compiler: gcc 10.2.1

Debian 12 (arm)
	Kernel: Container Host Kernel
	Compiler: gcc 12.2.0

Fedora 37 (ARM)
	Kernel: Depends on container host
	Compiler: gcc 12.3.1

Fedora 38 (ARM)
	Kernel: Depends on container host
	Compiler: gcc 13.2.1

Fedora 39 (ARM)
	Kernel: Depends on container host
	Compiler: gcc 13.2.1

Ubuntu 20.04 (ARM)
	Kernel: Container Host Kernel
	Compiler: gcc 9.4.0

Ubuntu 22.04 (ARM)
	Kernel: Container Host Kernel
	Compiler: gcc 11.4.0

Ubuntu 24.04 (ARM)
	Kernel: 5.4.0-167-generic
	Compiler: gcc 13.2.0

32-bit Ubuntu 20.04.4 (ARM)
	Kernel: 5.4.0-155-generic aarch64
	Compiler: gcc 9.4

Fedora 39 (ARM Clang)
	Kernel: Depends on container host
	Compiler: clang 17.0.6

To view detailed results, visit:
https://lab.dpdk.org/results/dashboard/patchsets/30062/

UNH-IOL DPDK Community Lab

To manage your email subscriptions, visit: 
https://lab.dpdk.org/results/dashboard/preferences/subscriptions/