From mboxrd@z Thu Jan  1 00:00:00 1970
Return-Path: <test-report-bounces@dpdk.org>
Received: from mails.dpdk.org (mails.dpdk.org [217.70.189.124])
	by inbox.dpdk.org (Postfix) with ESMTP id 504F744121
	for <public@inbox.dpdk.org>; Sat,  1 Jun 2024 00:02:16 +0200 (CEST)
Received: from mails.dpdk.org (localhost [127.0.0.1])
	by mails.dpdk.org (Postfix) with ESMTP id 4860F402A7;
	Sat,  1 Jun 2024 00:02:16 +0200 (CEST)
Received: from mail-io1-f99.google.com (mail-io1-f99.google.com
 [209.85.166.99]) by mails.dpdk.org (Postfix) with ESMTP id 2A34340299
 for <test-report@dpdk.org>; Sat,  1 Jun 2024 00:02:15 +0200 (CEST)
Received: by mail-io1-f99.google.com with SMTP id
 ca18e2360f4ac-7eacb1bc636so118703639f.2
 for <test-report@dpdk.org>; Fri, 31 May 2024 15:02:15 -0700 (PDT)
DKIM-Signature: v=1; a=rsa-sha256; c=relaxed/relaxed;
 d=iol.unh.edu; s=unh-iol; t=1717192934; x=1717797734; darn=dpdk.org;
 h=references:in-reply-to:cc:to:from:subject:message-id:date:from:to
 :cc:subject:date:message-id:reply-to;
 bh=Wn6V4PJD2lbsepnmS50JNb4KAcMrD/fcd3j7KsV2ROE=;
 b=T4OYEFpA3nIFQOHtb8l475Top/84osHZWgbV8uAI4byZCVXrX5Pu71lLuYN65GB0mZ
 n5agTMHS/1ziNomoctNTHaJ3rPsXRirgcTOLkfO6O/ClHMk8yKmIf/1s4tQ/bVKwVRTK
 BTzDBskHnRQQo5PsAlvRBdws6LUK+I9dtP+fA=
X-Google-DKIM-Signature: v=1; a=rsa-sha256; c=relaxed/relaxed;
 d=1e100.net; s=20230601; t=1717192934; x=1717797734;
 h=references:in-reply-to:cc:to:from:subject:message-id:date
 :x-gm-message-state:from:to:cc:subject:date:message-id:reply-to;
 bh=Wn6V4PJD2lbsepnmS50JNb4KAcMrD/fcd3j7KsV2ROE=;
 b=u3xEd/FUtAZ8zFITGmTdgaZ2+3rymFZx5qPRk5bNO1zx7l+0O/fToVVNUWFNkbxXmc
 b0kJYVYTL2/8dzPXjA99utT56aROisXgsFMytUwUKoyXIrGji5CJQE8dTdqL8TfVaNR5
 3nKf4ZfO1ypv0Nfw6mG87BkLjUugN9XKToFhUZRPjVcnrUu6i1MxxrLkcNpJ5l6f5+rY
 BS/ydoleKEzo01+jJQSK9XmLdpBftOyRKS8ylYnLzZZJ0P9bW6C/ugI6fSCph/BMfHwq
 cyKFr1PzVOY45kCmj40xv0yMxr8MLYvNhusPHjLqYwPEnPRjks4LSRL5YcXxtRk0NMjk
 ik1g==
X-Gm-Message-State: AOJu0YxPlwBW7w44wkFsYUquWBKZDZ+GM6Bzo6p+gTG6LfPRg9Lcg8hJ
 hFI7m6Sx5DS5nzSegOS5CdR9E1XESRjf81BTFKblnVt8qNqc6EIGQsNqW06oZVgYXUb7BBlk81A
 wlsFx08gF00n+8rIrJB/jMdz0AgySS4M3yxLC8Sy3deGqjaLfQLrT4rkd
X-Google-Smtp-Source: AGHT+IGM2rzVAc8hJbHYpbppyJGE6cKwmS2hFLlon3HK8Aip8xltbMKmHKBCkffoVU2tNfi84rJyYEP2G2Li
X-Received: by 2002:a05:6602:1688:b0:7e2:36f3:6145 with SMTP id
 ca18e2360f4ac-7eafff24ba3mr339643839f.20.1717192934286; 
 Fri, 31 May 2024 15:02:14 -0700 (PDT)
Received: from postal.iol.unh.edu (postal.iol.unh.edu.
 [2606:4100:3880:1234::84]) by smtp-relay.gmail.com with ESMTPS id
 8926c6da1cb9f-4b48903c96esm101139173.51.2024.05.31.15.02.14
 (version=TLS1_2 cipher=ECDHE-ECDSA-AES128-GCM-SHA256 bits=128/128);
 Fri, 31 May 2024 15:02:14 -0700 (PDT)
X-Relaying-Domain: iol.unh.edu
Date: Fri, 31 May 2024 15:02:14 -0700 (PDT)
Message-ID: <665a48e6.020a0220.7208f.73a9SMTPIN_ADDED_MISSING@mx.google.com>
Received: from [172.21.0.6] (unknown [172.18.0.240])
 by postal.iol.unh.edu (Postfix) with ESMTP id BE89B605C373;
 Fri, 31 May 2024 18:02:13 -0400 (EDT)
Subject: |FAILURE| pw140512-140514 [PATCH] [3/3] net/mlx5: add external Tx qu
From: dpdklab@iol.unh.edu
To: Test Report <test-report@dpdk.org>
Cc: dpdk-test-reports@iol.unh.edu, Suanming Mou <suanmingm@nvidia.com>
In-Reply-To: <20240531035034.1731943-3-suanmingm@nvidia.com>
References: <20240531035034.1731943-3-suanmingm@nvidia.com>
Content-Type: text/plain
X-BeenThere: test-report@dpdk.org
X-Mailman-Version: 2.1.29
Precedence: list
List-Id: automatic DPDK test reports <test-report.dpdk.org>
List-Unsubscribe: <https://mails.dpdk.org/options/test-report>,
 <mailto:test-report-request@dpdk.org?subject=unsubscribe>
List-Archive: <http://mails.dpdk.org/archives/test-report/>
List-Post: <mailto:test-report@dpdk.org>
List-Help: <mailto:test-report-request@dpdk.org?subject=help>
List-Subscribe: <https://mails.dpdk.org/listinfo/test-report>,
 <mailto:test-report-request@dpdk.org?subject=subscribe>
Errors-To: test-report-bounces@dpdk.org

Test-Label: iol-unit-arm64-testing
Test-Status: FAILURE
http://dpdk.org/patch/140514

_Testing issues_

Submitter: Suanming Mou <suanmingm@nvidia.com>
Date: Friday, May 31 2024 03:50:34 
DPDK git baseline: Repo:dpdk
  Branch: master
  CommitID:5d185b9afaca3c98d8fd779e97d83e571660f4cf

140512-140514 --> testing issues

Test environment and result as below:

+-----------------------------+----------------+------------------------------+---------------------------+
|         Environment         | dpdk_unit_test | cryptodev_sw_snow3g_autotest | cryptodev_sw_zuc_autotest |
+=============================+================+==============================+===========================+
| CentOS Stream 9 (ARM)       | PASS           | SKIPPED                      | SKIPPED                   |
+-----------------------------+----------------+------------------------------+---------------------------+
| Debian 11 (Buster) (ARM)    | PASS           | SKIPPED                      | SKIPPED                   |
+-----------------------------+----------------+------------------------------+---------------------------+
| Debian 12 (arm)             | PASS           | PASS                         | PASS                      |
+-----------------------------+----------------+------------------------------+---------------------------+
| Fedora 37 (ARM)             | PASS           | SKIPPED                      | SKIPPED                   |
+-----------------------------+----------------+------------------------------+---------------------------+
| Fedora 38 (ARM)             | PASS           | SKIPPED                      | SKIPPED                   |
+-----------------------------+----------------+------------------------------+---------------------------+
| Fedora 39 (ARM)             | PASS           | SKIPPED                      | SKIPPED                   |
+-----------------------------+----------------+------------------------------+---------------------------+
| Ubuntu 20.04 (ARM)          | PASS           | SKIPPED                      | SKIPPED                   |
+-----------------------------+----------------+------------------------------+---------------------------+
| Ubuntu 22.04 (ARM)          | PASS           | SKIPPED                      | SKIPPED                   |
+-----------------------------+----------------+------------------------------+---------------------------+
| Ubuntu 24.04 (ARM)          | FAIL           | SKIPPED                      | SKIPPED                   |
+-----------------------------+----------------+------------------------------+---------------------------+
| 32-bit Ubuntu 20.04.4 (ARM) | PASS           | SKIPPED                      | SKIPPED                   |
+-----------------------------+----------------+------------------------------+---------------------------+
| Fedora 39 (ARM Clang)       | PASS           | SKIPPED                      | SKIPPED                   |
+-----------------------------+----------------+------------------------------+---------------------------+

==== 20 line log output for Ubuntu 24.04 (ARM) (dpdk_unit_test): ====
 --- Failed to get log output --- 
==== End log output ====

CentOS Stream 9 (ARM)
	Kernel: Container Host Kernel
	Compiler: gcc 11.4.1

Debian 11 (Buster) (ARM)
	Kernel: Container Host Kernel
	Compiler: gcc 10.2.1

Debian 12 (arm)
	Kernel: Container Host Kernel
	Compiler: gcc 12.2.0

Fedora 37 (ARM)
	Kernel: Depends on container host
	Compiler: gcc 12.3.1

Fedora 38 (ARM)
	Kernel: Depends on container host
	Compiler: gcc 13.2.1

Fedora 39 (ARM)
	Kernel: Depends on container host
	Compiler: gcc 13.2.1

Ubuntu 20.04 (ARM)
	Kernel: Container Host Kernel
	Compiler: gcc 9.4.0

Ubuntu 22.04 (ARM)
	Kernel: Container Host Kernel
	Compiler: gcc 11.4.0

Ubuntu 24.04 (ARM)
	Kernel: 5.4.0-167-generic
	Compiler: gcc 13.2.0

32-bit Ubuntu 20.04.4 (ARM)
	Kernel: 5.4.0-155-generic aarch64
	Compiler: gcc 9.4

Fedora 39 (ARM Clang)
	Kernel: Depends on container host
	Compiler: clang 17.0.6

To view detailed results, visit:
https://lab.dpdk.org/results/dashboard/patchsets/30062/

UNH-IOL DPDK Community Lab

To manage your email subscriptions, visit: 
https://lab.dpdk.org/results/dashboard/preferences/subscriptions/