From mboxrd@z Thu Jan  1 00:00:00 1970
Return-Path: <test-report-bounces@dpdk.org>
Received: from mails.dpdk.org (mails.dpdk.org [217.70.189.124])
	by inbox.dpdk.org (Postfix) with ESMTP id 65ADC44129
	for <public@inbox.dpdk.org>; Sat,  1 Jun 2024 20:07:35 +0200 (CEST)
Received: from mails.dpdk.org (localhost [127.0.0.1])
	by mails.dpdk.org (Postfix) with ESMTP id 5E23540270;
	Sat,  1 Jun 2024 20:07:35 +0200 (CEST)
Received: from mail-il1-f227.google.com (mail-il1-f227.google.com
 [209.85.166.227])
 by mails.dpdk.org (Postfix) with ESMTP id 69EB04025F
 for <test-report@dpdk.org>; Sat,  1 Jun 2024 20:07:34 +0200 (CEST)
Received: by mail-il1-f227.google.com with SMTP id
 e9e14a558f8ab-3737b412ad6so12974445ab.2
 for <test-report@dpdk.org>; Sat, 01 Jun 2024 11:07:34 -0700 (PDT)
DKIM-Signature: v=1; a=rsa-sha256; c=relaxed/relaxed;
 d=iol.unh.edu; s=unh-iol; t=1717265254; x=1717870054; darn=dpdk.org;
 h=references:in-reply-to:cc:to:from:subject:message-id:date:from:to
 :cc:subject:date:message-id:reply-to;
 bh=Crtcf6fgBFO3+HEHf8lL9yH0TiGn8gJhwkMDgM+3nus=;
 b=eWc5+D/QMNUuqxAE3RpPdg8QsOUsn+EY0Fh8H6kOpcdYBcP3zGvXCx7G3wuZlR76Hw
 9RzzJmYWAReZMw7CsbeLkqVm6PssC8EBH33QS29dEXCevaWypq9H/v9qaU4Ujw1tnE9K
 JWVo7Psbb6ZL8QGKBecfRokrWMujvZjG3pEcc=
X-Google-DKIM-Signature: v=1; a=rsa-sha256; c=relaxed/relaxed;
 d=1e100.net; s=20230601; t=1717265254; x=1717870054;
 h=references:in-reply-to:cc:to:from:subject:message-id:date
 :x-gm-message-state:from:to:cc:subject:date:message-id:reply-to;
 bh=Crtcf6fgBFO3+HEHf8lL9yH0TiGn8gJhwkMDgM+3nus=;
 b=OvMK3j3PrugHqB2kAcjUL3MYJlT4V1Qj9HaZj78PJy2MZDV6rNCMXNDdsMbwJBKnL9
 wr3UynAI+iD7moXxrIWWDHMN7oCtMSNUYilOZXUcGum8aIY8u5xGsBntWOyIbYLxlNWJ
 aVeBPx3fCElLY0qmM//Jq1d1sjz20gc/dJzfRUnmCNx3+GN28r02to+8DBpuS0gsMADX
 mfhzcb6fWnru1+N5iGFkaZHUJRF4bjRS+XnDYModDY/QzFy+zsRNYernZ64CWAPdodxF
 pIR/w2ohtD8wTkW5vzyh5SnGNblM22SmEPGiceG0UnH0hCkieZgl0SElq43EGAuNE7ob
 yqHQ==
X-Gm-Message-State: AOJu0YwdM/wMTbivyoOoisZcjdY1i44EwALG9YXCruIz7uxwLpP+Mabr
 Zx8OtvpPMXTwN0Wa9Z4ZoaJ/nhpGxpPYu5NPnmiRPBrdUKYHB/Xc16Hhu4K3992avb2Vvr4qtFB
 ccPUNvBwvPAsAMgQs19nF/Otwo5camZU4hO9scxqrxzP1XoOxSHAu/H54
X-Google-Smtp-Source: AGHT+IEBnbVXx11FvwMNVnP5MsnhuSAwtjHYDB6wF3YmqAXX8fD7Nwn5+9nFI85QQDN/7gSHoUDzWafEADi/
X-Received: by 2002:a05:6e02:1a8a:b0:36c:c9f:ccd0 with SMTP id
 e9e14a558f8ab-3748b991874mr59034985ab.17.1717265253827; 
 Sat, 01 Jun 2024 11:07:33 -0700 (PDT)
Received: from postal.iol.unh.edu (postal.iol.unh.edu.
 [2606:4100:3880:1234::84]) by smtp-relay.gmail.com with ESMTPS id
 e9e14a558f8ab-3748a129cb2sm1397425ab.0.2024.06.01.11.07.33
 (version=TLS1_2 cipher=ECDHE-ECDSA-AES128-GCM-SHA256 bits=128/128);
 Sat, 01 Jun 2024 11:07:33 -0700 (PDT)
X-Relaying-Domain: iol.unh.edu
Date: Sat, 01 Jun 2024 11:07:33 -0700 (PDT)
Message-ID: <665b6365.050a0220.11adc8.ab0cSMTPIN_ADDED_MISSING@mx.google.com>
Received: from [172.21.0.6] (unknown [172.18.0.240])
 by postal.iol.unh.edu (Postfix) with ESMTP id E61C8605C373;
 Sat,  1 Jun 2024 14:07:32 -0400 (EDT)
Subject: |FAILURE| pw140400 [PATCH] net/mlx5: break resource release forever 
From: dpdklab@iol.unh.edu
To: Test Report <test-report@dpdk.org>
Cc: dpdk-test-reports@iol.unh.edu, Alexander Kozyrev <akozyrev@nvidia.com>
In-Reply-To: <20240529214632.1980988-1-akozyrev@nvidia.com>
References: <20240529214632.1980988-1-akozyrev@nvidia.com>
Content-Type: text/plain
X-BeenThere: test-report@dpdk.org
X-Mailman-Version: 2.1.29
Precedence: list
List-Id: automatic DPDK test reports <test-report.dpdk.org>
List-Unsubscribe: <https://mails.dpdk.org/options/test-report>,
 <mailto:test-report-request@dpdk.org?subject=unsubscribe>
List-Archive: <http://mails.dpdk.org/archives/test-report/>
List-Post: <mailto:test-report@dpdk.org>
List-Help: <mailto:test-report-request@dpdk.org?subject=help>
List-Subscribe: <https://mails.dpdk.org/listinfo/test-report>,
 <mailto:test-report-request@dpdk.org?subject=subscribe>
Errors-To: test-report-bounces@dpdk.org

Test-Label: iol-compile-amd64-testing
Test-Status: FAILURE
http://dpdk.org/patch/140400

_Testing issues_

Submitter: Alexander Kozyrev <akozyrev@nvidia.com>
Date: Wednesday, May 29 2024 21:46:32 
DPDK git baseline: Repo:dpdk
  Branch: master
  CommitID:5d185b9afaca3c98d8fd779e97d83e571660f4cf

140400 --> testing issues

Test environment and result as below:

+---------------------+--------------------+----------------------+-------------------+------------------+
|     Environment     | dpdk_meson_compile | dpdk_mingw64_compile | dpdk_msvc_compile | dpdk_compile_ovs |
+=====================+====================+======================+===================+==================+
| FreeBSD 13.3        | PASS               | SKIPPED              | SKIPPED           | SKIPPED          |
+---------------------+--------------------+----------------------+-------------------+------------------+
| FreeBSD 14.0        | PASS               | SKIPPED              | SKIPPED           | SKIPPED          |
+---------------------+--------------------+----------------------+-------------------+------------------+
| Windows Server 2022 | PASS               | PASS                 | PASS              | SKIPPED          |
+---------------------+--------------------+----------------------+-------------------+------------------+
| Windows Server 2019 | PASS               | PASS                 | SKIPPED           | SKIPPED          |
+---------------------+--------------------+----------------------+-------------------+------------------+
| CentOS Stream 9     | PASS               | SKIPPED              | SKIPPED           | PASS             |
+---------------------+--------------------+----------------------+-------------------+------------------+
| Debian 12           | PASS               | SKIPPED              | SKIPPED           | PASS             |
+---------------------+--------------------+----------------------+-------------------+------------------+
| CentOS Stream 8     | PASS               | SKIPPED              | SKIPPED           | PASS             |
+---------------------+--------------------+----------------------+-------------------+------------------+
| Debian Bullseye     | PASS               | SKIPPED              | SKIPPED           | PASS             |
+---------------------+--------------------+----------------------+-------------------+------------------+
| Fedora 38           | PASS               | SKIPPED              | SKIPPED           | PASS             |
+---------------------+--------------------+----------------------+-------------------+------------------+
| Ubuntu 24.04        | FAIL               | SKIPPED              | SKIPPED           | SKIPPED          |
+---------------------+--------------------+----------------------+-------------------+------------------+
| Fedora 39           | PASS               | SKIPPED              | SKIPPED           | PASS             |
+---------------------+--------------------+----------------------+-------------------+------------------+
| RHEL8               | PASS               | SKIPPED              | SKIPPED           | PASS             |
+---------------------+--------------------+----------------------+-------------------+------------------+
| openSUSE Leap 15    | PASS               | SKIPPED              | SKIPPED           | PASS             |
+---------------------+--------------------+----------------------+-------------------+------------------+
| Ubuntu 20.04        | PASS               | SKIPPED              | SKIPPED           | PASS             |
+---------------------+--------------------+----------------------+-------------------+------------------+
| Ubuntu 22.04        | PASS               | SKIPPED              | SKIPPED           | PASS             |
+---------------------+--------------------+----------------------+-------------------+------------------+
| Alpine              | PASS               | SKIPPED              | SKIPPED           | PASS             |
+---------------------+--------------------+----------------------+-------------------+------------------+
| Fedora 37           | PASS               | SKIPPED              | SKIPPED           | PASS             |
+---------------------+--------------------+----------------------+-------------------+------------------+

==== 20 line log output for Ubuntu 24.04 (dpdk_meson_compile): ====
 --- Failed to get log output --- 
==== End log output ====

FreeBSD 13.3
	Kernel: 13.3-RELEASE-p1
	Compiler: clang 17.0.6

FreeBSD 14.0
	Kernel: 14.0
	Compiler: clang 16.0.6

Windows Server 2022
	Kernel: 10.0.20348.2031
	Compiler: clang 15.0.7, gcc 8.1.0 (MinGW), and MSVC VS 17.9

Windows Server 2019
	Kernel: 10.0.17763
	Compiler: clang 14.0 and gcc 8.1.0 (MinGW)

CentOS Stream 9
	Kernel: 5.4.0-167-generic
	Compiler: gcc 11.4.1 20230605

Debian 12
	Kernel: Container Host Kernel
	Compiler: gcc 10.2.1

CentOS Stream 8
	Kernel: 5.4.0-167-generic
	Compiler: gcc 8.5.0 20210514

Debian Bullseye
	Kernel: 5.4.0-167-generic
	Compiler: gcc 10.2.1-6

Fedora 38
	Kernel: Depends on container host
	Compiler: gcc 13.2.1

Ubuntu 24.04
	Kernel: 5.4.0-167-generic
	Compiler: gcc 13.2.0

Fedora 39
	Kernel: Depends on container host
	Compiler: gcc 13.2.1

RHEL8
	Kernel: 5.4.0-167-generic
	Compiler: gcc 8.5.0 20210514 (Red Hat 8.5.0-20)

openSUSE Leap 15
	Kernel: 5.4.0-167-generic
	Compiler: gcc 7.5.0

Ubuntu 20.04
	Kernel: 5.4.0-167-generic
	Compiler: gcc 9.4.0-1ubuntu1~20.04.1

Ubuntu 22.04
	Kernel: 5.4.0-167-generic
	Compiler: gcc 11.4.0

Alpine
	Kernel: 5.4.0-167-generic
	Compiler: gcc (Alpine 13.2.1_git20231014) 13.2.1 20231014

Fedora 37
	Kernel: Depends on container host system
	Compiler: gcc 12.3.1

To view detailed results, visit:
https://lab.dpdk.org/results/dashboard/patchsets/30042/

UNH-IOL DPDK Community Lab

To manage your email subscriptions, visit: 
https://lab.dpdk.org/results/dashboard/preferences/subscriptions/