From mboxrd@z Thu Jan  1 00:00:00 1970
Return-Path: <test-report-bounces@dpdk.org>
Received: from mails.dpdk.org (mails.dpdk.org [217.70.189.124])
	by inbox.dpdk.org (Postfix) with ESMTP id EAA7C4414A
	for <public@inbox.dpdk.org>; Mon,  3 Jun 2024 19:25:24 +0200 (CEST)
Received: from mails.dpdk.org (localhost [127.0.0.1])
	by mails.dpdk.org (Postfix) with ESMTP id E6CEF42E5D;
	Mon,  3 Jun 2024 19:25:24 +0200 (CEST)
Received: from mail-oa1-f98.google.com (mail-oa1-f98.google.com
 [209.85.160.98]) by mails.dpdk.org (Postfix) with ESMTP id 4EEA842E4A
 for <test-report@dpdk.org>; Mon,  3 Jun 2024 19:25:23 +0200 (CEST)
Received: by mail-oa1-f98.google.com with SMTP id
 586e51a60fabf-24c9f2b7b19so140885fac.0
 for <test-report@dpdk.org>; Mon, 03 Jun 2024 10:25:23 -0700 (PDT)
DKIM-Signature: v=1; a=rsa-sha256; c=relaxed/relaxed;
 d=iol.unh.edu; s=unh-iol; t=1717435522; x=1718040322; darn=dpdk.org;
 h=references:in-reply-to:cc:to:from:subject:message-id:date:from:to
 :cc:subject:date:message-id:reply-to;
 bh=65f5RMG719+aKzCwkZIJuAxKZXAVD77qKfpzzCa01TA=;
 b=VD/iv7Y95ojoEsUCrdupypiEisi/BD1zh5tWXQSK6QNmtXIz7KNmSqlO3Rt0ZlgKHc
 toKCFvZlhC4cbQaQrTvgwsWDBTlpOvmEdK204bENz1GgoFo6N9VYZUUCNPI0VuBYkkHK
 qkjWsonX0eSQPhikHiYqb5MrFRlu2zH5e73ZA=
X-Google-DKIM-Signature: v=1; a=rsa-sha256; c=relaxed/relaxed;
 d=1e100.net; s=20230601; t=1717435522; x=1718040322;
 h=references:in-reply-to:cc:to:from:subject:message-id:date
 :x-gm-message-state:from:to:cc:subject:date:message-id:reply-to;
 bh=65f5RMG719+aKzCwkZIJuAxKZXAVD77qKfpzzCa01TA=;
 b=NsV8mWMtC6/RKEedlgwVLQSux8e3HZmSTKG7ZIpRB0CYhZrjRU86Mxe1PzTS9/NKD0
 o76gu1tzrmqoSm3+l55XrH8ZoZjjUq9FI9UthM5mG2c+6GEichvsQCcEpV19CAxkENuC
 8XONV1Lz8P2BlCRxw8fgDDlidUbuFJ6LbDxb5dH5xZ1Ilg2rpJyON0hPRLEsY4wdNnBP
 5/myNEiuoObjAmtUFkm8iTpCBDZkWdWiv4MltmNbiUrfW200F2frvrrIn8kQ6Jt3MPgI
 xZiUgTU5jsmcN1+CiuYxWdg5fDP728a5XAg8NPUhb0skbNHCcJ5oU51OY8VsFBNAR8+/
 OD1w==
X-Gm-Message-State: AOJu0YxhrhLuHX0ujEUrrXEY1j20NhStvMit65OaOxGzVyWETccXhm+q
 jM13z6QeH0ojjSK5r2FF/PHD7B0yY5nNlhG7hlvRCo6WZsLVjK77wYnfGAexf7Txty4HBL2wHdf
 XFB04kkQUfqKaBjt2fqC1oVcZ0lhZVBIVRSJjXrlH
X-Google-Smtp-Source: AGHT+IEoF5q0rauxUfkHdbzhgAGLF5ck+gvRhCSYUi1meoapVFmH20p+BHtVeW7VrHFqhd8BQClqNmHtz8DL
X-Received: by 2002:a05:6870:548d:b0:250:8970:4993 with SMTP id
 586e51a60fabf-2508c049175mr10569233fac.57.1717435522559; 
 Mon, 03 Jun 2024 10:25:22 -0700 (PDT)
Received: from postal.iol.unh.edu (postal.iol.unh.edu. [132.177.123.84])
 by smtp-relay.gmail.com with ESMTPS id
 586e51a60fabf-250852599fcsm177258fac.31.2024.06.03.10.25.22
 (version=TLS1_2 cipher=ECDHE-ECDSA-AES128-GCM-SHA256 bits=128/128);
 Mon, 03 Jun 2024 10:25:22 -0700 (PDT)
X-Relaying-Domain: iol.unh.edu
Date: Mon, 03 Jun 2024 10:25:22 -0700 (PDT)
Message-ID: <665dfc82.050a0220.820e2.ef1eSMTPIN_ADDED_MISSING@mx.google.com>
Received: from [172.21.0.7] (unknown [172.18.0.240])
 by postal.iol.unh.edu (Postfix) with ESMTP id EB993605C380;
 Mon,  3 Jun 2024 13:25:21 -0400 (EDT)
Subject: |FAILURE| pw140623-140627 [PATCH] [5/5] crypto/openssl: only set cip
From: dpdklab@iol.unh.edu
To: Test Report <test-report@dpdk.org>
Cc: dpdk-test-reports@iol.unh.edu,
 Jack Bond-Preston <jack.bond-preston@foss.arm.com>
In-Reply-To: <20240603160119.1279476-6-jack.bond-preston@foss.arm.com>
References: <20240603160119.1279476-6-jack.bond-preston@foss.arm.com>
Content-Type: text/plain
X-BeenThere: test-report@dpdk.org
X-Mailman-Version: 2.1.29
Precedence: list
List-Id: automatic DPDK test reports <test-report.dpdk.org>
List-Unsubscribe: <https://mails.dpdk.org/options/test-report>,
 <mailto:test-report-request@dpdk.org?subject=unsubscribe>
List-Archive: <http://mails.dpdk.org/archives/test-report/>
List-Post: <mailto:test-report@dpdk.org>
List-Help: <mailto:test-report-request@dpdk.org?subject=help>
List-Subscribe: <https://mails.dpdk.org/listinfo/test-report>,
 <mailto:test-report-request@dpdk.org?subject=subscribe>
Errors-To: test-report-bounces@dpdk.org

Test-Label: iol-unit-amd64-testing
Test-Status: FAILURE
http://dpdk.org/patch/140627

_Testing issues_

Submitter: Jack Bond-Preston <jack.bond-preston@foss.arm.com>
Date: Monday, June 03 2024 16:01:19 
DPDK git baseline: Repo:dpdk
  Branch: master
  CommitID:367b8db312517edb9f5340d280e77b1437d84dd3

140623-140627 --> testing issues

Test environment and result as below:

+---------------------+----------------+
|     Environment     | dpdk_unit_test |
+=====================+================+
| CentOS Stream 8     | FAIL           |
+---------------------+----------------+
| CentOS Stream 9     | FAIL           |
+---------------------+----------------+
| Windows Server 2019 | PASS           |
+---------------------+----------------+
| Debian Bullseye     | FAIL           |
+---------------------+----------------+
| Fedora 38           | FAIL           |
+---------------------+----------------+
| Debian 12           | FAIL           |
+---------------------+----------------+
| Fedora 37           | FAIL           |
+---------------------+----------------+
| openSUSE Leap 15    | FAIL           |
+---------------------+----------------+
| Ubuntu 20.04        | FAIL           |
+---------------------+----------------+
| Windows Server 2022 | PASS           |
+---------------------+----------------+
| RHEL8               | FAIL           |
+---------------------+----------------+
| Fedora 39           | FAIL           |
+---------------------+----------------+

==== 20 line log output for Fedora 39 (dpdk_unit_test): ====
 --- Failed to get log output --- 
==== End log output ====

CentOS Stream 8
	Kernel: 5.4.0-167-generic
	Compiler: gcc 8.5.0 20210514

CentOS Stream 9
	Kernel: 5.4.0-167-generic
	Compiler: gcc 11.4.1 20230605

Windows Server 2019
	Kernel: 10.0.17763
	Compiler: clang 14.0 and gcc 8.1.0 (MinGW)

Debian Bullseye
	Kernel: 5.4.0-167-generic
	Compiler: gcc 10.2.1-6

Fedora 38
	Kernel: Depends on container host
	Compiler: gcc 13.2.1

Debian 12
	Kernel: Container Host Kernel
	Compiler: gcc 10.2.1

Fedora 37
	Kernel: Depends on container host system
	Compiler: gcc 12.3.1

openSUSE Leap 15
	Kernel: 5.4.0-167-generic
	Compiler: gcc 7.5.0

Ubuntu 20.04
	Kernel: 5.4.0-167-generic
	Compiler: gcc 9.4.0-1ubuntu1~20.04.1

Windows Server 2022
	Kernel: 10.0.20348.2031
	Compiler: clang 15.0.7, gcc 8.1.0 (MinGW), and MSVC VS 17.9

RHEL8
	Kernel: 5.4.0-167-generic
	Compiler: gcc 8.5.0 20210514 (Red Hat 8.5.0-20)

Fedora 39
	Kernel: Depends on container host
	Compiler: gcc 13.2.1

To view detailed results, visit:
https://lab.dpdk.org/results/dashboard/patchsets/30087/

UNH-IOL DPDK Community Lab

To manage your email subscriptions, visit: 
https://lab.dpdk.org/results/dashboard/preferences/subscriptions/