From mboxrd@z Thu Jan  1 00:00:00 1970
Return-Path: <test-report-bounces@dpdk.org>
Received: from mails.dpdk.org (mails.dpdk.org [217.70.189.124])
	by inbox.dpdk.org (Postfix) with ESMTP id DA65244161
	for <public@inbox.dpdk.org>; Wed,  5 Jun 2024 19:55:52 +0200 (CEST)
Received: from mails.dpdk.org (localhost [127.0.0.1])
	by mails.dpdk.org (Postfix) with ESMTP id CEF6F40A6B;
	Wed,  5 Jun 2024 19:55:52 +0200 (CEST)
Received: from mail-pl1-f225.google.com (mail-pl1-f225.google.com
 [209.85.214.225])
 by mails.dpdk.org (Postfix) with ESMTP id 7E37B40A6B
 for <test-report@dpdk.org>; Wed,  5 Jun 2024 19:55:51 +0200 (CEST)
Received: by mail-pl1-f225.google.com with SMTP id
 d9443c01a7336-1f480624d0dso1288385ad.1
 for <test-report@dpdk.org>; Wed, 05 Jun 2024 10:55:51 -0700 (PDT)
DKIM-Signature: v=1; a=rsa-sha256; c=relaxed/relaxed;
 d=iol.unh.edu; s=unh-iol; t=1717610151; x=1718214951; darn=dpdk.org;
 h=references:in-reply-to:cc:to:from:subject:message-id:date:from:to
 :cc:subject:date:message-id:reply-to;
 bh=pCqh1F1fWp0gUBmnhiPZhjYkYvJPsRLGhuoCJrBwkrk=;
 b=daI8ZW6zUcH3ZlR/ORfPVCpYxIbk6jn3/+GhowgB7yoI3Ynvd/+wKEZ/DLZq3Lh86X
 A/D0CMqdah4WYPWLSEurx3yFeB9CVD3rtX4zURfFntmBGM63dcs5pq+rMwEIcWpcii1e
 55zW6TKbAizv2B3zlGdaUeXRckY7HirchwH7U=
X-Google-DKIM-Signature: v=1; a=rsa-sha256; c=relaxed/relaxed;
 d=1e100.net; s=20230601; t=1717610151; x=1718214951;
 h=references:in-reply-to:cc:to:from:subject:message-id:date
 :x-gm-message-state:from:to:cc:subject:date:message-id:reply-to;
 bh=pCqh1F1fWp0gUBmnhiPZhjYkYvJPsRLGhuoCJrBwkrk=;
 b=ryW2FZd4WxtcLexBi90rlsHfIR4c70kBS8idnbQ3MWerpPuOipmQep2rWV4j4p7vAp
 hhI+JhYqTfllqVwnLYi3+nPPtrn9O0lhwmiMm2x9pqix3PfhDfI/ztGKy3bbN4z2VFNE
 SPk2a2mbnbfDUhFshXHmbeb9hzsFZJDd804pxFDjQbWaj2+Do/q+HX4IswLo0ct70gGi
 GQzo92rpScdy3zS8VCMwdEBpVQJM8k0NcdXh0pU31fJFHsXJZLHgXWi1hgXMWYWmHbDI
 oNRIRoPWlgalREGcIJQeQccFf9hunAFIERvcrKxGvI1VyFoM1Z73DplRN7yr1U7Ds+l/
 x21w==
X-Gm-Message-State: AOJu0Yx7of7IoO9vr40J6QvUJ0VTxsgn7eLZYUM5hFj4rDayTBLXDbzh
 GOvXS6QteUzl+hnI89Z4BPN7syaeESO2TgsGqCzGqAJ6cx4CdhurcRTZCirlZgMPejrgbTaTk9y
 D4tX5aD2sPYxpxWmFnxB+0nzAjPM8hxMws2uoWw6YR7klGDFNv6jTQMHF
X-Google-Smtp-Source: AGHT+IG6bVA8stZaBuKx74jGcKKwFcyxH/0OdNSUhMzIePM7qi3VxAbpAJyA65KSoc5QFvW5OV/OI437nsEz
X-Received: by 2002:a17:902:d484:b0:1f6:5893:d697 with SMTP id
 d9443c01a7336-1f6a5a0fdc8mr44621475ad.25.1717610150714; 
 Wed, 05 Jun 2024 10:55:50 -0700 (PDT)
Received: from postal.iol.unh.edu (postal.iol.unh.edu.
 [2606:4100:3880:1234::84]) by smtp-relay.gmail.com with ESMTPS id
 d9443c01a7336-1f6323e30d6sm2917755ad.112.2024.06.05.10.55.50
 (version=TLS1_2 cipher=ECDHE-ECDSA-AES128-GCM-SHA256 bits=128/128);
 Wed, 05 Jun 2024 10:55:50 -0700 (PDT)
X-Relaying-Domain: iol.unh.edu
Date: Wed, 05 Jun 2024 10:55:50 -0700 (PDT)
Message-ID: <6660a6a6.170a0220.38dd77.62ecSMTPIN_ADDED_MISSING@mx.google.com>
Received: from [172.21.0.6] (unknown [172.18.0.240])
 by postal.iol.unh.edu (Postfix) with ESMTP id AC615605C373;
 Wed,  5 Jun 2024 13:55:49 -0400 (EDT)
Subject: |WARNING| pw140741-140740 [PATCH] [V3,2/2] app/testpmd: support matc
From: dpdklab@iol.unh.edu
To: Test Report <test-report@dpdk.org>
Cc: dpdk-test-reports@iol.unh.edu
In-Reply-To: <20240605080953.534998-3-gavinl@nvidia.com>
References: <20240605080953.534998-3-gavinl@nvidia.com>
Content-Type: text/plain
X-BeenThere: test-report@dpdk.org
X-Mailman-Version: 2.1.29
Precedence: list
List-Id: automatic DPDK test reports <test-report.dpdk.org>
List-Unsubscribe: <https://mails.dpdk.org/options/test-report>,
 <mailto:test-report-request@dpdk.org?subject=unsubscribe>
List-Archive: <http://mails.dpdk.org/archives/test-report/>
List-Post: <mailto:test-report@dpdk.org>
List-Help: <mailto:test-report-request@dpdk.org?subject=help>
List-Subscribe: <https://mails.dpdk.org/listinfo/test-report>,
 <mailto:test-report-request@dpdk.org?subject=subscribe>
Errors-To: test-report-bounces@dpdk.org

Test-Label: iol-compile-amd64-testing
Test-Status: WARNING
http://dpdk.org/patch/140740

_Testing issues_

Submitter: Gavin Li <gavinl@nvidia.com>
Date: Wednesday, June 05 2024 08:09:53 
DPDK git baseline: Repo:dpdk
  Branch: master
  CommitID:a6bbf008457a455fcf4cf7374c280bba697a353f

140741-140740 --> testing issues

Test environment and result as below:

+---------------------+--------------------+-------------------+----------------------+------------------+-------------------+
|     Environment     | dpdk_meson_compile | dpdk_msvc_compile | dpdk_mingw64_compile | dpdk_compile_ovs | dpdk_compile_spdk |
+=====================+====================+===================+======================+==================+===================+
| FreeBSD 13.3        | PASS               | SKIPPED           | SKIPPED              | SKIPPED          | SKIPPED           |
+---------------------+--------------------+-------------------+----------------------+------------------+-------------------+
| FreeBSD 14.0        | PASS               | SKIPPED           | SKIPPED              | SKIPPED          | SKIPPED           |
+---------------------+--------------------+-------------------+----------------------+------------------+-------------------+
| Windows Server 2019 | PASS               | SKIPPED           | PASS                 | SKIPPED          | SKIPPED           |
+---------------------+--------------------+-------------------+----------------------+------------------+-------------------+
| Windows Server 2022 | PASS               | PASS              | PASS                 | SKIPPED          | SKIPPED           |
+---------------------+--------------------+-------------------+----------------------+------------------+-------------------+
| Debian Bullseye     | PASS               | SKIPPED           | SKIPPED              | PASS             | PASS              |
+---------------------+--------------------+-------------------+----------------------+------------------+-------------------+
| CentOS Stream 8     | PASS               | SKIPPED           | SKIPPED              | PASS             | PASS              |
+---------------------+--------------------+-------------------+----------------------+------------------+-------------------+
| openSUSE Leap 15    | PASS               | SKIPPED           | SKIPPED              | PASS             | SKIPPED           |
+---------------------+--------------------+-------------------+----------------------+------------------+-------------------+
| Debian 12           | PASS               | SKIPPED           | SKIPPED              | PASS             | SKIPPED           |
+---------------------+--------------------+-------------------+----------------------+------------------+-------------------+
| Fedora 37           | PASS               | SKIPPED           | SKIPPED              | PASS             | PASS              |
+---------------------+--------------------+-------------------+----------------------+------------------+-------------------+
| CentOS Stream 9     | PASS               | SKIPPED           | SKIPPED              | PASS             | PASS              |
+---------------------+--------------------+-------------------+----------------------+------------------+-------------------+
| Fedora 38           | PASS               | SKIPPED           | SKIPPED              | PASS             | PASS              |
+---------------------+--------------------+-------------------+----------------------+------------------+-------------------+
| Fedora 39           | PASS               | SKIPPED           | SKIPPED              | PASS             | PASS              |
+---------------------+--------------------+-------------------+----------------------+------------------+-------------------+
| Ubuntu 20.04        | PASS               | SKIPPED           | SKIPPED              | PASS             | SKIPPED           |
+---------------------+--------------------+-------------------+----------------------+------------------+-------------------+
| RHEL8               | PASS               | SKIPPED           | SKIPPED              | PASS             | SKIPPED           |
+---------------------+--------------------+-------------------+----------------------+------------------+-------------------+
| Ubuntu 22.04        | PASS               | SKIPPED           | SKIPPED              | PASS             | PASS              |
+---------------------+--------------------+-------------------+----------------------+------------------+-------------------+
| Ubuntu 24.04        | PASS               | SKIPPED           | SKIPPED              | PASS             | PASS              |
+---------------------+--------------------+-------------------+----------------------+------------------+-------------------+
| Alpine              | PASS               | SKIPPED           | SKIPPED              | FAIL             | SKIPPED           |
+---------------------+--------------------+-------------------+----------------------+------------------+-------------------+

==== 20 line log output for Alpine (dpdk_compile_ovs): ====
 --- Failed to get log output --- 
==== End log output ====

FreeBSD 13.3
	Kernel: 13.3-RELEASE-p1
	Compiler: clang 17.0.6

FreeBSD 14.0
	Kernel: 14.0
	Compiler: clang 16.0.6

Windows Server 2019
	Kernel: 10.0.17763
	Compiler: clang 14.0 and gcc 8.1.0 (MinGW)

Windows Server 2022
	Kernel: 10.0.20348.2031
	Compiler: clang 15.0.7, gcc 8.1.0 (MinGW), and MSVC VS 17.9

Debian Bullseye
	Kernel: 5.4.0-167-generic
	Compiler: gcc 10.2.1-6

CentOS Stream 8
	Kernel: 5.4.0-167-generic
	Compiler: gcc 8.5.0 20210514

openSUSE Leap 15
	Kernel: 5.4.0-167-generic
	Compiler: gcc 7.5.0

Debian 12
	Kernel: Container Host Kernel
	Compiler: gcc 10.2.1

Fedora 37
	Kernel: Depends on container host system
	Compiler: gcc 12.3.1

CentOS Stream 9
	Kernel: 5.4.0-167-generic
	Compiler: gcc 11.4.1 20230605

Fedora 38
	Kernel: Depends on container host
	Compiler: gcc 13.2.1

Fedora 39
	Kernel: Depends on container host
	Compiler: gcc 13.2.1

Ubuntu 20.04
	Kernel: 5.4.0-167-generic
	Compiler: gcc 9.4.0-1ubuntu1~20.04.1

RHEL8
	Kernel: 5.4.0-167-generic
	Compiler: gcc 8.5.0 20210514 (Red Hat 8.5.0-20)

Ubuntu 22.04
	Kernel: 5.4.0-167-generic
	Compiler: gcc 11.4.0

Ubuntu 24.04
	Kernel: 5.4.0-167-generic
	Compiler: gcc 13.2.0

Alpine
	Kernel: 5.4.0-167-generic
	Compiler: gcc (Alpine 13.2.1_git20231014) 13.2.1 20231014

To view detailed results, visit:
https://lab.dpdk.org/results/dashboard/patchsets/30108/

UNH-IOL DPDK Community Lab

To manage your email subscriptions, visit: 
https://lab.dpdk.org/results/dashboard/preferences/subscriptions/