From: dpdklab@iol.unh.edu
To: Test Report <test-report@dpdk.org>
Cc: dpdk-test-reports@iol.unh.edu, Xueming Li <xuemingl@nvidia.com>,
Christian Ehrhardt <christian.ehrhardt@canonical.com>,
Kevin Traynor <ktraynor@redhat.com>,
Luca Boccassi <bluca@debian.org>
Subject: |FAILURE| [GIT MASTER] a6ec5765cf83d3d58cbd6d4ed5b92b4a06f8a808
Date: Fri, 07 Jun 2024 22:02:39 -0700 (PDT) [thread overview]
Message-ID: <6663e5ef.050a0220.2f831.fa4dSMTPIN_ADDED_MISSING@mx.google.com> (raw)
_Testing issues_
Branch: tags/v23.11
a6ec5765cf83d3d58cbd6d4ed5b92b4a06f8a808 --> testing issues
Test environment and result as below:
+--------------------------+--------------------+
| Environment | dpdk_meson_compile |
+==========================+====================+
| Ubuntu 20.04 ARM SVE | PASS |
+--------------------------+--------------------+
| Debian 12 with MUSDK | PASS |
+--------------------------+--------------------+
| Ubuntu 24.04 (ARM) | FAIL |
+--------------------------+--------------------+
| Fedora 38 (ARM) | PASS |
+--------------------------+--------------------+
| Ubuntu 22.04 (ARM) | PASS |
+--------------------------+--------------------+
| Fedora 39 (ARM) | PASS |
+--------------------------+--------------------+
| Debian 12 (arm) | PASS |
+--------------------------+--------------------+
| Debian 11 (Buster) (ARM) | PASS |
+--------------------------+--------------------+
| CentOS Stream 9 (ARM) | PASS |
+--------------------------+--------------------+
==== 20 line log output for Ubuntu 24.04 (ARM) (dpdk_meson_compile): ====
--- Failed to get log output ---
==== End log output ====
Ubuntu 20.04 ARM SVE
Kernel: 5.4.0-167-generic
Compiler: gcc (Ubuntu 10.5.0-1ubuntu1~20.04) 10.5.0
Debian 12 with MUSDK
Kernel: Container Host Kernel
Compiler: gcc 12.2.0
Ubuntu 24.04 (ARM)
Kernel: 5.4.0-167-generic
Compiler: gcc 13.2.0
Fedora 38 (ARM)
Kernel: Depends on container host
Compiler: gcc 13.2.1
Ubuntu 22.04 (ARM)
Kernel: Container Host Kernel
Compiler: gcc 11.4.0
Fedora 39 (ARM)
Kernel: Depends on container host
Compiler: gcc 13.2.1
Debian 12 (arm)
Kernel: Container Host Kernel
Compiler: gcc 12.2.0
Debian 11 (Buster) (ARM)
Kernel: Container Host Kernel
Compiler: gcc 10.2.1
CentOS Stream 9 (ARM)
Kernel: Container Host Kernel
Compiler: gcc 11.4.1
To view detailed results, visit:
https://lab.dpdk.org/results/dashboard/tarballs/29376/
UNH-IOL DPDK Community Lab
To manage your email subscriptions, visit:
https://lab.dpdk.org/results/dashboard/preferences/subscriptions/
next reply other threads:[~2024-06-08 5:02 UTC|newest]
Thread overview: 2467+ messages / expand[flat|nested] mbox.gz Atom feed top
2024-06-08 5:02 dpdklab [this message]
2024-06-24 7:56 dpdklab
2024-06-24 8:00 dpdklab
2024-06-24 8:01 dpdklab
2024-06-24 8:03 dpdklab
2024-06-24 8:04 dpdklab
2024-06-24 8:09 dpdklab
2024-06-24 8:22 dpdklab
2024-06-24 8:30 dpdklab
2024-06-24 8:32 dpdklab
2024-06-24 8:33 dpdklab
2024-06-24 8:37 dpdklab
2024-06-24 8:41 dpdklab
2024-06-24 8:44 dpdklab
2024-06-24 8:46 dpdklab
2024-06-24 8:47 dpdklab
2024-06-24 8:48 dpdklab
2024-06-24 8:50 dpdklab
2024-06-24 8:52 dpdklab
2024-06-24 8:54 dpdklab
2024-06-24 8:57 dpdklab
2024-06-24 9:10 dpdklab
2024-06-24 9:57 dpdklab
2024-06-24 10:01 dpdklab
2024-06-24 10:30 dpdklab
2024-06-24 10:58 dpdklab
2024-06-25 11:09 dpdklab
2024-06-25 11:12 dpdklab
2024-06-25 11:18 dpdklab
2024-06-25 11:31 dpdklab
2024-06-25 11:46 dpdklab
2024-06-25 11:53 dpdklab
2024-06-25 11:56 dpdklab
2024-06-25 11:56 dpdklab
2024-06-25 12:13 dpdklab
2024-06-25 12:16 dpdklab
2024-06-25 12:18 dpdklab
2024-06-25 12:27 dpdklab
2024-06-25 12:27 dpdklab
2024-06-25 12:30 dpdklab
2024-06-25 12:33 dpdklab
2024-06-25 12:34 dpdklab
2024-06-25 12:38 dpdklab
2024-06-25 12:39 dpdklab
2024-06-25 12:43 dpdklab
2024-06-25 12:46 dpdklab
2024-06-25 12:47 dpdklab
2024-06-25 12:51 dpdklab
2024-06-25 12:54 dpdklab
2024-06-25 12:54 dpdklab
2024-06-25 12:56 dpdklab
2024-06-25 13:05 dpdklab
2024-06-25 13:06 dpdklab
2024-06-25 13:06 dpdklab
2024-06-25 13:08 dpdklab
2024-06-25 13:10 dpdklab
2024-06-25 13:10 dpdklab
2024-06-25 13:11 dpdklab
2024-06-25 13:16 dpdklab
2024-06-25 13:17 dpdklab
2024-06-25 13:21 dpdklab
2024-06-25 13:22 dpdklab
2024-06-25 13:22 dpdklab
2024-06-25 13:23 dpdklab
2024-06-25 13:26 dpdklab
2024-06-25 13:30 dpdklab
2024-06-25 13:34 dpdklab
2024-06-25 13:34 dpdklab
2024-06-25 13:34 dpdklab
2024-06-25 13:35 dpdklab
2024-06-25 13:37 dpdklab
2024-06-25 13:37 dpdklab
2024-06-25 13:38 dpdklab
2024-06-25 13:39 dpdklab
2024-06-25 13:41 dpdklab
2024-06-25 13:42 dpdklab
2024-06-25 13:43 dpdklab
2024-06-25 13:47 dpdklab
2024-06-25 13:47 dpdklab
2024-06-25 13:48 dpdklab
2024-06-25 13:49 dpdklab
2024-06-25 13:50 dpdklab
2024-06-25 13:51 dpdklab
2024-06-25 13:52 dpdklab
2024-06-25 13:52 dpdklab
2024-06-25 13:53 dpdklab
2024-06-25 13:53 dpdklab
2024-06-25 13:54 dpdklab
2024-06-25 13:55 dpdklab
2024-06-25 13:56 dpdklab
2024-06-25 14:05 dpdklab
2024-06-25 14:06 dpdklab
2024-06-25 14:07 dpdklab
2024-06-25 14:43 dpdklab
2024-06-25 14:58 dpdklab
2024-06-26 9:30 dpdklab
2024-06-26 9:31 dpdklab
2024-06-26 9:32 dpdklab
2024-06-26 9:33 dpdklab
2024-06-26 9:34 dpdklab
2024-06-26 9:36 dpdklab
2024-06-26 9:38 dpdklab
2024-06-26 9:39 dpdklab
2024-06-26 9:39 dpdklab
2024-06-26 9:41 dpdklab
2024-06-26 9:41 dpdklab
2024-06-26 9:43 dpdklab
2024-06-26 9:44 dpdklab
2024-06-26 9:44 dpdklab
2024-06-26 9:44 dpdklab
2024-06-26 9:48 dpdklab
2024-06-26 9:48 dpdklab
2024-06-26 9:48 dpdklab
2024-06-26 9:48 dpdklab
2024-06-26 9:50 dpdklab
2024-06-26 9:51 dpdklab
2024-06-26 9:51 dpdklab
2024-06-26 9:51 dpdklab
2024-06-26 9:52 dpdklab
2024-06-26 9:52 dpdklab
2024-06-26 9:52 dpdklab
2024-06-26 9:53 dpdklab
2024-06-26 9:53 dpdklab
2024-06-26 9:53 dpdklab
2024-06-26 9:53 dpdklab
2024-06-26 9:54 dpdklab
2024-06-26 9:54 dpdklab
2024-06-26 9:54 dpdklab
2024-06-26 9:55 dpdklab
2024-06-26 9:56 dpdklab
2024-06-26 9:56 dpdklab
2024-06-26 9:58 dpdklab
2024-06-26 10:05 dpdklab
2024-06-26 10:05 dpdklab
2024-06-26 10:05 dpdklab
2024-06-26 10:05 dpdklab
2024-06-26 10:06 dpdklab
2024-06-26 10:06 dpdklab
2024-06-26 10:07 dpdklab
2024-06-26 10:07 dpdklab
2024-06-26 10:07 dpdklab
2024-06-26 10:08 dpdklab
2024-06-26 10:09 dpdklab
2024-06-26 10:09 dpdklab
2024-06-26 10:10 dpdklab
2024-06-26 10:11 dpdklab
2024-06-26 10:16 dpdklab
2024-06-26 10:17 dpdklab
2024-06-26 10:17 dpdklab
2024-06-26 10:18 dpdklab
2024-06-26 10:18 dpdklab
2024-06-26 10:21 dpdklab
2024-06-26 10:22 dpdklab
2024-06-26 10:22 dpdklab
2024-06-26 10:37 dpdklab
2024-06-26 10:37 dpdklab
2024-06-26 10:38 dpdklab
2024-06-26 10:38 dpdklab
2024-06-26 10:38 dpdklab
2024-06-26 10:39 dpdklab
2024-06-26 10:39 dpdklab
2024-06-26 10:39 dpdklab
2024-06-26 10:40 dpdklab
2024-06-26 10:42 dpdklab
2024-06-26 10:43 dpdklab
2024-06-26 10:44 dpdklab
2024-06-26 11:10 dpdklab
2024-06-26 11:20 dpdklab
2024-06-26 11:51 dpdklab
2024-06-26 16:42 dpdklab
2024-06-26 17:16 dpdklab
2024-06-27 8:21 dpdklab
2024-06-27 8:22 dpdklab
2024-06-27 8:22 dpdklab
2024-06-27 8:23 dpdklab
2024-06-27 8:29 dpdklab
2024-06-27 8:31 dpdklab
2024-06-27 8:40 dpdklab
2024-06-27 8:44 dpdklab
2024-06-27 8:45 dpdklab
2024-06-27 8:46 dpdklab
2024-06-27 8:46 dpdklab
2024-06-27 8:52 dpdklab
2024-06-27 8:53 dpdklab
2024-06-27 8:58 dpdklab
2024-06-27 9:03 dpdklab
2024-06-27 9:10 dpdklab
2024-06-27 9:11 dpdklab
2024-06-27 9:12 dpdklab
2024-06-27 9:13 dpdklab
2024-06-27 9:19 dpdklab
2024-06-27 9:19 dpdklab
2024-06-27 9:19 dpdklab
2024-06-27 9:22 dpdklab
2024-06-27 9:36 dpdklab
2024-06-27 9:38 dpdklab
2024-06-27 9:40 dpdklab
2024-06-27 9:54 dpdklab
2024-06-27 10:11 dpdklab
2024-06-27 10:36 dpdklab
2024-06-27 10:38 dpdklab
2024-06-27 10:39 dpdklab
2024-06-27 10:55 dpdklab
2024-06-27 11:03 dpdklab
2024-06-28 2:55 dpdklab
2024-06-28 3:10 dpdklab
2024-06-28 10:30 dpdklab
2024-06-28 10:35 dpdklab
2024-06-28 10:41 dpdklab
2024-06-28 10:44 dpdklab
2024-06-28 10:45 dpdklab
2024-06-28 10:45 dpdklab
2024-06-28 10:45 dpdklab
2024-06-28 11:01 dpdklab
2024-06-28 11:08 dpdklab
2024-06-28 11:10 dpdklab
2024-06-28 11:16 dpdklab
2024-06-28 11:16 dpdklab
2024-06-28 11:17 dpdklab
2024-06-28 11:18 dpdklab
2024-06-28 11:20 dpdklab
2024-06-28 11:33 dpdklab
2024-06-28 11:35 dpdklab
2024-06-28 21:35 dpdklab
2024-06-28 21:49 dpdklab
2024-06-29 3:43 dpdklab
2024-06-29 4:34 dpdklab
2024-06-29 4:34 dpdklab
2024-06-29 4:35 dpdklab
2024-06-29 4:35 dpdklab
2024-06-29 4:36 dpdklab
2024-06-29 4:39 dpdklab
2024-06-29 4:42 dpdklab
2024-06-29 4:42 dpdklab
2024-06-29 4:45 dpdklab
2024-06-29 4:47 dpdklab
2024-06-29 4:48 dpdklab
2024-06-29 4:50 dpdklab
2024-06-29 4:50 dpdklab
2024-06-29 4:50 dpdklab
2024-06-29 4:51 dpdklab
2024-06-29 4:51 dpdklab
2024-06-29 4:54 dpdklab
2024-06-29 4:55 dpdklab
2024-06-29 4:56 dpdklab
2024-06-29 4:57 dpdklab
2024-06-29 4:58 dpdklab
2024-06-29 4:59 dpdklab
2024-06-29 5:03 dpdklab
2024-06-29 5:04 dpdklab
2024-06-29 5:23 dpdklab
2024-06-29 5:43 dpdklab
2024-06-29 5:53 dpdklab
2024-06-29 5:55 dpdklab
2024-06-29 5:56 dpdklab
2024-06-29 5:57 dpdklab
2024-06-29 5:58 dpdklab
2024-06-29 6:01 dpdklab
2024-06-29 6:02 dpdklab
2024-06-29 6:06 dpdklab
2024-06-29 6:10 dpdklab
2024-06-29 6:15 dpdklab
2024-06-29 6:21 dpdklab
2024-06-29 6:38 dpdklab
2024-06-29 8:11 dpdklab
2024-06-29 8:19 dpdklab
2024-06-30 4:30 dpdklab
2024-06-30 4:31 dpdklab
2024-06-30 4:31 dpdklab
2024-06-30 4:34 dpdklab
2024-06-30 4:34 dpdklab
2024-06-30 4:36 dpdklab
2024-06-30 4:45 dpdklab
2024-06-30 4:46 dpdklab
2024-06-30 4:47 dpdklab
2024-06-30 4:53 dpdklab
2024-06-30 4:53 dpdklab
2024-06-30 4:53 dpdklab
2024-06-30 4:56 dpdklab
2024-06-30 4:58 dpdklab
2024-06-30 4:58 dpdklab
2024-06-30 5:00 dpdklab
2024-06-30 5:00 dpdklab
2024-06-30 5:04 dpdklab
2024-06-30 5:13 dpdklab
2024-06-30 5:14 dpdklab
2024-06-30 5:14 dpdklab
2024-06-30 5:19 dpdklab
2024-06-30 5:22 dpdklab
2024-06-30 5:25 dpdklab
2024-06-30 5:43 dpdklab
2024-06-30 5:45 dpdklab
2024-06-30 5:46 dpdklab
2024-06-30 5:52 dpdklab
2024-06-30 6:01 dpdklab
2024-06-30 6:03 dpdklab
2024-07-01 5:22 dpdklab
2024-07-01 5:22 dpdklab
2024-07-01 5:24 dpdklab
2024-07-01 5:33 dpdklab
2024-07-01 5:36 dpdklab
2024-07-01 5:42 dpdklab
2024-07-01 5:43 dpdklab
2024-07-01 5:45 dpdklab
2024-07-01 5:45 dpdklab
2024-07-01 5:45 dpdklab
2024-07-01 5:46 dpdklab
2024-07-01 5:50 dpdklab
2024-07-01 5:51 dpdklab
2024-07-01 5:51 dpdklab
2024-07-01 5:52 dpdklab
2024-07-01 5:52 dpdklab
2024-07-01 5:52 dpdklab
2024-07-01 5:55 dpdklab
2024-07-01 5:55 dpdklab
2024-07-01 5:56 dpdklab
2024-07-01 6:00 dpdklab
2024-07-01 6:03 dpdklab
2024-07-01 6:40 dpdklab
2024-07-01 6:46 dpdklab
2024-07-01 6:58 dpdklab
2024-07-01 7:06 dpdklab
2024-07-02 5:47 dpdklab
2024-07-02 10:26 dpdklab
2024-07-02 10:27 dpdklab
2024-07-02 10:36 dpdklab
2024-07-02 10:37 dpdklab
2024-07-02 10:47 dpdklab
2024-07-02 10:57 dpdklab
2024-07-02 11:09 dpdklab
2024-07-02 11:10 dpdklab
2024-07-02 11:12 dpdklab
2024-07-02 11:12 dpdklab
2024-07-02 11:13 dpdklab
2024-07-02 11:14 dpdklab
2024-07-02 11:16 dpdklab
2024-07-02 11:19 dpdklab
2024-07-02 11:27 dpdklab
2024-07-02 11:27 dpdklab
2024-07-02 11:28 dpdklab
2024-07-02 11:29 dpdklab
2024-07-02 11:34 dpdklab
2024-07-02 11:35 dpdklab
2024-07-02 11:40 dpdklab
2024-07-02 11:40 dpdklab
2024-07-02 11:41 dpdklab
2024-07-02 11:41 dpdklab
2024-07-02 11:42 dpdklab
2024-07-02 12:04 dpdklab
2024-07-02 12:13 dpdklab
2024-07-02 12:16 dpdklab
2024-07-02 12:22 dpdklab
2024-07-02 12:27 dpdklab
2024-07-02 15:14 dpdklab
2024-07-02 15:42 dpdklab
2024-07-02 15:42 dpdklab
2024-07-05 3:07 dpdklab
2024-07-05 3:10 dpdklab
2024-07-05 3:11 dpdklab
2024-07-05 3:13 dpdklab
2024-07-05 4:59 dpdklab
2024-07-05 5:03 dpdklab
2024-07-05 5:07 dpdklab
2024-07-05 5:09 dpdklab
2024-07-05 5:13 dpdklab
2024-07-05 5:15 dpdklab
2024-07-05 5:18 dpdklab
2024-07-05 5:19 dpdklab
2024-07-05 5:22 dpdklab
2024-07-05 5:22 dpdklab
2024-07-05 6:51 dpdklab
2024-07-05 6:54 dpdklab
2024-07-05 7:02 dpdklab
2024-07-05 7:24 dpdklab
2024-07-05 7:26 dpdklab
2024-07-05 7:29 dpdklab
2024-07-05 7:40 dpdklab
2024-07-05 7:55 dpdklab
2024-07-05 8:14 dpdklab
2024-07-05 17:56 dpdklab
2024-07-05 17:56 dpdklab
2024-07-05 17:59 dpdklab
2024-07-05 18:03 dpdklab
2024-07-05 18:13 dpdklab
2024-07-05 18:14 dpdklab
2024-07-05 18:18 dpdklab
2024-07-05 18:22 dpdklab
2024-07-05 18:22 dpdklab
2024-07-05 18:23 dpdklab
2024-07-05 18:31 dpdklab
2024-07-05 18:31 dpdklab
2024-07-05 18:35 dpdklab
2024-07-05 18:38 dpdklab
2024-07-05 21:40 dpdklab
2024-07-05 22:13 dpdklab
2024-07-06 0:49 dpdklab
2024-07-06 0:56 dpdklab
2024-07-06 1:09 dpdklab
2024-07-06 1:10 dpdklab
2024-07-06 1:16 dpdklab
2024-07-06 1:17 dpdklab
2024-07-06 1:23 dpdklab
2024-07-06 1:40 dpdklab
2024-07-06 2:15 dpdklab
2024-07-06 3:09 dpdklab
2024-07-06 3:14 dpdklab
2024-07-06 3:20 dpdklab
2024-07-06 11:49 dpdklab
2024-07-06 11:51 dpdklab
2024-07-06 12:23 dpdklab
2024-07-06 12:35 dpdklab
2024-07-06 14:07 dpdklab
2024-07-06 15:09 dpdklab
2024-07-06 15:09 dpdklab
2024-07-06 15:14 dpdklab
2024-07-06 15:19 dpdklab
2024-07-06 15:24 dpdklab
2024-07-06 15:32 dpdklab
2024-07-06 15:33 dpdklab
2024-07-06 15:36 dpdklab
2024-07-06 15:37 dpdklab
2024-07-06 15:46 dpdklab
2024-07-06 15:48 dpdklab
2024-07-06 16:24 dpdklab
2024-07-06 16:36 dpdklab
2024-07-06 20:43 dpdklab
2024-07-06 23:45 dpdklab
2024-07-06 23:45 dpdklab
2024-07-06 23:49 dpdklab
2024-07-06 23:53 dpdklab
2024-07-06 23:53 dpdklab
2024-07-06 23:54 dpdklab
2024-07-06 23:58 dpdklab
2024-07-07 0:03 dpdklab
2024-07-07 0:05 dpdklab
2024-07-07 0:07 dpdklab
2024-07-07 6:36 dpdklab
2024-07-07 6:39 dpdklab
2024-07-07 6:46 dpdklab
2024-07-07 6:57 dpdklab
2024-07-07 6:57 dpdklab
2024-07-07 6:58 dpdklab
2024-07-07 6:59 dpdklab
2024-07-07 6:59 dpdklab
2024-07-07 7:05 dpdklab
2024-07-07 7:06 dpdklab
2024-07-07 7:07 dpdklab
2024-07-07 7:13 dpdklab
2024-07-07 7:21 dpdklab
2024-07-07 7:21 dpdklab
2024-07-07 7:24 dpdklab
2024-07-07 7:26 dpdklab
2024-07-08 8:45 dpdklab
2024-07-08 8:50 dpdklab
2024-07-08 8:55 dpdklab
2024-07-08 8:57 dpdklab
2024-07-08 8:57 dpdklab
2024-07-08 8:58 dpdklab
2024-07-08 9:03 dpdklab
2024-07-08 9:06 dpdklab
2024-07-08 9:07 dpdklab
2024-07-08 9:11 dpdklab
2024-07-08 9:14 dpdklab
2024-07-08 9:19 dpdklab
2024-07-08 9:35 dpdklab
2024-07-08 9:36 dpdklab
2024-07-08 9:39 dpdklab
2024-07-08 9:49 dpdklab
2024-07-09 11:34 dpdklab
2024-07-09 11:35 dpdklab
2024-07-09 11:48 dpdklab
2024-07-09 11:49 dpdklab
2024-07-09 12:00 dpdklab
2024-07-09 12:01 dpdklab
2024-07-09 12:02 dpdklab
2024-07-09 12:03 dpdklab
2024-07-09 12:12 dpdklab
2024-07-09 12:12 dpdklab
2024-07-09 12:12 dpdklab
2024-07-09 12:21 dpdklab
2024-07-09 12:22 dpdklab
2024-07-09 12:23 dpdklab
2024-07-09 12:25 dpdklab
2024-07-09 12:29 dpdklab
2024-07-09 14:09 dpdklab
2024-07-09 17:29 dpdklab
2024-07-09 17:31 dpdklab
2024-07-09 17:44 dpdklab
2024-07-09 18:03 dpdklab
2024-07-09 18:11 dpdklab
2024-07-09 18:12 dpdklab
2024-07-09 18:18 dpdklab
2024-07-09 18:24 dpdklab
2024-07-09 18:25 dpdklab
2024-07-09 18:26 dpdklab
2024-07-09 18:27 dpdklab
2024-07-09 18:34 dpdklab
2024-07-09 18:35 dpdklab
2024-07-09 18:36 dpdklab
2024-07-09 18:51 dpdklab
2024-07-09 18:54 dpdklab
2024-07-09 18:56 dpdklab
2024-07-09 19:05 dpdklab
2024-07-09 19:05 dpdklab
2024-07-09 19:40 dpdklab
2024-07-10 9:41 dpdklab
2024-07-10 9:42 dpdklab
2024-07-10 9:44 dpdklab
2024-07-10 9:45 dpdklab
2024-07-10 10:08 dpdklab
2024-07-10 10:14 dpdklab
2024-07-10 10:25 dpdklab
2024-07-10 10:30 dpdklab
2024-07-10 10:30 dpdklab
2024-07-10 10:34 dpdklab
2024-07-10 10:35 dpdklab
2024-07-10 11:08 dpdklab
2024-07-10 11:17 dpdklab
2024-07-10 11:19 dpdklab
2024-07-10 11:31 dpdklab
2024-07-10 11:54 dpdklab
2024-07-10 11:56 dpdklab
2024-07-10 12:00 dpdklab
2024-07-10 12:22 dpdklab
2024-07-11 4:44 dpdklab
2024-07-11 4:46 dpdklab
2024-07-11 4:47 dpdklab
2024-07-11 4:52 dpdklab
2024-07-11 4:52 dpdklab
2024-07-11 4:54 dpdklab
2024-07-11 4:55 dpdklab
2024-07-11 4:58 dpdklab
2024-07-11 4:59 dpdklab
2024-07-11 4:59 dpdklab
2024-07-11 4:59 dpdklab
2024-07-11 5:00 dpdklab
2024-07-11 5:01 dpdklab
2024-07-11 5:02 dpdklab
2024-07-11 5:02 dpdklab
2024-07-11 5:03 dpdklab
2024-07-11 5:03 dpdklab
2024-07-11 5:04 dpdklab
2024-07-11 5:08 dpdklab
2024-07-11 5:08 dpdklab
2024-07-11 5:10 dpdklab
2024-07-11 5:18 dpdklab
2024-07-11 5:20 dpdklab
2024-07-11 5:25 dpdklab
2024-07-11 5:46 dpdklab
2024-07-11 5:47 dpdklab
2024-07-11 5:47 dpdklab
2024-07-11 6:03 dpdklab
2024-07-11 6:11 dpdklab
2024-07-11 6:12 dpdklab
2024-07-11 6:37 dpdklab
2024-07-12 5:50 dpdklab
2024-07-12 5:52 dpdklab
2024-07-12 5:52 dpdklab
2024-07-12 7:47 dpdklab
2024-07-12 7:54 dpdklab
2024-07-12 7:55 dpdklab
2024-07-12 7:56 dpdklab
2024-07-12 7:56 dpdklab
2024-07-12 7:58 dpdklab
2024-07-12 8:01 dpdklab
2024-07-12 8:03 dpdklab
2024-07-12 8:03 dpdklab
2024-07-12 8:04 dpdklab
2024-07-12 8:06 dpdklab
2024-07-12 8:08 dpdklab
2024-07-12 8:09 dpdklab
2024-07-12 8:10 dpdklab
2024-07-12 8:10 dpdklab
2024-07-12 8:12 dpdklab
2024-07-12 8:13 dpdklab
2024-07-12 8:14 dpdklab
2024-07-12 8:19 dpdklab
2024-07-12 8:34 dpdklab
2024-07-12 9:16 dpdklab
2024-07-12 9:22 dpdklab
2024-07-12 9:23 dpdklab
2024-07-13 7:24 dpdklab
2024-07-13 7:26 dpdklab
2024-07-13 7:28 dpdklab
2024-07-13 7:29 dpdklab
2024-07-13 7:32 dpdklab
2024-07-13 7:33 dpdklab
2024-07-13 8:12 dpdklab
2024-07-13 8:15 dpdklab
2024-07-13 8:17 dpdklab
2024-07-13 8:20 dpdklab
2024-07-13 8:21 dpdklab
2024-07-13 8:24 dpdklab
2024-07-13 8:27 dpdklab
2024-07-13 8:29 dpdklab
2024-07-13 8:31 dpdklab
2024-07-13 8:32 dpdklab
2024-07-13 8:35 dpdklab
2024-07-13 8:38 dpdklab
2024-07-13 8:40 dpdklab
2024-07-13 8:43 dpdklab
2024-07-13 8:45 dpdklab
2024-07-13 8:45 dpdklab
2024-07-13 8:46 dpdklab
2024-07-13 9:01 dpdklab
2024-07-13 9:01 dpdklab
2024-07-13 9:04 dpdklab
2024-07-13 9:04 dpdklab
2024-07-13 9:04 dpdklab
2024-07-14 5:01 dpdklab
2024-07-14 5:01 dpdklab
2024-07-14 5:02 dpdklab
2024-07-14 5:03 dpdklab
2024-07-14 5:08 dpdklab
2024-07-14 5:08 dpdklab
2024-07-14 5:13 dpdklab
2024-07-14 5:14 dpdklab
2024-07-14 5:14 dpdklab
2024-07-14 5:17 dpdklab
2024-07-14 5:18 dpdklab
2024-07-14 5:19 dpdklab
2024-07-14 5:22 dpdklab
2024-07-14 5:23 dpdklab
2024-07-14 5:32 dpdklab
2024-07-14 5:35 dpdklab
2024-07-14 5:35 dpdklab
2024-07-14 5:36 dpdklab
2024-07-14 5:49 dpdklab
2024-07-14 6:01 dpdklab
2024-07-14 6:02 dpdklab
2024-07-14 6:04 dpdklab
2024-07-14 6:05 dpdklab
2024-07-14 6:19 dpdklab
2024-07-14 6:20 dpdklab
2024-07-14 6:23 dpdklab
2024-07-14 6:27 dpdklab
2024-07-14 6:31 dpdklab
2024-07-15 4:36 dpdklab
2024-07-15 4:37 dpdklab
2024-07-15 4:37 dpdklab
2024-07-15 4:38 dpdklab
2024-07-15 4:38 dpdklab
2024-07-15 4:40 dpdklab
2024-07-15 4:41 dpdklab
2024-07-15 4:45 dpdklab
2024-07-15 4:47 dpdklab
2024-07-15 4:47 dpdklab
2024-07-15 4:52 dpdklab
2024-07-15 4:53 dpdklab
2024-07-15 4:53 dpdklab
2024-07-15 4:53 dpdklab
2024-07-15 4:55 dpdklab
2024-07-15 4:56 dpdklab
2024-07-15 4:56 dpdklab
2024-07-15 4:57 dpdklab
2024-07-15 4:57 dpdklab
2024-07-15 4:59 dpdklab
2024-07-15 5:00 dpdklab
2024-07-15 5:00 dpdklab
2024-07-15 5:00 dpdklab
2024-07-15 5:00 dpdklab
2024-07-15 5:02 dpdklab
2024-07-15 5:04 dpdklab
2024-07-15 5:05 dpdklab
2024-07-15 5:09 dpdklab
2024-07-15 5:09 dpdklab
2024-07-15 5:11 dpdklab
2024-07-15 5:11 dpdklab
2024-07-15 5:15 dpdklab
2024-07-15 5:22 dpdklab
2024-07-15 5:23 dpdklab
2024-07-15 5:56 dpdklab
2024-07-15 6:13 dpdklab
2024-07-15 6:13 dpdklab
2024-07-16 6:04 dpdklab
2024-07-16 6:08 dpdklab
2024-07-16 6:11 dpdklab
2024-07-16 6:14 dpdklab
2024-07-16 6:17 dpdklab
2024-07-16 6:49 dpdklab
2024-07-16 6:58 dpdklab
2024-07-16 7:08 dpdklab
2024-07-16 7:12 dpdklab
2024-07-16 7:12 dpdklab
2024-07-16 7:12 dpdklab
2024-07-16 7:14 dpdklab
2024-07-16 7:16 dpdklab
2024-07-16 7:18 dpdklab
2024-07-16 7:21 dpdklab
2024-07-16 7:28 dpdklab
2024-07-16 7:29 dpdklab
2024-07-16 7:29 dpdklab
2024-07-16 7:30 dpdklab
2024-07-16 7:32 dpdklab
2024-07-16 7:33 dpdklab
2024-07-16 7:38 dpdklab
2024-07-16 7:44 dpdklab
2024-07-16 7:47 dpdklab
2024-07-16 7:54 dpdklab
2024-07-16 8:21 dpdklab
2024-07-16 8:25 dpdklab
2024-07-16 8:27 dpdklab
2024-07-16 8:30 dpdklab
2024-07-16 8:34 dpdklab
2024-07-17 8:34 dpdklab
2024-07-17 8:37 dpdklab
2024-07-17 8:44 dpdklab
2024-07-17 8:44 dpdklab
2024-07-17 8:45 dpdklab
2024-07-17 8:49 dpdklab
2024-07-17 8:50 dpdklab
2024-07-17 9:31 dpdklab
2024-07-17 9:34 dpdklab
2024-07-17 9:41 dpdklab
2024-07-17 9:44 dpdklab
2024-07-17 9:52 dpdklab
2024-07-17 10:02 dpdklab
2024-07-17 10:04 dpdklab
2024-07-17 10:05 dpdklab
2024-07-17 10:05 dpdklab
2024-07-17 10:06 dpdklab
2024-07-17 10:06 dpdklab
2024-07-17 10:11 dpdklab
2024-07-17 10:12 dpdklab
2024-07-17 10:16 dpdklab
2024-07-17 10:19 dpdklab
2024-07-17 10:23 dpdklab
2024-07-17 10:24 dpdklab
2024-07-17 10:26 dpdklab
2024-07-17 10:46 dpdklab
2024-07-18 7:28 dpdklab
2024-07-18 7:29 dpdklab
2024-07-18 7:31 dpdklab
2024-07-18 7:35 dpdklab
2024-07-18 7:37 dpdklab
2024-07-18 7:39 dpdklab
2024-07-18 7:56 dpdklab
2024-07-18 8:28 dpdklab
2024-07-18 8:42 dpdklab
2024-07-18 8:44 dpdklab
2024-07-18 8:51 dpdklab
2024-07-18 9:20 dpdklab
2024-07-18 9:22 dpdklab
2024-07-18 9:23 dpdklab
2024-07-18 9:23 dpdklab
2024-07-18 9:27 dpdklab
2024-07-18 9:31 dpdklab
2024-07-18 9:32 dpdklab
2024-07-18 9:36 dpdklab
2024-07-18 9:36 dpdklab
2024-07-18 9:40 dpdklab
2024-07-18 9:44 dpdklab
2024-07-18 9:52 dpdklab
2024-07-18 10:06 dpdklab
2024-07-18 10:13 dpdklab
2024-07-18 10:15 dpdklab
2024-07-18 10:17 dpdklab
2024-07-18 10:24 dpdklab
2024-07-19 4:18 dpdklab
2024-07-19 4:20 dpdklab
2024-07-19 4:20 dpdklab
2024-07-19 4:21 dpdklab
2024-07-19 4:23 dpdklab
2024-07-19 4:27 dpdklab
2024-07-19 4:28 dpdklab
2024-07-19 4:33 dpdklab
2024-07-19 4:39 dpdklab
2024-07-19 4:43 dpdklab
2024-07-19 4:44 dpdklab
2024-07-19 4:44 dpdklab
2024-07-19 4:45 dpdklab
2024-07-19 4:47 dpdklab
2024-07-19 4:48 dpdklab
2024-07-19 4:50 dpdklab
2024-07-19 4:51 dpdklab
2024-07-19 4:58 dpdklab
2024-07-19 4:59 dpdklab
2024-07-19 5:06 dpdklab
2024-07-19 5:17 dpdklab
2024-07-19 5:21 dpdklab
2024-07-19 5:28 dpdklab
2024-07-19 5:29 dpdklab
2024-07-19 5:30 dpdklab
2024-07-19 5:31 dpdklab
2024-07-19 5:44 dpdklab
2024-07-19 5:46 dpdklab
2024-07-19 5:56 dpdklab
2024-07-20 5:17 dpdklab
2024-07-20 5:17 dpdklab
2024-07-20 5:18 dpdklab
2024-07-20 5:18 dpdklab
2024-07-20 5:18 dpdklab
2024-07-20 5:19 dpdklab
2024-07-20 5:24 dpdklab
2024-07-20 5:25 dpdklab
2024-07-20 5:27 dpdklab
2024-07-20 5:42 dpdklab
2024-07-20 5:42 dpdklab
2024-07-20 5:46 dpdklab
2024-07-20 5:47 dpdklab
2024-07-20 5:47 dpdklab
2024-07-20 5:47 dpdklab
2024-07-20 5:49 dpdklab
2024-07-20 5:50 dpdklab
2024-07-20 5:55 dpdklab
2024-07-20 5:58 dpdklab
2024-07-20 5:59 dpdklab
2024-07-20 6:05 dpdklab
2024-07-20 6:06 dpdklab
2024-07-20 6:11 dpdklab
2024-07-20 6:17 dpdklab
2024-07-20 6:21 dpdklab
2024-07-20 6:37 dpdklab
2024-07-20 6:39 dpdklab
2024-07-21 4:21 dpdklab
2024-07-21 4:22 dpdklab
2024-07-21 4:25 dpdklab
2024-07-21 4:26 dpdklab
2024-07-21 4:28 dpdklab
2024-07-21 4:29 dpdklab
2024-07-21 4:31 dpdklab
2024-07-21 4:31 dpdklab
2024-07-21 4:31 dpdklab
2024-07-21 4:31 dpdklab
2024-07-21 4:32 dpdklab
2024-07-21 4:32 dpdklab
2024-07-21 4:32 dpdklab
2024-07-21 4:32 dpdklab
2024-07-21 4:33 dpdklab
2024-07-21 4:34 dpdklab
2024-07-21 4:36 dpdklab
2024-07-21 4:38 dpdklab
2024-07-21 4:39 dpdklab
2024-07-21 4:41 dpdklab
2024-07-21 4:41 dpdklab
2024-07-21 4:43 dpdklab
2024-07-21 4:44 dpdklab
2024-07-21 4:44 dpdklab
2024-07-21 4:44 dpdklab
2024-07-21 4:45 dpdklab
2024-07-21 4:45 dpdklab
2024-07-21 4:50 dpdklab
2024-07-21 4:52 dpdklab
2024-07-21 4:53 dpdklab
2024-07-21 4:57 dpdklab
2024-07-21 5:02 dpdklab
2024-07-21 5:08 dpdklab
2024-07-21 5:23 dpdklab
2024-07-21 5:31 dpdklab
2024-07-21 5:50 dpdklab
2024-07-21 6:00 dpdklab
2024-07-21 6:07 dpdklab
2024-07-22 4:45 dpdklab
2024-07-22 4:45 dpdklab
2024-07-22 4:46 dpdklab
2024-07-22 4:46 dpdklab
2024-07-22 4:49 dpdklab
2024-07-22 4:51 dpdklab
2024-07-22 4:51 dpdklab
2024-07-22 4:51 dpdklab
2024-07-22 4:52 dpdklab
2024-07-22 4:52 dpdklab
2024-07-22 4:52 dpdklab
2024-07-22 4:52 dpdklab
2024-07-22 4:53 dpdklab
2024-07-22 4:53 dpdklab
2024-07-22 4:54 dpdklab
2024-07-22 4:54 dpdklab
2024-07-22 4:55 dpdklab
2024-07-22 4:55 dpdklab
2024-07-22 4:55 dpdklab
2024-07-22 4:56 dpdklab
2024-07-22 4:56 dpdklab
2024-07-22 4:56 dpdklab
2024-07-22 4:57 dpdklab
2024-07-22 4:58 dpdklab
2024-07-22 4:59 dpdklab
2024-07-22 5:00 dpdklab
2024-07-22 5:00 dpdklab
2024-07-22 5:05 dpdklab
2024-07-22 5:06 dpdklab
2024-07-22 5:07 dpdklab
2024-07-22 5:08 dpdklab
2024-07-22 5:10 dpdklab
2024-07-22 5:19 dpdklab
2024-07-22 5:40 dpdklab
2024-07-22 5:52 dpdklab
2024-07-22 6:09 dpdklab
2024-07-22 6:19 dpdklab
2024-07-23 6:50 dpdklab
2024-07-23 6:52 dpdklab
2024-07-23 6:53 dpdklab
2024-07-23 6:56 dpdklab
2024-07-23 6:56 dpdklab
2024-07-23 6:56 dpdklab
2024-07-23 6:57 dpdklab
2024-07-23 6:57 dpdklab
2024-07-23 7:20 dpdklab
2024-07-23 7:25 dpdklab
2024-07-23 7:27 dpdklab
2024-07-23 7:29 dpdklab
2024-07-23 7:34 dpdklab
2024-07-23 7:36 dpdklab
2024-07-23 7:37 dpdklab
2024-07-23 7:46 dpdklab
2024-07-23 7:48 dpdklab
2024-07-23 7:49 dpdklab
2024-07-23 7:55 dpdklab
2024-07-23 7:59 dpdklab
2024-07-23 8:02 dpdklab
2024-07-23 8:21 dpdklab
2024-07-23 8:25 dpdklab
2024-07-23 8:28 dpdklab
2024-07-24 5:29 dpdklab
2024-07-24 5:29 dpdklab
2024-07-24 5:30 dpdklab
2024-07-24 5:34 dpdklab
2024-07-24 5:34 dpdklab
2024-07-24 5:36 dpdklab
2024-07-24 5:38 dpdklab
2024-07-24 5:39 dpdklab
2024-07-24 5:39 dpdklab
2024-07-24 5:42 dpdklab
2024-07-24 5:44 dpdklab
2024-07-24 5:46 dpdklab
2024-07-24 5:47 dpdklab
2024-07-24 6:06 dpdklab
2024-07-24 6:07 dpdklab
2024-07-24 6:07 dpdklab
2024-07-24 6:13 dpdklab
2024-07-24 6:14 dpdklab
2024-07-24 6:15 dpdklab
2024-07-24 6:15 dpdklab
2024-07-24 6:18 dpdklab
2024-07-24 6:21 dpdklab
2024-07-24 6:27 dpdklab
2024-07-24 6:30 dpdklab
2024-07-24 6:35 dpdklab
2024-07-24 6:48 dpdklab
2024-07-24 6:52 dpdklab
2024-07-24 6:58 dpdklab
2024-07-24 6:59 dpdklab
2024-07-24 7:13 dpdklab
2024-07-24 7:14 dpdklab
2024-07-24 7:24 dpdklab
2024-07-24 7:29 dpdklab
2024-07-25 13:28 dpdklab
2024-07-25 13:29 dpdklab
2024-07-25 13:31 dpdklab
2024-07-25 13:32 dpdklab
2024-07-25 13:34 dpdklab
2024-07-25 14:40 dpdklab
2024-07-25 14:40 dpdklab
2024-07-25 14:42 dpdklab
2024-07-25 14:42 dpdklab
2024-07-25 14:44 dpdklab
2024-07-25 14:47 dpdklab
2024-07-25 14:49 dpdklab
2024-07-25 14:51 dpdklab
2024-07-25 15:10 dpdklab
2024-07-25 15:13 dpdklab
2024-07-25 15:26 dpdklab
2024-07-25 15:35 dpdklab
2024-07-25 15:43 dpdklab
2024-07-25 15:44 dpdklab
2024-07-25 15:48 dpdklab
2024-07-25 15:53 dpdklab
2024-07-25 16:00 dpdklab
2024-07-25 16:08 dpdklab
2024-07-25 16:18 dpdklab
2024-07-26 7:44 dpdklab
2024-07-26 7:44 dpdklab
2024-07-26 7:46 dpdklab
2024-07-26 7:48 dpdklab
2024-07-26 7:49 dpdklab
2024-07-26 7:49 dpdklab
2024-07-26 7:50 dpdklab
2024-07-26 7:52 dpdklab
2024-07-26 8:03 dpdklab
2024-07-26 8:16 dpdklab
2024-07-26 8:20 dpdklab
2024-07-26 8:21 dpdklab
2024-07-26 8:21 dpdklab
2024-07-26 8:29 dpdklab
2024-07-26 8:30 dpdklab
2024-07-26 8:36 dpdklab
2024-07-26 8:37 dpdklab
2024-07-26 8:38 dpdklab
2024-07-26 8:44 dpdklab
2024-07-26 8:45 dpdklab
2024-07-26 8:46 dpdklab
2024-07-26 8:46 dpdklab
2024-07-26 8:47 dpdklab
2024-07-26 8:48 dpdklab
2024-07-26 8:48 dpdklab
2024-07-26 8:49 dpdklab
2024-07-26 8:53 dpdklab
2024-07-26 8:59 dpdklab
2024-07-26 9:06 dpdklab
2024-07-26 9:08 dpdklab
Reply instructions:
You may reply publicly to this message via plain-text email
using any one of the following methods:
* Save the following mbox file, import it into your mail client,
and reply-to-all from there: mbox
Avoid top-posting and favor interleaved quoting:
https://en.wikipedia.org/wiki/Posting_style#Interleaved_style
* Reply using the --to, --cc, and --in-reply-to
switches of git-send-email(1):
git send-email \
--in-reply-to=6663e5ef.050a0220.2f831.fa4dSMTPIN_ADDED_MISSING@mx.google.com \
--to=dpdklab@iol.unh.edu \
--cc=bluca@debian.org \
--cc=christian.ehrhardt@canonical.com \
--cc=dpdk-test-reports@iol.unh.edu \
--cc=ktraynor@redhat.com \
--cc=test-report@dpdk.org \
--cc=xuemingl@nvidia.com \
/path/to/YOUR_REPLY
https://kernel.org/pub/software/scm/git/docs/git-send-email.html
* If your mail client supports setting the In-Reply-To header
via mailto: links, try the mailto: link
Be sure your reply has a Subject: header at the top and a blank line
before the message body.
This is a public inbox, see mirroring instructions
for how to clone and mirror all data and code used for this inbox;
as well as URLs for NNTP newsgroup(s).