From mboxrd@z Thu Jan  1 00:00:00 1970
Return-Path: <test-report-bounces@dpdk.org>
Received: from mails.dpdk.org (mails.dpdk.org [217.70.189.124])
	by inbox.dpdk.org (Postfix) with ESMTP id D13FB41F51
	for <public@inbox.dpdk.org>; Sun,  9 Jun 2024 12:12:18 +0200 (CEST)
Received: from mails.dpdk.org (localhost [127.0.0.1])
	by mails.dpdk.org (Postfix) with ESMTP id CE2A140280;
	Sun,  9 Jun 2024 12:12:18 +0200 (CEST)
Received: from mail-pg1-f227.google.com (mail-pg1-f227.google.com
 [209.85.215.227])
 by mails.dpdk.org (Postfix) with ESMTP id 71B5340264
 for <test-report@dpdk.org>; Sun,  9 Jun 2024 12:12:17 +0200 (CEST)
Received: by mail-pg1-f227.google.com with SMTP id
 41be03b00d2f7-6c4f3e0e3d2so2686481a12.1
 for <test-report@dpdk.org>; Sun, 09 Jun 2024 03:12:17 -0700 (PDT)
DKIM-Signature: v=1; a=rsa-sha256; c=relaxed/relaxed;
 d=iol.unh.edu; s=unh-iol; t=1717927936; x=1718532736; darn=dpdk.org;
 h=references:in-reply-to:cc:to:from:subject:message-id:date:from:to
 :cc:subject:date:message-id:reply-to;
 bh=4ITQMJSNTTWTgKRo93C6QoohKDitf5kL5ENqBUXQ4RI=;
 b=INoYqrsi81w0UupdOGmdmsitaJ4El83cmQwjRIhlxfbzk/lWPmGD/bKftw2vu7E80g
 omI/5jpLxM0859bnWumMV2mgHxM9QBFrZCKI4JObfeK0AsNfu6Qc/uLt6ZaIOzl6VtJu
 oW2Tcz1/bwXuU7PkvnU0KZ+W1JzIKDavYpcr8=
X-Google-DKIM-Signature: v=1; a=rsa-sha256; c=relaxed/relaxed;
 d=1e100.net; s=20230601; t=1717927936; x=1718532736;
 h=references:in-reply-to:cc:to:from:subject:message-id:date
 :x-gm-message-state:from:to:cc:subject:date:message-id:reply-to;
 bh=4ITQMJSNTTWTgKRo93C6QoohKDitf5kL5ENqBUXQ4RI=;
 b=oaWpH1m6FQLpV64sYpMgDXVvYuSIvBeSovkz6uScZvgGYLMfeNtkgXNzI2GT93IJlD
 yXZM+eAzliawdFlEnF7T4nqnYcWSdvbdU1d9Ep8BoRHg/NcENWUwERSsKaYdroYPFckT
 VY/nhwIralvAIGKr3OyytSlNEYTSzrOtX/rLf6b0kVxCLBXaJoIsB2OcyXitTBMMViBg
 VgCw+uwHh4N5+OU2TRszSXquW74Fu3YcjpyJwcThEUfnx1UmNp75ZboAoWpWCFvbzR5h
 e/EM0Be2aKGokYc6wyeArG9XmOWJCNRWRzyXQ4pakEWp0mv9mSDdxm5or6bosEBOwn/s
 eojg==
X-Gm-Message-State: AOJu0YyhJF4IX0KOAJyDRStqexG+cBvudXG0rZPAmeoau1g+kavDXJLB
 cHC5CsII3E50WXfotKQvMS38oDTB4CJnmaRb7Vg0Xq+M4jW04GigIL5Fv5/9EHkdtD0J8O68Dre
 KolC+F4Q3Iwy8KU8Mmden1hQ9Ixq2LogXgOxZHSYrrXAQ3tExd2iPlp1o
X-Google-Smtp-Source: AGHT+IHgGb9zT41TK5RLC8J+tYn9L6F9BoVbewMJ6CSbWIR38pXqo6q5++DMUU/UjJvjaAoMGbg7PPT5DjAs
X-Received: by 2002:a05:6a21:99a6:b0:1af:d1f3:2cb5 with SMTP id
 adf61e73a8af0-1b2f9698727mr8396440637.8.1717927936699; 
 Sun, 09 Jun 2024 03:12:16 -0700 (PDT)
Received: from postal.iol.unh.edu (postal.iol.unh.edu.
 [2606:4100:3880:1234::84]) by smtp-relay.gmail.com with ESMTPS id
 41be03b00d2f7-6e9ff3424a4sm58296a12.10.2024.06.09.03.12.16
 (version=TLS1_2 cipher=ECDHE-ECDSA-AES128-GCM-SHA256 bits=128/128);
 Sun, 09 Jun 2024 03:12:16 -0700 (PDT)
X-Relaying-Domain: iol.unh.edu
Date: Sun, 09 Jun 2024 03:12:16 -0700 (PDT)
Message-ID: <66658000.630a0220.d31ae.54eaSMTPIN_ADDED_MISSING@mx.google.com>
Received: from [172.17.0.5] (unknown [172.18.0.217])
 by postal.iol.unh.edu (Postfix) with ESMTP id EBEAF605C373;
 Sun,  9 Jun 2024 06:12:15 -0400 (EDT)
Subject: |FAILURE| pw140880-140889 [PATCH] [v6,11/11] net/mlx5: initial desig
From: dpdklab@iol.unh.edu
To: Test Report <test-report@dpdk.org>
Cc: dpdk-test-reports@iol.unh.edu, Maayan Kashani <mkashani@nvidia.com>
In-Reply-To: <20240609085600.87274-11-mkashani@nvidia.com>
References: <20240609085600.87274-11-mkashani@nvidia.com>
Content-Type: text/plain
X-BeenThere: test-report@dpdk.org
X-Mailman-Version: 2.1.29
Precedence: list
List-Id: automatic DPDK test reports <test-report.dpdk.org>
List-Unsubscribe: <https://mails.dpdk.org/options/test-report>,
 <mailto:test-report-request@dpdk.org?subject=unsubscribe>
List-Archive: <http://mails.dpdk.org/archives/test-report/>
List-Post: <mailto:test-report@dpdk.org>
List-Help: <mailto:test-report-request@dpdk.org?subject=help>
List-Subscribe: <https://mails.dpdk.org/listinfo/test-report>,
 <mailto:test-report-request@dpdk.org?subject=subscribe>
Errors-To: test-report-bounces@dpdk.org

Test-Label: iol-unit-amd64-testing
Test-Status: FAILURE
http://dpdk.org/patch/140889

_Testing issues_

Submitter: Maayan Kashani <mkashani@nvidia.com>
Date: Sunday, June 09 2024 08:56:00 
DPDK git baseline: Repo:dpdk
  Branch: master
  CommitID:2bf363ff7e924a1fb6054eee693fde66097273f7

140880-140889 --> testing issues

Test environment and result as below:

+---------------------+----------------+
|     Environment     | dpdk_unit_test |
+=====================+================+
| CentOS Stream 8     | FAIL           |
+---------------------+----------------+
| CentOS Stream 9     | FAIL           |
+---------------------+----------------+
| Debian 12           | FAIL           |
+---------------------+----------------+
| Windows Server 2019 | PASS           |
+---------------------+----------------+
| Fedora 37           | FAIL           |
+---------------------+----------------+
| Debian Bullseye     | FAIL           |
+---------------------+----------------+
| Fedora 39           | FAIL           |
+---------------------+----------------+
| Ubuntu 22.04        | FAIL           |
+---------------------+----------------+
| RHEL8               | FAIL           |
+---------------------+----------------+
| openSUSE Leap 15    | FAIL           |
+---------------------+----------------+
| Fedora 38           | FAIL           |
+---------------------+----------------+
| Ubuntu 20.04        | FAIL           |
+---------------------+----------------+
| Ubuntu 24.04        | FAIL           |
+---------------------+----------------+

==== 20 line log output for Ubuntu 24.04 (dpdk_unit_test): ====
 --- Failed to get log output --- 
==== End log output ====

CentOS Stream 8
	Kernel: 5.4.0-167-generic
	Compiler: gcc 8.5.0 20210514

CentOS Stream 9
	Kernel: 5.4.0-167-generic
	Compiler: gcc 11.4.1 20230605

Debian 12
	Kernel: Container Host Kernel
	Compiler: gcc 12.2.0

Windows Server 2019
	Kernel: 10.0.17763
	Compiler: clang 14.0 and gcc 8.1.0 (MinGW)

Fedora 37
	Kernel: Depends on container host system
	Compiler: gcc 12.3.1

Debian Bullseye
	Kernel: 5.4.0-167-generic
	Compiler: gcc 10.2.1-6

Fedora 39
	Kernel: Depends on container host
	Compiler: gcc 13.2.1

Ubuntu 22.04
	Kernel: 5.4.0-167-generic
	Compiler: gcc 11.4.0

RHEL8
	Kernel: 5.4.0-167-generic
	Compiler: gcc 8.5.0 20210514 (Red Hat 8.5.0-20)

openSUSE Leap 15
	Kernel: 5.4.0-167-generic
	Compiler: gcc 7.5.0

Fedora 38
	Kernel: Depends on container host
	Compiler: gcc 13.2.1

Ubuntu 20.04
	Kernel: 5.4.0-167-generic
	Compiler: gcc 9.4.0-1ubuntu1~20.04.1

Ubuntu 24.04
	Kernel: 5.4.0-167-generic
	Compiler: gcc 13.2.0

To view detailed results, visit:
https://lab.dpdk.org/results/dashboard/patchsets/30150/

UNH-IOL DPDK Community Lab

To manage your email subscriptions, visit: 
https://lab.dpdk.org/results/dashboard/preferences/subscriptions/