From mboxrd@z Thu Jan  1 00:00:00 1970
Return-Path: <test-report-bounces@dpdk.org>
Received: from mails.dpdk.org (mails.dpdk.org [217.70.189.124])
	by inbox.dpdk.org (Postfix) with ESMTP id 182F241F51
	for <public@inbox.dpdk.org>; Sun,  9 Jun 2024 12:12:55 +0200 (CEST)
Received: from mails.dpdk.org (localhost [127.0.0.1])
	by mails.dpdk.org (Postfix) with ESMTP id 145AE40280;
	Sun,  9 Jun 2024 12:12:55 +0200 (CEST)
Received: from mail-qv1-f99.google.com (mail-qv1-f99.google.com
 [209.85.219.99]) by mails.dpdk.org (Postfix) with ESMTP id 81DB840264
 for <test-report@dpdk.org>; Sun,  9 Jun 2024 12:12:53 +0200 (CEST)
Received: by mail-qv1-f99.google.com with SMTP id
 6a1803df08f44-6b063047958so9230696d6.3
 for <test-report@dpdk.org>; Sun, 09 Jun 2024 03:12:53 -0700 (PDT)
DKIM-Signature: v=1; a=rsa-sha256; c=relaxed/relaxed;
 d=iol.unh.edu; s=unh-iol; t=1717927973; x=1718532773; darn=dpdk.org;
 h=references:in-reply-to:cc:to:from:subject:message-id:date:from:to
 :cc:subject:date:message-id:reply-to;
 bh=VSQVVBzhqMKDSNPqQjnG+6ZrPsENaQ+mfMvaf2kpjIA=;
 b=YHGmC9/Gyj+vE1wUAsJoebGsrv+MdLgJgPSGGWgIOHdabwcVMHMasK37P5uu2JTmX2
 QWzORTbug5Ys6ukQW1nxy1DJgYt2lIbt2Rl/YtkI3bAO7QfCWrNXlA76Ri1DTwAbACeY
 B+5Le9kArQWXId5TBgT4yJDRUV6oHEu0CVYbw=
X-Google-DKIM-Signature: v=1; a=rsa-sha256; c=relaxed/relaxed;
 d=1e100.net; s=20230601; t=1717927973; x=1718532773;
 h=references:in-reply-to:cc:to:from:subject:message-id:date
 :x-gm-message-state:from:to:cc:subject:date:message-id:reply-to;
 bh=VSQVVBzhqMKDSNPqQjnG+6ZrPsENaQ+mfMvaf2kpjIA=;
 b=ihEMvcOGG8zkZ298dxuVtC/AaD2x2HSr821sCC4vWqf0gaLBOzixYb8ReW5r0gmeVJ
 hB09lY+JL7eyP30HkVO5EXucRkp4pxsmVNzjKZjpJwN0fA4ulRoZRUonPhtjVoONTVr1
 LLicrmEmig0h3HcMGh9pX6FOfjLJY4/Miqr4oHaMg3nK0jgM6y66pGqlDaZ0HFN1qN85
 OYtvFVY5OR2+qH4IwUnBrZ4nVIOGkEYyAS+1eQl7fJWjiyJcL4Rfi9gebXAFMM+dN+4V
 VmetZofCFvm2JvkHyV9qFTDxnRY9tJYabCOtjTmG5b60eneKFPd2lX4MaDEVtvTx3Y7B
 4X7w==
X-Gm-Message-State: AOJu0YxZAK0RYkvQ86VJ5CR0FD9aZxPkW8VIODQEUQEYLFRb9sVXfPYT
 MfJ06OfFmkLb2KeIiSjoKTjJRsgP9re7/a7/c/PF1kHBZmCAW4i5P4PuhIXav2YIJU1PiYR3naT
 Q9X478imUnlD+DJvMaR7S4Z233KC/37n4NyXE18lI
X-Google-Smtp-Source: AGHT+IFALi+/mUJziHcpf00e/A5p2x2zg3i3K8jynrTFjZh0h6FjLEFhMBUrikE6zMrwoTdxZamZ0xvEdBz1
X-Received: by 2002:a05:6214:5f04:b0:6b0:6cdb:496c with SMTP id
 6a1803df08f44-6b06cdb7d60mr45603686d6.19.1717927972843; 
 Sun, 09 Jun 2024 03:12:52 -0700 (PDT)
Received: from postal.iol.unh.edu (postal.iol.unh.edu. [132.177.123.84])
 by smtp-relay.gmail.com with ESMTPS id
 6a1803df08f44-6b04fa22cc9sm3611866d6.72.2024.06.09.03.12.52
 (version=TLS1_2 cipher=ECDHE-ECDSA-AES128-GCM-SHA256 bits=128/128);
 Sun, 09 Jun 2024 03:12:52 -0700 (PDT)
X-Relaying-Domain: iol.unh.edu
Date: Sun, 09 Jun 2024 03:12:52 -0700 (PDT)
Message-ID: <66658024.050a0220.73477.f8e4SMTPIN_ADDED_MISSING@mx.google.com>
Received: from [172.17.0.5] (unknown [172.18.0.217])
 by postal.iol.unh.edu (Postfix) with ESMTP id 856B8605C373;
 Sun,  9 Jun 2024 06:12:52 -0400 (EDT)
Subject: |FAILURE| pw140880-140889 [PATCH] [v6,11/11] net/mlx5: initial desig
From: dpdklab@iol.unh.edu
To: Test Report <test-report@dpdk.org>
Cc: dpdk-test-reports@iol.unh.edu, Maayan Kashani <mkashani@nvidia.com>
In-Reply-To: <20240609085600.87274-11-mkashani@nvidia.com>
References: <20240609085600.87274-11-mkashani@nvidia.com>
Content-Type: text/plain
X-BeenThere: test-report@dpdk.org
X-Mailman-Version: 2.1.29
Precedence: list
List-Id: automatic DPDK test reports <test-report.dpdk.org>
List-Unsubscribe: <https://mails.dpdk.org/options/test-report>,
 <mailto:test-report-request@dpdk.org?subject=unsubscribe>
List-Archive: <http://mails.dpdk.org/archives/test-report/>
List-Post: <mailto:test-report@dpdk.org>
List-Help: <mailto:test-report-request@dpdk.org?subject=help>
List-Subscribe: <https://mails.dpdk.org/listinfo/test-report>,
 <mailto:test-report-request@dpdk.org?subject=subscribe>
Errors-To: test-report-bounces@dpdk.org

Test-Label: iol-compile-arm64-testing
Test-Status: FAILURE
http://dpdk.org/patch/140889

_Testing issues_

Submitter: Maayan Kashani <mkashani@nvidia.com>
Date: Sunday, June 09 2024 08:56:00 
DPDK git baseline: Repo:dpdk
  Branch: master
  CommitID:2bf363ff7e924a1fb6054eee693fde66097273f7

140880-140889 --> testing issues

Test environment and result as below:

+----------------------------------------+--------------------+
|              Environment               | dpdk_meson_compile |
+========================================+====================+
| Debian 12 with MUSDK                   | PASS               |
+----------------------------------------+--------------------+
| Fedora 37 (ARM)                        | FAIL               |
+----------------------------------------+--------------------+
| Ubuntu 22.04 (ARM)                     | FAIL               |
+----------------------------------------+--------------------+
| Ubuntu 20.04 (ARM)                     | FAIL               |
+----------------------------------------+--------------------+
| Fedora 38 (ARM)                        | FAIL               |
+----------------------------------------+--------------------+
| CentOS Stream 9 (ARM)                  | FAIL               |
+----------------------------------------+--------------------+
| Debian 11 (Buster) (ARM)               | FAIL               |
+----------------------------------------+--------------------+
| Ubuntu 24.04 (ARM)                     | FAIL               |
+----------------------------------------+--------------------+
| Fedora 39 (ARM)                        | FAIL               |
+----------------------------------------+--------------------+
| Debian 12 (arm)                        | FAIL               |
+----------------------------------------+--------------------+
| Ubuntu 20.04 aarch32 GCC Cross Compile | PASS               |
+----------------------------------------+--------------------+
| Ubuntu 20.04 ARM Clang Cross Compile   | PASS               |
+----------------------------------------+--------------------+
| Fedora 38 (ARM Clang)                  | FAIL               |
+----------------------------------------+--------------------+
| Ubuntu 20.04 ARM GCC Cross Compile     | PASS               |
+----------------------------------------+--------------------+

==== 20 line log output for Fedora 38 (ARM Clang) (dpdk_meson_compile): ====
 --- Failed to get log output --- 
==== End log output ====

Debian 12 with MUSDK
	Kernel: Container Host Kernel
	Compiler: gcc 12.2.0

Fedora 37 (ARM)
	Kernel: Depends on container host
	Compiler: gcc 12.3.1

Ubuntu 22.04 (ARM)
	Kernel: Container Host Kernel
	Compiler: gcc 11.4.0

Ubuntu 20.04 (ARM)
	Kernel: Container Host Kernel
	Compiler: gcc 9.4.0

Fedora 38 (ARM)
	Kernel: Depends on container host
	Compiler: gcc 13.2.1

CentOS Stream 9 (ARM)
	Kernel: Container Host Kernel
	Compiler: gcc 11.4.1

Debian 11 (Buster) (ARM)
	Kernel: Container Host Kernel
	Compiler: gcc 10.2.1

Ubuntu 24.04 (ARM)
	Kernel: 5.4.0-167-generic
	Compiler: gcc 13.2.0

Fedora 39 (ARM)
	Kernel: Depends on container host
	Compiler: gcc 13.2.1

Debian 12 (arm)
	Kernel: Container Host Kernel
	Compiler: gcc 12.2.0

Ubuntu 20.04 aarch32 GCC Cross Compile
	Kernel: 5.4.0-167-generic
	Compiler: gcc 9.4.0

Ubuntu 20.04 ARM Clang Cross Compile
	Kernel: 5.4.0-72-generic
	Compiler: clang 10.0.0-4ubuntu1

Fedora 38 (ARM Clang)
	Kernel: Depends on container host
	Compiler: clang 16.0.6

Ubuntu 20.04 ARM GCC Cross Compile
	Kernel: 5.4.0-167-generic
	Compiler: aarch64-linux-gnu-gcc (Ubuntu 9.4.0-1ubuntu1~20.04.2) 9.4.0

To view detailed results, visit:
https://lab.dpdk.org/results/dashboard/patchsets/30150/

UNH-IOL DPDK Community Lab

To manage your email subscriptions, visit: 
https://lab.dpdk.org/results/dashboard/preferences/subscriptions/