From mboxrd@z Thu Jan  1 00:00:00 1970
Return-Path: <test-report-bounces@dpdk.org>
Received: from mails.dpdk.org (mails.dpdk.org [217.70.189.124])
	by inbox.dpdk.org (Postfix) with ESMTP id 5D47F41F51
	for <public@inbox.dpdk.org>; Sun,  9 Jun 2024 14:35:44 +0200 (CEST)
Received: from mails.dpdk.org (localhost [127.0.0.1])
	by mails.dpdk.org (Postfix) with ESMTP id 59032402CA;
	Sun,  9 Jun 2024 14:35:44 +0200 (CEST)
Received: from mail-pf1-f225.google.com (mail-pf1-f225.google.com
 [209.85.210.225])
 by mails.dpdk.org (Postfix) with ESMTP id 2920640041
 for <test-report@dpdk.org>; Sun,  9 Jun 2024 14:35:42 +0200 (CEST)
Received: by mail-pf1-f225.google.com with SMTP id
 d2e1a72fcca58-70417a6c328so1478992b3a.1
 for <test-report@dpdk.org>; Sun, 09 Jun 2024 05:35:42 -0700 (PDT)
DKIM-Signature: v=1; a=rsa-sha256; c=relaxed/relaxed;
 d=iol.unh.edu; s=unh-iol; t=1717936541; x=1718541341; darn=dpdk.org;
 h=references:in-reply-to:cc:to:from:subject:message-id:date:from:to
 :cc:subject:date:message-id:reply-to;
 bh=RILiKbU42+aGIo+HwABgneOiVny1i9QRpqckMADVnC8=;
 b=dHzyaX43lpD8gbFoB0fOB4OX7T8QtU9e/4EnhSoomm97jBrKqShN6p86DRnYwTDU/a
 mSIGmrRgE6SDQW8j5jSp0UyHMCD8aRr0CQhhkbJbieMxcnD39VUYTKxbeHcduyTy8eyH
 hVV6Gow7PTswCREuEJnUX4KbFihaWHNQQfTuE=
X-Google-DKIM-Signature: v=1; a=rsa-sha256; c=relaxed/relaxed;
 d=1e100.net; s=20230601; t=1717936541; x=1718541341;
 h=references:in-reply-to:cc:to:from:subject:message-id:date
 :x-gm-message-state:from:to:cc:subject:date:message-id:reply-to;
 bh=RILiKbU42+aGIo+HwABgneOiVny1i9QRpqckMADVnC8=;
 b=pS1UKcbnK535LMAoQfMdFN+1joEr1Gtm0+Ggi5TrD+KR9V0dLWg0ZX0dJlF4ncfiiP
 lP9xqyBrQo6o3hZNNV3+QxDVmwL57UgDVRgx6tGOMDzOkkVis5n1xrKxXPTh+5hF9zvj
 gWybfwbl60wYJxjAHjPJjuDhntbx1L+rXEj2JgDI6E6l4NnjQsx55jXkOWy5ux4SvU7A
 ouc5/jocNps7sVFdYFH9sbpRzPu8liybExT3WejOW/VQW+YnxFkagjzv1GZye8DLl0zS
 flC82aVMB9jcge6S+IEVXvTqdFd+DNEQmp51me8QAvAmFdRkgYlLt7kyBFtaTvs7xj7z
 gtmg==
X-Gm-Message-State: AOJu0Yxa5J6aGnTVCqL9a3eRPuCc+emDpR0pAShTNaT6NoK5dDMWTwUj
 rBd/9gQ0sz1S6KqKvoqfZu5bcHryzp/nCJ7N8M9LcqpmtslyetqVhzOf3fsKNfHyAAn/TlM8Xth
 6SD58J6FFFy6SHw6IGIEvgUUkzsbzVVa43vW4TsUBgo6OGHhO668S17hB
X-Google-Smtp-Source: AGHT+IGBn7zSFcYCo7Taz+qYPzjImPFtmHkA9Sp6Cwt2LfGxJt5z3kYhNw6Z3zPFJaoVtr9owz19x4BfkuRY
X-Received: by 2002:a05:6a00:3c87:b0:704:35a3:f83d with SMTP id
 d2e1a72fcca58-70435a4af77mr1506900b3a.27.1717936541261; 
 Sun, 09 Jun 2024 05:35:41 -0700 (PDT)
Received: from postal.iol.unh.edu (postal.iol.unh.edu.
 [2606:4100:3880:1234::84]) by smtp-relay.gmail.com with ESMTPS id
 41be03b00d2f7-6de262c04afsm361494a12.33.2024.06.09.05.35.41
 (version=TLS1_2 cipher=ECDHE-ECDSA-AES128-GCM-SHA256 bits=128/128);
 Sun, 09 Jun 2024 05:35:41 -0700 (PDT)
X-Relaying-Domain: iol.unh.edu
Date: Sun, 09 Jun 2024 05:35:41 -0700 (PDT)
Message-ID: <6665a19d.630a0220.eb6ea.1431SMTPIN_ADDED_MISSING@mx.google.com>
Received: from [172.17.0.3] (unknown [172.18.0.217])
 by postal.iol.unh.edu (Postfix) with ESMTP id 65D56605C373;
 Sun,  9 Jun 2024 08:35:40 -0400 (EDT)
Subject: |FAILURE| pw140890-140900 [PATCH] [v7,11/11] net/mlx5: initial desig
From: dpdklab@iol.unh.edu
To: Test Report <test-report@dpdk.org>
Cc: dpdk-test-reports@iol.unh.edu, Maayan Kashani <mkashani@nvidia.com>
In-Reply-To: <20240609110107.92009-11-mkashani@nvidia.com>
References: <20240609110107.92009-11-mkashani@nvidia.com>
Content-Type: text/plain
X-BeenThere: test-report@dpdk.org
X-Mailman-Version: 2.1.29
Precedence: list
List-Id: automatic DPDK test reports <test-report.dpdk.org>
List-Unsubscribe: <https://mails.dpdk.org/options/test-report>,
 <mailto:test-report-request@dpdk.org?subject=unsubscribe>
List-Archive: <http://mails.dpdk.org/archives/test-report/>
List-Post: <mailto:test-report@dpdk.org>
List-Help: <mailto:test-report-request@dpdk.org?subject=help>
List-Subscribe: <https://mails.dpdk.org/listinfo/test-report>,
 <mailto:test-report-request@dpdk.org?subject=subscribe>
Errors-To: test-report-bounces@dpdk.org

Test-Label: iol-unit-amd64-testing
Test-Status: FAILURE
http://dpdk.org/patch/140900

_Testing issues_

Submitter: Maayan Kashani <mkashani@nvidia.com>
Date: Sunday, June 09 2024 11:01:07 
DPDK git baseline: Repo:dpdk
  Branch: master
  CommitID:2bf363ff7e924a1fb6054eee693fde66097273f7

140890-140900 --> testing issues

Test environment and result as below:

+---------------------+----------------+
|     Environment     | dpdk_unit_test |
+=====================+================+
| CentOS Stream 8     | FAIL           |
+---------------------+----------------+
| Debian 12           | FAIL           |
+---------------------+----------------+
| CentOS Stream 9     | FAIL           |
+---------------------+----------------+
| Debian Bullseye     | FAIL           |
+---------------------+----------------+
| Fedora 38           | FAIL           |
+---------------------+----------------+
| Fedora 39           | FAIL           |
+---------------------+----------------+
| Fedora 37           | FAIL           |
+---------------------+----------------+
| Windows Server 2019 | PASS           |
+---------------------+----------------+
| openSUSE Leap 15    | FAIL           |
+---------------------+----------------+
| Ubuntu 24.04        | FAIL           |
+---------------------+----------------+
| RHEL8               | FAIL           |
+---------------------+----------------+
| Ubuntu 20.04        | FAIL           |
+---------------------+----------------+
| Ubuntu 22.04        | FAIL           |
+---------------------+----------------+
| Windows Server 2022 | PASS           |
+---------------------+----------------+

==== 20 line log output for Ubuntu 22.04 (dpdk_unit_test): ====
 --- Failed to get log output --- 
==== End log output ====

CentOS Stream 8
	Kernel: 5.4.0-167-generic
	Compiler: gcc 8.5.0 20210514

Debian 12
	Kernel: Container Host Kernel
	Compiler: gcc 12.2.0

CentOS Stream 9
	Kernel: 5.4.0-167-generic
	Compiler: gcc 11.4.1 20230605

Debian Bullseye
	Kernel: 5.4.0-167-generic
	Compiler: gcc 10.2.1-6

Fedora 38
	Kernel: Depends on container host
	Compiler: gcc 13.2.1

Fedora 39
	Kernel: Depends on container host
	Compiler: gcc 13.2.1

Fedora 37
	Kernel: Depends on container host system
	Compiler: gcc 12.3.1

Windows Server 2019
	Kernel: 10.0.17763
	Compiler: clang 14.0 and gcc 8.1.0 (MinGW)

openSUSE Leap 15
	Kernel: 5.4.0-167-generic
	Compiler: gcc 7.5.0

Ubuntu 24.04
	Kernel: 5.4.0-167-generic
	Compiler: gcc 13.2.0

RHEL8
	Kernel: 5.4.0-167-generic
	Compiler: gcc 8.5.0 20210514 (Red Hat 8.5.0-20)

Ubuntu 20.04
	Kernel: 5.4.0-167-generic
	Compiler: gcc 9.4.0-1ubuntu1~20.04.1

Ubuntu 22.04
	Kernel: 5.4.0-167-generic
	Compiler: gcc 11.4.0

Windows Server 2022
	Kernel: 10.0.20348.2031
	Compiler: clang 15.0.7, gcc 8.1.0 (MinGW), and MSVC VS 17.9

To view detailed results, visit:
https://lab.dpdk.org/results/dashboard/patchsets/30151/

UNH-IOL DPDK Community Lab

To manage your email subscriptions, visit: 
https://lab.dpdk.org/results/dashboard/preferences/subscriptions/