From mboxrd@z Thu Jan  1 00:00:00 1970
Return-Path: <test-report-bounces@dpdk.org>
Received: from mails.dpdk.org (mails.dpdk.org [217.70.189.124])
	by inbox.dpdk.org (Postfix) with ESMTP id F053E4417A
	for <public@inbox.dpdk.org>; Thu, 13 Jun 2024 03:35:52 +0200 (CEST)
Received: from mails.dpdk.org (localhost [127.0.0.1])
	by mails.dpdk.org (Postfix) with ESMTP id 0AA514278D;
	Thu, 13 Jun 2024 03:35:52 +0200 (CEST)
Received: from mail-pl1-f228.google.com (mail-pl1-f228.google.com
 [209.85.214.228])
 by mails.dpdk.org (Postfix) with ESMTP id 18E274026B
 for <test-report@dpdk.org>; Thu, 13 Jun 2024 03:23:59 +0200 (CEST)
Received: by mail-pl1-f228.google.com with SMTP id
 d9443c01a7336-1f47f07acd3so5095735ad.0
 for <test-report@dpdk.org>; Wed, 12 Jun 2024 18:23:59 -0700 (PDT)
DKIM-Signature: v=1; a=rsa-sha256; c=relaxed/relaxed;
 d=iol.unh.edu; s=unh-iol; t=1718241838; x=1718846638; darn=dpdk.org;
 h=references:in-reply-to:cc:to:from:subject:message-id:date:from:to
 :cc:subject:date:message-id:reply-to;
 bh=OuHhR1bK/UmSlx0vOcpJUZsSDsa7/6s0ueUDbF38B78=;
 b=Vkwt7m+gMg11K1h77bxpw0/rw/G7wKKT6YE6ZYD3370MI9oEXFWXolfZj0cXgzpSAB
 cDDoh12+Lso9fgWJyz7culaDlRxhsEDfrVJF4EhFwkviYYHNBIvohZ5AbVbRWu+oqi/f
 g1imzGHaLlKj7/ld2O1M8G/C7ES52HmlkcK9s=
X-Google-DKIM-Signature: v=1; a=rsa-sha256; c=relaxed/relaxed;
 d=1e100.net; s=20230601; t=1718241838; x=1718846638;
 h=references:in-reply-to:cc:to:from:subject:message-id:date
 :x-gm-message-state:from:to:cc:subject:date:message-id:reply-to;
 bh=OuHhR1bK/UmSlx0vOcpJUZsSDsa7/6s0ueUDbF38B78=;
 b=sOdRLf1ArbYvBz9AdpylX931Iepr1gmCJVomkHrAxYd3i8l9ieD1Z1GxPeKm26L6kq
 Tfhcw8gMsiUFfABzW/6WPT7GVgeNH2c4J9irbD0I2hiLJ6wDvwUBaL4qmdTfJ3DacBtd
 Y8HLzbHqrws0V+vn+W/aKVa72o8KtqfkgWC4SAzn/81jUwIzJXCQ1NNKI53x+87eE9PS
 TqnD5pxo4o79SvVmy9IRTS3kCFCmnQCa5K4QiCzRgylLJifGC8UvlprSBcDCOmMN9rpA
 I1SXjCsJdbt5LSvhnz2GnlzUn6cDrW24p9537I5sH9TvYuCfPquHoPcachs6OXBfwLFF
 y35A==
X-Gm-Message-State: AOJu0YyrQc4G0GQdzfPD1JYHWt3XkK9ABuURTs2/qNnfYU5VOD7LELQn
 +p3ZDnoif2QY1tnWD7RjlOCkOFYpBCCeuqtgQ7ca0vg3CMcp5TGWAZFnh9fQ0IHmSkiE6JYQYGM
 XkmY5LMg5u1sJqbBrrHbwiY0SQ3ZMUVCfCkYB7rFK
X-Google-Smtp-Source: AGHT+IFdG8+s+PRGiNfguMEnLL7TPRT1rENih6LefqPxzuKr3kC8zNXJWjkkRUuVmGVSo+WHACLEyQfxwAFC
X-Received: by 2002:a17:902:e5d0:b0:1f7:38c5:1f34 with SMTP id
 d9443c01a7336-1f83b696663mr39356635ad.39.1718241838259; 
 Wed, 12 Jun 2024 18:23:58 -0700 (PDT)
Received: from postal.iol.unh.edu (postal.iol.unh.edu. [132.177.123.84])
 by smtp-relay.gmail.com with ESMTPS id
 d9443c01a7336-1f855ec459dsm44185ad.99.2024.06.12.18.23.58
 (version=TLS1_2 cipher=ECDHE-ECDSA-AES128-GCM-SHA256 bits=128/128);
 Wed, 12 Jun 2024 18:23:58 -0700 (PDT)
X-Relaying-Domain: iol.unh.edu
Date: Wed, 12 Jun 2024 18:23:58 -0700 (PDT)
Message-ID: <666a4a2e.170a0220.95cb4.0522SMTPIN_ADDED_MISSING@mx.google.com>
Received: from [172.17.0.2] (unknown [172.18.0.217])
 by postal.iol.unh.edu (Postfix) with ESMTP id 51FF6605C373;
 Wed, 12 Jun 2024 21:23:57 -0400 (EDT)
Subject: |FAILURE| pw140927-140931 [PATCH] [v4,5/5] vhost: manage FD with epo
From: dpdklab@iol.unh.edu
To: Test Report <test-report@dpdk.org>
Cc: dpdk-test-reports@iol.unh.edu, Maxime Coquelin <maxime.coquelin@redhat.com>
In-Reply-To: <20240611133957.72032-6-maxime.coquelin@redhat.com>
References: <20240611133957.72032-6-maxime.coquelin@redhat.com>
Content-Type: text/plain
X-BeenThere: test-report@dpdk.org
X-Mailman-Version: 2.1.29
Precedence: list
List-Id: automatic DPDK test reports <test-report.dpdk.org>
List-Unsubscribe: <https://mails.dpdk.org/options/test-report>,
 <mailto:test-report-request@dpdk.org?subject=unsubscribe>
List-Archive: <http://mails.dpdk.org/archives/test-report/>
List-Post: <mailto:test-report@dpdk.org>
List-Help: <mailto:test-report-request@dpdk.org?subject=help>
List-Subscribe: <https://mails.dpdk.org/listinfo/test-report>,
 <mailto:test-report-request@dpdk.org?subject=subscribe>
Errors-To: test-report-bounces@dpdk.org

Test-Label: iol-compile-arm64-testing
Test-Status: FAILURE
http://dpdk.org/patch/140931

_Testing issues_

Submitter: Maxime Coquelin <maxime.coquelin@redhat.com>
Date: Tuesday, June 11 2024 13:39:57 
DPDK git baseline: Repo:dpdk
  Branch: master
  CommitID:6f80df8cb0f889203d7cd27766abcc6ebc720e33

140927-140931 --> testing issues

Test environment and result as below:

+----------------------------------------+--------------------+
|              Environment               | dpdk_meson_compile |
+========================================+====================+
| Ubuntu 20.04 ARM SVE                   | PASS               |
+----------------------------------------+--------------------+
| Debian 12 with MUSDK                   | PASS               |
+----------------------------------------+--------------------+
| Debian 12 (arm)                        | PASS               |
+----------------------------------------+--------------------+
| Ubuntu 24.04 (ARM)                     | FAIL               |
+----------------------------------------+--------------------+
| Debian 11 (Buster) (ARM)               | PASS               |
+----------------------------------------+--------------------+
| Ubuntu 22.04 (ARM)                     | PASS               |
+----------------------------------------+--------------------+
| Fedora 39 (ARM)                        | PASS               |
+----------------------------------------+--------------------+
| Fedora 38 (ARM)                        | PASS               |
+----------------------------------------+--------------------+
| RHEL9 (ARM)                            | PASS               |
+----------------------------------------+--------------------+
| Fedora 37 (ARM)                        | PASS               |
+----------------------------------------+--------------------+
| Ubuntu 20.04 (ARM)                     | PASS               |
+----------------------------------------+--------------------+
| CentOS Stream 9 (ARM)                  | PASS               |
+----------------------------------------+--------------------+
| Ubuntu 20.04 ARM GCC Cross Compile     | PASS               |
+----------------------------------------+--------------------+
| Ubuntu 20.04 ARM Clang Cross Compile   | PASS               |
+----------------------------------------+--------------------+
| Ubuntu 20.04 aarch32 GCC Cross Compile | PASS               |
+----------------------------------------+--------------------+
| Fedora 38 (ARM Clang)                  | PASS               |
+----------------------------------------+--------------------+
| Fedora 39 (ARM Clang)                  | PASS               |
+----------------------------------------+--------------------+

==== 20 line log output for Ubuntu 24.04 (ARM) (dpdk_meson_compile): ====
In function 'memcpy',
inlined from 'pcapng_add_option' at ../lib/pcapng/rte_pcapng.c:131:2,
inlined from 'rte_pcapng_add_interface' at ../lib/pcapng/rte_pcapng.c:308:8:
/usr/include/aarch64-linux-gnu/bits/string_fortified.h:29:10: error: argument 2 null where non-null expected [-Werror=nonnull]
29 |   return __builtin___memcpy_chk (__dest, __src, __len,
|          ^~~~~~~~~~~~~~~~~~~~~~~~~~~~~~~~~~~~~~~~~~~~~
30 |                                  __glibc_objsize0 (__dest));
|                                  ~~~~~~~~~~~~~~~~~~~~~~~~~~
/usr/include/aarch64-linux-gnu/bits/string_fortified.h:29:10: note: in a call to built-in function '__builtin___memcpy_chk'
In function 'memcpy',
inlined from 'pcapng_add_option' at ../lib/pcapng/rte_pcapng.c:131:2,
inlined from 'rte_pcapng_write_stats' at ../lib/pcapng/rte_pcapng.c:371:9:
/usr/include/aarch64-linux-gnu/bits/string_fortified.h:29:10: error: argument 2 null where non-null expected [-Werror=nonnull]
29 |   return __builtin___memcpy_chk (__dest, __src, __len,
|          ^~~~~~~~~~~~~~~~~~~~~~~~~~~~~~~~~~~~~~~~~~~~~
30 |                                  __glibc_objsize0 (__dest));
|                                  ~~~~~~~~~~~~~~~~~~~~~~~~~~
/usr/include/aarch64-linux-gnu/bits/string_fortified.h:29:10: note: in a call to built-in function '__builtin___memcpy_chk'
cc1: all warnings being treated as errors
ninja: build stopped: subcommand failed.
==== End log output ====

Ubuntu 20.04 ARM SVE
	Kernel: 5.4.0-167-generic
	Compiler: gcc (Ubuntu 10.5.0-1ubuntu1~20.04) 10.5.0

Debian 12 with MUSDK
	Kernel: Container Host Kernel
	Compiler: gcc 12.2.0

Debian 12 (arm)
	Kernel: Container Host Kernel
	Compiler: gcc 12.2.0

Ubuntu 24.04 (ARM)
	Kernel: 5.4.0-167-generic
	Compiler: gcc 13.2.0

Debian 11 (Buster) (ARM)
	Kernel: Container Host Kernel
	Compiler: gcc 10.2.1

Ubuntu 22.04 (ARM)
	Kernel: Container Host Kernel
	Compiler: gcc 11.4.0

Fedora 39 (ARM)
	Kernel: Depends on container host
	Compiler: gcc 13.2.1

Fedora 38 (ARM)
	Kernel: Depends on container host
	Compiler: gcc 13.2.1

RHEL9 (ARM)
	Kernel: Depends on container host
	Compiler: gcc 11.4.1

Fedora 37 (ARM)
	Kernel: Depends on container host
	Compiler: gcc 12.3.1

Ubuntu 20.04 (ARM)
	Kernel: Container Host Kernel
	Compiler: gcc 9.4.0

CentOS Stream 9 (ARM)
	Kernel: Container Host Kernel
	Compiler: gcc 11.4.1

Ubuntu 20.04 ARM GCC Cross Compile
	Kernel: 5.4.0-167-generic
	Compiler: aarch64-linux-gnu-gcc (Ubuntu 9.4.0-1ubuntu1~20.04.2) 9.4.0

Ubuntu 20.04 ARM Clang Cross Compile
	Kernel: 5.4.0-72-generic
	Compiler: clang 10.0.0-4ubuntu1

Ubuntu 20.04 aarch32 GCC Cross Compile
	Kernel: 5.4.0-167-generic
	Compiler: gcc 9.4.0

Fedora 38 (ARM Clang)
	Kernel: Depends on container host
	Compiler: clang 16.0.6

Fedora 39 (ARM Clang)
	Kernel: Depends on container host
	Compiler: clang 17.0.6

To view detailed results, visit:
https://lab.dpdk.org/results/dashboard/patchsets/30165/

UNH-IOL DPDK Community Lab

To manage your email subscriptions, visit: 
https://lab.dpdk.org/results/dashboard/preferences/subscriptions/