From mboxrd@z Thu Jan  1 00:00:00 1970
Return-Path: <test-report-bounces@dpdk.org>
Received: from mails.dpdk.org (mails.dpdk.org [217.70.189.124])
	by inbox.dpdk.org (Postfix) with ESMTP id D512E4417A
	for <public@inbox.dpdk.org>; Thu, 13 Jun 2024 03:36:02 +0200 (CEST)
Received: from mails.dpdk.org (localhost [127.0.0.1])
	by mails.dpdk.org (Postfix) with ESMTP id 8934242EC7;
	Thu, 13 Jun 2024 03:35:55 +0200 (CEST)
Received: from mail-qt1-f226.google.com (mail-qt1-f226.google.com
 [209.85.160.226])
 by mails.dpdk.org (Postfix) with ESMTP id 411AC4026B
 for <test-report@dpdk.org>; Thu, 13 Jun 2024 03:27:41 +0200 (CEST)
Received: by mail-qt1-f226.google.com with SMTP id
 d75a77b69052e-43fb094da40so14055111cf.0
 for <test-report@dpdk.org>; Wed, 12 Jun 2024 18:27:41 -0700 (PDT)
DKIM-Signature: v=1; a=rsa-sha256; c=relaxed/relaxed;
 d=iol.unh.edu; s=unh-iol; t=1718242060; x=1718846860; darn=dpdk.org;
 h=references:in-reply-to:cc:to:from:subject:message-id:date:from:to
 :cc:subject:date:message-id:reply-to;
 bh=QipY9KfyYKRbNIx/nihV+0exbnrGO8Wa6MuXIgU8r0I=;
 b=TMvVq08dAvKWIihvbQ3ZXYw7S5aTCn9flMY0k6GdfifzbXXn34YevbwJ5TyXm8xyE6
 SR2ANIncjrbfIGVr5h1JkZcGcDWigkWVorinSqsYdaT+mnHmm9nOuEZFSZ7L3ZPTWMHG
 qWtMU3uHsccEyMKKuS3LAGIgVEtAHnBFhwEoQ=
X-Google-DKIM-Signature: v=1; a=rsa-sha256; c=relaxed/relaxed;
 d=1e100.net; s=20230601; t=1718242060; x=1718846860;
 h=references:in-reply-to:cc:to:from:subject:message-id:date
 :x-gm-message-state:from:to:cc:subject:date:message-id:reply-to;
 bh=QipY9KfyYKRbNIx/nihV+0exbnrGO8Wa6MuXIgU8r0I=;
 b=IZuHLUIJTNOp2fUKHj3oMAdEy32M9DBe+/Df4J6ucjB/nChwMJPQvpUTlO8/TeHsNL
 bTxLTG7dJJ2f5qMctfQ+mm8EQoBl2ccDgxepE9D8sby/uGSRJOvBxuSG137k/f7gJ/k8
 9D/uNvsgrGf8fc1V6E7KxSpqdukAsXixqMC/k09hfEgISQec+tIdGrn2eEMzRCqNEm9S
 Yg+B0ZNkaZHDk7RSlGXc3uyAAtW1Uq6usfK27aD5Fh5hoX9m2F2Mj75OjoBYOb1Z61E3
 yeG+R9lGYwvPmT0aW5t8V8N3x/HUhLwjGgoRfEKkanKeuLs7TnrkBtKU8M1V8ORzDBS+
 iqxg==
X-Gm-Message-State: AOJu0YwYprhVXRho8ctFtpoL92xgdd9L7SEEO7SHoXcyePsPpqpoUNV7
 c0y665WK90Zysoflj9xVibxBPli1/LXCQLePQkzfybEsGoHoO5UeV0RE2Jy8eSd7r2f9BoUpB9e
 JUm1f1XkGyF8jheqbto1i0OHiqdOXZsCaWtGSm341V3R2ojeqUDiiIOW7
X-Google-Smtp-Source: AGHT+IFIFLVcjstEYuEwYVBLe1Sx2OBOi4BOyNYRVUWjqKFlD9yZbflEhoeyU/RAXxLJbHfxaC0Dxwrl46fm
X-Received: by 2002:a05:6214:c6d:b0:6ad:7a01:1980 with SMTP id
 6a1803df08f44-6b2a33a9bf4mr21340566d6.2.1718242060494; 
 Wed, 12 Jun 2024 18:27:40 -0700 (PDT)
Received: from postal.iol.unh.edu (postal.iol.unh.edu.
 [2606:4100:3880:1234::84]) by smtp-relay.gmail.com with ESMTPS id
 6a1803df08f44-6b2a5b28cd3sm169296d6.59.2024.06.12.18.27.40
 (version=TLS1_2 cipher=ECDHE-ECDSA-AES128-GCM-SHA256 bits=128/128);
 Wed, 12 Jun 2024 18:27:40 -0700 (PDT)
X-Relaying-Domain: iol.unh.edu
Date: Wed, 12 Jun 2024 18:27:40 -0700 (PDT)
Message-ID: <666a4b0c.050a0220.fce0b.141cSMTPIN_ADDED_MISSING@mx.google.com>
Received: from [172.17.0.4] (unknown [172.18.0.217])
 by postal.iol.unh.edu (Postfix) with ESMTP id 35403605C373;
 Wed, 12 Jun 2024 21:27:39 -0400 (EDT)
Subject: |FAILURE| pw140927-140931 [PATCH] [v4,5/5] vhost: manage FD with epo
From: dpdklab@iol.unh.edu
To: Test Report <test-report@dpdk.org>
Cc: dpdk-test-reports@iol.unh.edu, Maxime Coquelin <maxime.coquelin@redhat.com>
In-Reply-To: <20240611133957.72032-6-maxime.coquelin@redhat.com>
References: <20240611133957.72032-6-maxime.coquelin@redhat.com>
Content-Type: text/plain
X-BeenThere: test-report@dpdk.org
X-Mailman-Version: 2.1.29
Precedence: list
List-Id: automatic DPDK test reports <test-report.dpdk.org>
List-Unsubscribe: <https://mails.dpdk.org/options/test-report>,
 <mailto:test-report-request@dpdk.org?subject=unsubscribe>
List-Archive: <http://mails.dpdk.org/archives/test-report/>
List-Post: <mailto:test-report@dpdk.org>
List-Help: <mailto:test-report-request@dpdk.org?subject=help>
List-Subscribe: <https://mails.dpdk.org/listinfo/test-report>,
 <mailto:test-report-request@dpdk.org?subject=subscribe>
Errors-To: test-report-bounces@dpdk.org

Test-Label: iol-unit-amd64-testing
Test-Status: FAILURE
http://dpdk.org/patch/140931

_Testing issues_

Submitter: Maxime Coquelin <maxime.coquelin@redhat.com>
Date: Tuesday, June 11 2024 13:39:57 
DPDK git baseline: Repo:dpdk
  Branch: master
  CommitID:6f80df8cb0f889203d7cd27766abcc6ebc720e33

140927-140931 --> testing issues

Test environment and result as below:

+---------------------+----------------+
|     Environment     | dpdk_unit_test |
+=====================+================+
| CentOS Stream 9     | PASS           |
+---------------------+----------------+
| Debian 12           | PASS           |
+---------------------+----------------+
| CentOS Stream 8     | PASS           |
+---------------------+----------------+
| Debian Bullseye     | PASS           |
+---------------------+----------------+
| Windows Server 2019 | PASS           |
+---------------------+----------------+
| Fedora 37           | PASS           |
+---------------------+----------------+
| Fedora 38           | PASS           |
+---------------------+----------------+
| Fedora 39           | PASS           |
+---------------------+----------------+
| openSUSE Leap 15    | PASS           |
+---------------------+----------------+
| RHEL9               | PASS           |
+---------------------+----------------+
| RHEL8               | PASS           |
+---------------------+----------------+
| Ubuntu 24.04        | FAIL           |
+---------------------+----------------+
| Ubuntu 20.04        | PASS           |
+---------------------+----------------+
| Ubuntu 22.04        | PASS           |
+---------------------+----------------+
| Windows Server 2022 | PASS           |
+---------------------+----------------+

==== 20 line log output for Ubuntu 24.04 (dpdk_unit_test): ====
/usr/include/x86_64-linux-gnu/bits/string_fortified.h:29:10: error: argument 2 null where non-null expected [-Werror=nonnull]
29 |   return __builtin___memcpy_chk (__dest, __src, __len,
|          ^~~~~~~~~~~~~~~~~~~~~~~~~~~~~~~~~~~~~~~~~~~~~
30 |                                  __glibc_objsize0 (__dest));
|                                  ~~~~~~~~~~~~~~~~~~~~~~~~~~
/usr/include/x86_64-linux-gnu/bits/string_fortified.h:29:10: note: in a call to built-in function '__builtin___memcpy_chk'
In function 'memcpy',
inlined from 'pcapng_add_option' at ../lib/pcapng/rte_pcapng.c:131:2,
inlined from 'rte_pcapng_write_stats' at ../lib/pcapng/rte_pcapng.c:371:9:
/usr/include/x86_64-linux-gnu/bits/string_fortified.h:29:10: error: argument 2 null where non-null expected [-Werror=nonnull]
29 |   return __builtin___memcpy_chk (__dest, __src, __len,
|          ^~~~~~~~~~~~~~~~~~~~~~~~~~~~~~~~~~~~~~~~~~~~~
30 |                                  __glibc_objsize0 (__dest));
|                                  ~~~~~~~~~~~~~~~~~~~~~~~~~~
/usr/include/x86_64-linux-gnu/bits/string_fortified.h:29:10: note: in a call to built-in function '__builtin___memcpy_chk'
cc1: all warnings being treated as errors
[352/2871] Generating member.sym_chk with a meson_exe.py custom command.
[353/2871] Generating rawdev.sym_chk with a meson_exe.py custom command.
[354/2871] Generating power.sym_chk with a meson_exe.py custom command.
ninja: build stopped: subcommand failed.
==== End log output ====

CentOS Stream 9
	Kernel: 5.4.0-167-generic
	Compiler: gcc 11.4.1 20230605

Debian 12
	Kernel: Container Host Kernel
	Compiler: gcc 12.2.0

CentOS Stream 8
	Kernel: 5.4.0-167-generic
	Compiler: gcc 8.5.0 20210514

Debian Bullseye
	Kernel: 5.4.0-167-generic
	Compiler: gcc 10.2.1-6

Windows Server 2019
	Kernel: 10.0.17763
	Compiler: clang 14.0 and gcc 8.1.0 (MinGW)

Fedora 37
	Kernel: Depends on container host system
	Compiler: gcc 12.3.1

Fedora 38
	Kernel: Depends on container host
	Compiler: gcc 13.2.1

Fedora 39
	Kernel: Depends on container host
	Compiler: gcc 13.2.1

openSUSE Leap 15
	Kernel: 5.4.0-167-generic
	Compiler: gcc 7.5.0

RHEL9
	Kernel: Depends on container host
	Compiler: gcc 11.4.1

RHEL8
	Kernel: 5.4.0-167-generic
	Compiler: gcc 8.5.0 20210514 (Red Hat 8.5.0-20)

Ubuntu 24.04
	Kernel: 5.4.0-167-generic
	Compiler: gcc 13.2.0

Ubuntu 20.04
	Kernel: 5.4.0-167-generic
	Compiler: gcc 9.4.0-1ubuntu1~20.04.1

Ubuntu 22.04
	Kernel: 5.4.0-167-generic
	Compiler: gcc 11.4.0

Windows Server 2022
	Kernel: 10.0.20348.2031
	Compiler: clang 15.0.7, gcc 8.1.0 (MinGW), and MSVC VS 17.9

To view detailed results, visit:
https://lab.dpdk.org/results/dashboard/patchsets/30165/

UNH-IOL DPDK Community Lab

To manage your email subscriptions, visit: 
https://lab.dpdk.org/results/dashboard/preferences/subscriptions/