From mboxrd@z Thu Jan  1 00:00:00 1970
Return-Path: <test-report-bounces@dpdk.org>
Received: from mails.dpdk.org (mails.dpdk.org [217.70.189.124])
	by inbox.dpdk.org (Postfix) with ESMTP id 866714417A
	for <public@inbox.dpdk.org>; Thu, 13 Jun 2024 03:36:03 +0200 (CEST)
Received: from mails.dpdk.org (localhost [127.0.0.1])
	by mails.dpdk.org (Postfix) with ESMTP id C310140E7C;
	Thu, 13 Jun 2024 03:35:55 +0200 (CEST)
Received: from mail-io1-f98.google.com (mail-io1-f98.google.com
 [209.85.166.98]) by mails.dpdk.org (Postfix) with ESMTP id 15B574026B
 for <test-report@dpdk.org>; Thu, 13 Jun 2024 03:28:08 +0200 (CEST)
Received: by mail-io1-f98.google.com with SMTP id
 ca18e2360f4ac-7eb6b1045f7so16884639f.3
 for <test-report@dpdk.org>; Wed, 12 Jun 2024 18:28:08 -0700 (PDT)
DKIM-Signature: v=1; a=rsa-sha256; c=relaxed/relaxed;
 d=iol.unh.edu; s=unh-iol; t=1718242087; x=1718846887; darn=dpdk.org;
 h=references:in-reply-to:cc:to:from:subject:message-id:date:from:to
 :cc:subject:date:message-id:reply-to;
 bh=QipY9KfyYKRbNIx/nihV+0exbnrGO8Wa6MuXIgU8r0I=;
 b=YqOmJkfmwMvtmhq5U2jf2HTgabxdxWHr6lryZGZeUxRp15hElsNtlAp5/ekAqfGp/r
 7zrTQuVT+tE7cq8tmnlHrQoAa+IkIAlrUkCRbXnbxJ5n53GCrkQiH/5OpNRPNfLihPoq
 2rGBatIm/d2+pIjUw1w51ih0iY0Ukxh1j4wMM=
X-Google-DKIM-Signature: v=1; a=rsa-sha256; c=relaxed/relaxed;
 d=1e100.net; s=20230601; t=1718242087; x=1718846887;
 h=references:in-reply-to:cc:to:from:subject:message-id:date
 :x-gm-message-state:from:to:cc:subject:date:message-id:reply-to;
 bh=QipY9KfyYKRbNIx/nihV+0exbnrGO8Wa6MuXIgU8r0I=;
 b=r6EkW7hKKfrxm+zqESNCt7vYh7vqWW1frGDIv9o4HCbuz9AYH4qy2ABKQip8QrIO9X
 WVTMFGTaMCkhhvSahp7isHn5VbGKH+M8+SDIY3WYSpCN5/TFVhPFNQ0DwKqN2LQhnaYQ
 JWsMYEm85fA0uqoDd/JIsdTmiLXMSl6zwCc3aszKpiXsj2WbfA76c+CzIpTZmwZ9udtx
 pqilYdkaasnGYGdYoIQ97f/5k2dFtstvfe5sAH0WNcUgKlxlezHAlwTQcVWWjYDkbO9p
 KT4krebBRg+0M2FkQ+DmrKl08OsSzij62XzrGAKKGQihdfBuGKL57PFB/njVs1+bR3g8
 Wlqg==
X-Gm-Message-State: AOJu0Yx+Cd9HjfxZfFYrJJYG1sJO3UCISVeHCjmYrLA7OsTJqFmJmmM+
 i1nW6JK7WA4LhPmAXAbfipR5Wq34AYexSjMiiKS0yDZffs+8J6K7pmbYDmho9NSmLaO+eb52S3s
 BpLzAMeQRnYZovvi/FXVpL2HLzXvWpFrKeN7FSSS+3w7X7B+sOUyeCgbe
X-Google-Smtp-Source: AGHT+IGF4nhlLInIgObBIMkZ+9d59Z25aLNl3bpoJ9/WKvh5HNEXp2CgeZNzMStvSteC46fXCe6aATvYjAnm
X-Received: by 2002:a05:6602:15c1:b0:7eb:b188:1c96 with SMTP id
 ca18e2360f4ac-7ebcd0e05e1mr346451839f.5.1718242087127; 
 Wed, 12 Jun 2024 18:28:07 -0700 (PDT)
Received: from postal.iol.unh.edu (postal.iol.unh.edu.
 [2606:4100:3880:1234::84]) by smtp-relay.gmail.com with ESMTPS id
 8926c6da1cb9f-4b956a4e798sm9329173.64.2024.06.12.18.28.07
 (version=TLS1_2 cipher=ECDHE-ECDSA-AES128-GCM-SHA256 bits=128/128);
 Wed, 12 Jun 2024 18:28:07 -0700 (PDT)
X-Relaying-Domain: iol.unh.edu
Date: Wed, 12 Jun 2024 18:28:07 -0700 (PDT)
Message-ID: <666a4b27.050a0220.71385.0b62SMTPIN_ADDED_MISSING@mx.google.com>
Received: from [172.17.0.3] (unknown [172.18.0.217])
 by postal.iol.unh.edu (Postfix) with ESMTP id 8A8B1605C373;
 Wed, 12 Jun 2024 21:28:06 -0400 (EDT)
Subject: |FAILURE| pw140927-140931 [PATCH] [v4,5/5] vhost: manage FD with epo
From: dpdklab@iol.unh.edu
To: Test Report <test-report@dpdk.org>
Cc: dpdk-test-reports@iol.unh.edu, Maxime Coquelin <maxime.coquelin@redhat.com>
In-Reply-To: <20240611133957.72032-6-maxime.coquelin@redhat.com>
References: <20240611133957.72032-6-maxime.coquelin@redhat.com>
Content-Type: text/plain
X-BeenThere: test-report@dpdk.org
X-Mailman-Version: 2.1.29
Precedence: list
List-Id: automatic DPDK test reports <test-report.dpdk.org>
List-Unsubscribe: <https://mails.dpdk.org/options/test-report>,
 <mailto:test-report-request@dpdk.org?subject=unsubscribe>
List-Archive: <http://mails.dpdk.org/archives/test-report/>
List-Post: <mailto:test-report@dpdk.org>
List-Help: <mailto:test-report-request@dpdk.org?subject=help>
List-Subscribe: <https://mails.dpdk.org/listinfo/test-report>,
 <mailto:test-report-request@dpdk.org?subject=subscribe>
Errors-To: test-report-bounces@dpdk.org

Test-Label: iol-unit-amd64-testing
Test-Status: FAILURE
http://dpdk.org/patch/140931

_Testing issues_

Submitter: Maxime Coquelin <maxime.coquelin@redhat.com>
Date: Tuesday, June 11 2024 13:39:57 
DPDK git baseline: Repo:dpdk
  Branch: master
  CommitID:6f80df8cb0f889203d7cd27766abcc6ebc720e33

140927-140931 --> testing issues

Test environment and result as below:

+---------------------+----------------+
|     Environment     | dpdk_unit_test |
+=====================+================+
| CentOS Stream 9     | PASS           |
+---------------------+----------------+
| Debian 12           | PASS           |
+---------------------+----------------+
| CentOS Stream 8     | PASS           |
+---------------------+----------------+
| Debian Bullseye     | PASS           |
+---------------------+----------------+
| Windows Server 2019 | PASS           |
+---------------------+----------------+
| Fedora 37           | PASS           |
+---------------------+----------------+
| Fedora 38           | PASS           |
+---------------------+----------------+
| Fedora 39           | PASS           |
+---------------------+----------------+
| openSUSE Leap 15    | PASS           |
+---------------------+----------------+
| RHEL9               | PASS           |
+---------------------+----------------+
| RHEL8               | PASS           |
+---------------------+----------------+
| Ubuntu 24.04        | FAIL           |
+---------------------+----------------+
| Ubuntu 20.04        | PASS           |
+---------------------+----------------+
| Ubuntu 22.04        | PASS           |
+---------------------+----------------+
| Windows Server 2022 | PASS           |
+---------------------+----------------+

==== 20 line log output for Ubuntu 24.04 (dpdk_unit_test): ====
/usr/include/x86_64-linux-gnu/bits/string_fortified.h:29:10: error: argument 2 null where non-null expected [-Werror=nonnull]
29 |   return __builtin___memcpy_chk (__dest, __src, __len,
|          ^~~~~~~~~~~~~~~~~~~~~~~~~~~~~~~~~~~~~~~~~~~~~
30 |                                  __glibc_objsize0 (__dest));
|                                  ~~~~~~~~~~~~~~~~~~~~~~~~~~
/usr/include/x86_64-linux-gnu/bits/string_fortified.h:29:10: note: in a call to built-in function '__builtin___memcpy_chk'
In function 'memcpy',
inlined from 'pcapng_add_option' at ../lib/pcapng/rte_pcapng.c:131:2,
inlined from 'rte_pcapng_write_stats' at ../lib/pcapng/rte_pcapng.c:371:9:
/usr/include/x86_64-linux-gnu/bits/string_fortified.h:29:10: error: argument 2 null where non-null expected [-Werror=nonnull]
29 |   return __builtin___memcpy_chk (__dest, __src, __len,
|          ^~~~~~~~~~~~~~~~~~~~~~~~~~~~~~~~~~~~~~~~~~~~~
30 |                                  __glibc_objsize0 (__dest));
|                                  ~~~~~~~~~~~~~~~~~~~~~~~~~~
/usr/include/x86_64-linux-gnu/bits/string_fortified.h:29:10: note: in a call to built-in function '__builtin___memcpy_chk'
cc1: all warnings being treated as errors
[352/2871] Generating member.sym_chk with a meson_exe.py custom command.
[353/2871] Generating rawdev.sym_chk with a meson_exe.py custom command.
[354/2871] Generating power.sym_chk with a meson_exe.py custom command.
ninja: build stopped: subcommand failed.
==== End log output ====

CentOS Stream 9
	Kernel: 5.4.0-167-generic
	Compiler: gcc 11.4.1 20230605

Debian 12
	Kernel: Container Host Kernel
	Compiler: gcc 12.2.0

CentOS Stream 8
	Kernel: 5.4.0-167-generic
	Compiler: gcc 8.5.0 20210514

Debian Bullseye
	Kernel: 5.4.0-167-generic
	Compiler: gcc 10.2.1-6

Windows Server 2019
	Kernel: 10.0.17763
	Compiler: clang 14.0 and gcc 8.1.0 (MinGW)

Fedora 37
	Kernel: Depends on container host system
	Compiler: gcc 12.3.1

Fedora 38
	Kernel: Depends on container host
	Compiler: gcc 13.2.1

Fedora 39
	Kernel: Depends on container host
	Compiler: gcc 13.2.1

openSUSE Leap 15
	Kernel: 5.4.0-167-generic
	Compiler: gcc 7.5.0

RHEL9
	Kernel: Depends on container host
	Compiler: gcc 11.4.1

RHEL8
	Kernel: 5.4.0-167-generic
	Compiler: gcc 8.5.0 20210514 (Red Hat 8.5.0-20)

Ubuntu 24.04
	Kernel: 5.4.0-167-generic
	Compiler: gcc 13.2.0

Ubuntu 20.04
	Kernel: 5.4.0-167-generic
	Compiler: gcc 9.4.0-1ubuntu1~20.04.1

Ubuntu 22.04
	Kernel: 5.4.0-167-generic
	Compiler: gcc 11.4.0

Windows Server 2022
	Kernel: 10.0.20348.2031
	Compiler: clang 15.0.7, gcc 8.1.0 (MinGW), and MSVC VS 17.9

To view detailed results, visit:
https://lab.dpdk.org/results/dashboard/patchsets/30165/

UNH-IOL DPDK Community Lab

To manage your email subscriptions, visit: 
https://lab.dpdk.org/results/dashboard/preferences/subscriptions/