From mboxrd@z Thu Jan  1 00:00:00 1970
Return-Path: <test-report-bounces@dpdk.org>
Received: from mails.dpdk.org (mails.dpdk.org [217.70.189.124])
	by inbox.dpdk.org (Postfix) with ESMTP id 43BFD4541A
	for <public@inbox.dpdk.org>; Thu, 13 Jun 2024 07:11:31 +0200 (CEST)
Received: from mails.dpdk.org (localhost [127.0.0.1])
	by mails.dpdk.org (Postfix) with ESMTP id 76C69427B5;
	Thu, 13 Jun 2024 07:11:30 +0200 (CEST)
Received: from mail-pl1-f228.google.com (mail-pl1-f228.google.com
 [209.85.214.228])
 by mails.dpdk.org (Postfix) with ESMTP id 94B90402B4
 for <test-report@dpdk.org>; Thu, 13 Jun 2024 07:06:10 +0200 (CEST)
Received: by mail-pl1-f228.google.com with SMTP id
 d9443c01a7336-1f6f38b1ab0so5158175ad.1
 for <test-report@dpdk.org>; Wed, 12 Jun 2024 22:06:10 -0700 (PDT)
DKIM-Signature: v=1; a=rsa-sha256; c=relaxed/relaxed;
 d=iol.unh.edu; s=unh-iol; t=1718255170; x=1718859970; darn=dpdk.org;
 h=references:in-reply-to:cc:to:from:subject:message-id:date:from:to
 :cc:subject:date:message-id:reply-to;
 bh=oTyurMarzfWAmW0BPkfUyDD2pQuGo26JJIZdb2wuA8U=;
 b=ERHK/eQ3btSbm/7+fd3TjeOKoQeDjAX+TonYYGutidGi3sEg7c99144HzGkwlnSrD+
 VxDLtCYSqd0bX2M+1Rt8eXPUOQabgP+hjj1/q2eSqGwaXvo8uFdhOzGB6oLCS14Cxepg
 Xk/5+/ZkkO6pQUdKBTGuqhi6X018L8oWuBgHw=
X-Google-DKIM-Signature: v=1; a=rsa-sha256; c=relaxed/relaxed;
 d=1e100.net; s=20230601; t=1718255170; x=1718859970;
 h=references:in-reply-to:cc:to:from:subject:message-id:date
 :x-gm-message-state:from:to:cc:subject:date:message-id:reply-to;
 bh=oTyurMarzfWAmW0BPkfUyDD2pQuGo26JJIZdb2wuA8U=;
 b=AqEwQS9MeunD9l0eOTEyXZQqlkYWgu7hOGKO549EH0YBIPk4Lr5juFQR1TYQtLynyl
 PqOdAhMZHIkXYneEje/fju/75VeChapkMpFBNMuEg6nGIXACnipheqRdODs2C/R/735I
 NJ/A5G4TvBgDxZe/99AIVlMPwZsTDArVGKlkSzDb+U4BlqIEkC6McJGddft2KbwSVqdV
 UNoCVOlT+VykSLGbDBqXoEcJAczJw7KvbxfKmB4mnJ8D8TU57CJnjy7rqOdqR3Se/QmE
 uJSHxp/7dkJ5KkcHVIXGPRFQxhAhRXhJb2Or4P6qLc8VxZRrpacFzEeRM0pikjt3q5cD
 /u5g==
X-Gm-Message-State: AOJu0YyvcKFabKI3PBP56Q4g0M40izpBkUpkmAk11WnnTVNh+SWiLKZj
 aIB6VNAFR3vpMDr3R223AWnZrxHEBez1glgfMg8vZ/K7tAkt14Whv67iA6vI/Nrw2e9AogbrpV4
 189lA5tULFz3VW8tDFVHLdoBdvhbkilFLmm2nHQKbPrzKhh7XQPOL0nsl
X-Google-Smtp-Source: AGHT+IFgPMKCqPg64D4q/04Dkoti2nXcKDQK87LYL9LIw8P6tXa47lYpxzAMXgvAcLs5NGaANucgpckHhAva
X-Received: by 2002:a17:903:2349:b0:1f3:e41:949c with SMTP id
 d9443c01a7336-1f83b71356cmr39237745ad.47.1718255169853; 
 Wed, 12 Jun 2024 22:06:09 -0700 (PDT)
Received: from postal.iol.unh.edu (postal.iol.unh.edu.
 [2606:4100:3880:1234::84]) by smtp-relay.gmail.com with ESMTPS id
 d9443c01a7336-1f855eef323sm156105ad.138.2024.06.12.22.06.09
 (version=TLS1_2 cipher=ECDHE-ECDSA-AES128-GCM-SHA256 bits=128/128);
 Wed, 12 Jun 2024 22:06:09 -0700 (PDT)
X-Relaying-Domain: iol.unh.edu
Date: Wed, 12 Jun 2024 22:06:09 -0700 (PDT)
Message-ID: <666a7e41.170a0220.70280.12daSMTPIN_ADDED_MISSING@mx.google.com>
Received: from [172.17.0.2] (unknown [172.18.0.217])
 by postal.iol.unh.edu (Postfix) with ESMTP id 12421605C374;
 Thu, 13 Jun 2024 01:06:09 -0400 (EDT)
Subject: |FAILURE| pw141110-141117 [PATCH] [v2,8/8] net/mlx5: add async flow 
From: dpdklab@iol.unh.edu
To: Test Report <test-report@dpdk.org>
Cc: dpdk-test-reports@iol.unh.edu, Dariusz Sosnowski <dsosnowski@nvidia.com>
In-Reply-To: <20240612162426.978117-9-dsosnowski@nvidia.com>
References: <20240612162426.978117-9-dsosnowski@nvidia.com>
Content-Type: text/plain
X-BeenThere: test-report@dpdk.org
X-Mailman-Version: 2.1.29
Precedence: list
List-Id: automatic DPDK test reports <test-report.dpdk.org>
List-Unsubscribe: <https://mails.dpdk.org/options/test-report>,
 <mailto:test-report-request@dpdk.org?subject=unsubscribe>
List-Archive: <http://mails.dpdk.org/archives/test-report/>
List-Post: <mailto:test-report@dpdk.org>
List-Help: <mailto:test-report-request@dpdk.org?subject=help>
List-Subscribe: <https://mails.dpdk.org/listinfo/test-report>,
 <mailto:test-report-request@dpdk.org?subject=subscribe>
Errors-To: test-report-bounces@dpdk.org

Test-Label: iol-unit-amd64-testing
Test-Status: FAILURE
http://dpdk.org/patch/141117

_Testing issues_

Submitter: Dariusz Sosnowski <dsosnowski@nvidia.com>
Date: Wednesday, June 12 2024 16:24:26 
DPDK git baseline: Repo:dpdk
  Branch: master
  CommitID:c1cdfbcc339c2c951bff95854983a8773d9e5b8e

141110-141117 --> testing issues

Test environment and result as below:

+---------------------+----------------+
|     Environment     | dpdk_unit_test |
+=====================+================+
| Windows Server 2019 | PASS           |
+---------------------+----------------+
| CentOS Stream 9     | FAIL           |
+---------------------+----------------+
| CentOS Stream 8     | FAIL           |
+---------------------+----------------+
| Debian Bullseye     | FAIL           |
+---------------------+----------------+
| Debian 12           | FAIL           |
+---------------------+----------------+
| Fedora 37           | FAIL           |
+---------------------+----------------+
| Fedora 38           | FAIL           |
+---------------------+----------------+
| openSUSE Leap 15    | FAIL           |
+---------------------+----------------+
| Fedora 39           | FAIL           |
+---------------------+----------------+
| RHEL8               | FAIL           |
+---------------------+----------------+
| Ubuntu 22.04        | FAIL           |
+---------------------+----------------+
| RHEL9               | FAIL           |
+---------------------+----------------+
| Ubuntu 20.04        | FAIL           |
+---------------------+----------------+

==== 20 line log output for Ubuntu 20.04 (dpdk_unit_test): ====
[1750/2869] Compiling C object 'drivers/a715181@@tmp_rte_net_mlx5@sta/net_mlx5_mlx5_txq.c.o'.
[1751/2869] Compiling C object 'drivers/a715181@@tmp_rte_net_mlx5@sta/net_mlx5_mlx5_txpp.c.o'.
[1752/2869] Compiling C object 'drivers/a715181@@tmp_rte_net_mlx5@sta/net_mlx5_mlx5_vlan.c.o'.
[1753/2869] Compiling C object 'drivers/a715181@@tmp_rte_net_mlx5@sta/net_mlx5_mlx5_utils.c.o'.
[1754/2869] Compiling C object 'drivers/a715181@@tmp_rte_net_mlx5@sta/net_mlx5_mlx5_devx.c.o'.
[1755/2869] Compiling C object 'drivers/a715181@@tmp_rte_net_mlx5@sta/net_mlx5_mlx5_nta_rss.c.o'.
[1756/2869] Compiling C object 'drivers/a715181@@tmp_rte_net_mlx5@sta/net_mlx5_mlx5_flow_geneve.c.o'.
[1757/2869] Compiling C object 'drivers/a715181@@tmp_rte_net_mlx5@sta/net_mlx5_mlx5_flow_hw.c.o'.
FAILED: drivers/a715181@@tmp_rte_net_mlx5@sta/net_mlx5_mlx5_flow_hw.c.o
ccache cc -Idrivers/a715181@@tmp_rte_net_mlx5@sta -Idrivers -I../drivers -Idrivers/net/mlx5 -I../drivers/net/mlx5 -Idrivers/net/mlx5/linux -I../drivers/net/mlx5/linux -Idrivers/net/mlx5/hws -I../drivers/net/mlx5/hws -Ilib/ethdev -I../lib/ethdev -I. -I../ -Iconfig -I../config -Ilib/eal/include -I../lib/eal/include -Ilib/eal/linux/include -I../lib/eal/linux/include -Ilib/eal/x86/include -I../lib/eal/x86/include -Ilib/eal/common -I../lib/eal/common -Ilib/eal -I../lib/eal -Ilib/kvargs -I../lib/kvargs -Ilib/log -I../lib/log -Ilib/telemetry/../metrics -I../lib/telemetry/../metrics -Ilib/telemetry -I../lib/telemetry -Ilib/net -I../lib/net -Ilib/mbuf -I../lib/mbuf -Ilib/mempool -I../lib/mempool -Ilib/ring -I../lib/ring -Ilib/meter -I../lib/meter -Idrivers/bus/pci -I../drivers/bus/pci -I../drivers/bus/pci/linux -Ilib/pci -I../lib/pci -Idrivers/bus/vdev -I../drivers/bus/vdev -Ilib/hash -I../lib/hash -Ilib/rcu -I../lib/rcu -Idrivers/common/mlx5 -I../drivers/common/mlx5 -Idrivers/common/mlx5/lin
 ux -I../drivers/common/mlx5/linux -Idrivers/bus/auxiliary -I../drivers/bus/auxiliary -I/usr/include/libnl3 -fdiagnostics-color=always -pipe -D_FILE_OFFSET_BITS=64 -Wall -Winvalid-pch -Wextra -Werror -std=c11 -O3 -include rte_config.h -Wcast-qual -Wdeprecated -Wformat -Wformat-nonliteral -Wformat-security -Wmissing-declarations -Wmissing-prototypes -Wnested-externs -Wold-style-definition -Wpointer-arith -Wsign-compare -Wstrict-prototypes -Wundef -Wwrite-strings -Wno-address-of-packed-member -Wno-packed-not-aligned -Wno-missing-field-initializers -D_GNU_SOURCE -fPIC -march=native -mrtm -DALLOW_EXPERIMENTAL_API -DALLOW_INTERNAL_API -Wno-format-truncation -std=c11 -Wno-strict-prototypes -D_BSD_SOURCE -D_DEFAULT_SOURCE -D_XOPEN_SOURCE=600 -UPEDANTIC -DRTE_LOG_DEFAULT_LOGTYPE=pmd.net.mlx5 -MD -MQ 'drivers/a715181@@tmp_rte_net_mlx5@sta/net_mlx5_mlx5_flow_hw.c.o' -MF 'drivers/a715181@@tmp_rte_net_mlx5@sta/net_mlx5_mlx5_flow_hw.c.o.d' -o 'drivers/a715181@@tmp_rte_net_mlx5@sta/net_mlx5_mlx5_f
 low_hw.c.o' -c ../drivers/net/mlx5/mlx5_flow_hw.c
../drivers/net/mlx5/mlx5_flow_hw.c: In function 'flow_hw_is_item_masked':
../drivers/net/mlx5/mlx5_flow_hw.c:16208:24: error: 'RTE_FLOW_CONV_OP_ITEM_MASK' undeclared (first use in this function); did you mean 'RTE_FLOW_CONV_OP_ITEM_NAME'?
16208 |   size = rte_flow_conv(RTE_FLOW_CONV_OP_ITEM_MASK, NULL, 0, item, NULL);
|                        ^~~~~~~~~~~~~~~~~~~~~~~~~~
|                        RTE_FLOW_CONV_OP_ITEM_NAME
../drivers/net/mlx5/mlx5_flow_hw.c:16208:24: note: each undeclared identifier is reported only once for each function it appears in
[1758/2869] Compiling C object 'drivers/a715181@@tmp_rte_net_mlx5@sta/net_mlx5_mlx5_tx_nompw.c.o'.
[1759/2869] Compiling C object 'drivers/a715181@@tmp_rte_net_mlx5@sta/net_mlx5_mlx5_tx_empw.c.o'.
[1760/2869] Compiling C object 'drivers/a715181@@tmp_rte_net_mlx5@sta/net_mlx5_mlx5_tx_txpp.c.o'.
ninja: build stopped: subcommand failed.
==== End log output ====

Windows Server 2019
	Kernel: 10.0.17763
	Compiler: clang 14.0 and gcc 8.1.0 (MinGW)

CentOS Stream 9
	Kernel: 5.4.0-167-generic
	Compiler: gcc 11.4.1 20230605

CentOS Stream 8
	Kernel: 5.4.0-167-generic
	Compiler: gcc 8.5.0 20210514

Debian Bullseye
	Kernel: 5.4.0-167-generic
	Compiler: gcc 10.2.1-6

Debian 12
	Kernel: Container Host Kernel
	Compiler: gcc 12.2.0

Fedora 37
	Kernel: Depends on container host system
	Compiler: gcc 12.3.1

Fedora 38
	Kernel: Depends on container host
	Compiler: gcc 13.2.1

openSUSE Leap 15
	Kernel: 5.4.0-167-generic
	Compiler: gcc 7.5.0

Fedora 39
	Kernel: Depends on container host
	Compiler: gcc 13.2.1

RHEL8
	Kernel: 5.4.0-167-generic
	Compiler: gcc 8.5.0 20210514 (Red Hat 8.5.0-20)

Ubuntu 22.04
	Kernel: 5.4.0-167-generic
	Compiler: gcc 11.4.0

RHEL9
	Kernel: Depends on container host
	Compiler: gcc 11.4.1

Ubuntu 20.04
	Kernel: 5.4.0-167-generic
	Compiler: gcc 9.4.0-1ubuntu1~20.04.1

To view detailed results, visit:
https://lab.dpdk.org/results/dashboard/patchsets/30175/

UNH-IOL DPDK Community Lab

To manage your email subscriptions, visit: 
https://lab.dpdk.org/results/dashboard/preferences/subscriptions/