From mboxrd@z Thu Jan  1 00:00:00 1970
Return-Path: <test-report-bounces@dpdk.org>
Received: from mails.dpdk.org (mails.dpdk.org [217.70.189.124])
	by inbox.dpdk.org (Postfix) with ESMTP id E56B64541D
	for <public@inbox.dpdk.org>; Thu, 13 Jun 2024 18:45:00 +0200 (CEST)
Received: from mails.dpdk.org (localhost [127.0.0.1])
	by mails.dpdk.org (Postfix) with ESMTP id E28D8402CB;
	Thu, 13 Jun 2024 18:45:00 +0200 (CEST)
Received: from mail-ot1-f97.google.com (mail-ot1-f97.google.com
 [209.85.210.97]) by mails.dpdk.org (Postfix) with ESMTP id 49A18402BC
 for <test-report@dpdk.org>; Thu, 13 Jun 2024 18:45:00 +0200 (CEST)
Received: by mail-ot1-f97.google.com with SMTP id
 46e09a7af769-6f977acff19so579462a34.3
 for <test-report@dpdk.org>; Thu, 13 Jun 2024 09:45:00 -0700 (PDT)
DKIM-Signature: v=1; a=rsa-sha256; c=relaxed/relaxed;
 d=iol.unh.edu; s=unh-iol; t=1718297099; x=1718901899; darn=dpdk.org;
 h=references:in-reply-to:cc:to:from:subject:message-id:date:from:to
 :cc:subject:date:message-id:reply-to;
 bh=dnHMpspAf1qX/DqDSiEVcVLEjy9LrpLq0EeuWnwjR7Q=;
 b=dYEvJcBbJjkHsVE5dTwrVHcu8lp02PmKHJ2b5r9I7xKfblUxHQK7fB1Nx0NiCqGUAx
 rAPt8fjkTeqWWtrLCPp554dEc8h2rSlr9wChKqes4znbXDICbTbZkNPRWIbBghbKYvnl
 JYvzeJz1M9roCQVZFEwrKJa/hxrK8FWbZnI+g=
X-Google-DKIM-Signature: v=1; a=rsa-sha256; c=relaxed/relaxed;
 d=1e100.net; s=20230601; t=1718297099; x=1718901899;
 h=references:in-reply-to:cc:to:from:subject:message-id:date
 :x-gm-message-state:from:to:cc:subject:date:message-id:reply-to;
 bh=dnHMpspAf1qX/DqDSiEVcVLEjy9LrpLq0EeuWnwjR7Q=;
 b=mzZBBpF6pgIjUFzffCAn7Nh61cdEUqCuWp3D13EQbLkAkQ3KZ9CAblVJ7P7PiHLjzh
 xirnQn0DPoZ0c31zcBERNbW0bY8g/enDF9m17dOyqWjWU0EzH4nb7jqj9esQuIbLN/rW
 No7or/hyfdlOCf2P0qIDCuBjk0uiHqA5wRGK56/5OPyqt1wha0gdRfzENraUEe7sLd1u
 +e5cqSv5VVlE8Yx4aFRbuiwYi5eNT9eszIipSvh3cM6oqJKVmYpbFWwctDowOPiqbs7I
 A50YW2fdXE50Qt+v5YtSc0/5rBmsIXq+Xjx2ZXbtedYbcku+Ck1VPuTnPdtY/Jp4Opo2
 v2+w==
X-Gm-Message-State: AOJu0YzxLmnwEiKZZ2LAoX3fi8d9JW8xhFXf1EHMmF5PErVd4hDINgkY
 RXasAzliIwEOrmwUjYE608AXkbinCXtBoAQNbQs536C+eZMKWXb3nNh5VXKwLLNiv1R07hYtQHT
 bJ2w9tkqY4rdD94hrLE7KLwhf/wkrVv5QQZl69t4fe9O6l0j0Zx3sLNeN
X-Google-Smtp-Source: AGHT+IHkVGb3bDKIFHcF6XZ2yMEoSD1HhK1bl2KJglGprtUwH2vvLzJeJwzqJ0i65RVERHzWwIwpY/zum14O
X-Received: by 2002:a05:6830:1015:b0:6f9:7010:3bf with SMTP id
 46e09a7af769-6fb9375ce6fmr266060a34.11.1718297099501; 
 Thu, 13 Jun 2024 09:44:59 -0700 (PDT)
Received: from postal.iol.unh.edu (postal.iol.unh.edu.
 [2606:4100:3880:1234::84]) by smtp-relay.gmail.com with ESMTPS id
 46e09a7af769-6fb5b63a0b5sm38936a34.11.2024.06.13.09.44.59
 (version=TLS1_2 cipher=ECDHE-ECDSA-AES128-GCM-SHA256 bits=128/128);
 Thu, 13 Jun 2024 09:44:59 -0700 (PDT)
X-Relaying-Domain: iol.unh.edu
Date: Thu, 13 Jun 2024 09:44:59 -0700 (PDT)
Message-ID: <666b220b.050a0220.181aa.2d86SMTPIN_ADDED_MISSING@mx.google.com>
Received: from [172.17.0.2] (unknown [172.18.0.217])
 by postal.iol.unh.edu (Postfix) with ESMTP id E2081605C373;
 Thu, 13 Jun 2024 12:44:58 -0400 (EDT)
Subject: |WARNING| pw141123 [PATCH] net/mlx5: add non-template flow metadata 
From: dpdklab@iol.unh.edu
To: Test Report <test-report@dpdk.org>
Cc: dpdk-test-reports@iol.unh.edu
In-Reply-To: <20240613125146.547992-1-bingz@nvidia.com>
References: <20240613125146.547992-1-bingz@nvidia.com>
Content-Type: text/plain
X-BeenThere: test-report@dpdk.org
X-Mailman-Version: 2.1.29
Precedence: list
List-Id: automatic DPDK test reports <test-report.dpdk.org>
List-Unsubscribe: <https://mails.dpdk.org/options/test-report>,
 <mailto:test-report-request@dpdk.org?subject=unsubscribe>
List-Archive: <http://mails.dpdk.org/archives/test-report/>
List-Post: <mailto:test-report@dpdk.org>
List-Help: <mailto:test-report-request@dpdk.org?subject=help>
List-Subscribe: <https://mails.dpdk.org/listinfo/test-report>,
 <mailto:test-report-request@dpdk.org?subject=subscribe>
Errors-To: test-report-bounces@dpdk.org

Test-Label: iol-abi-testing
Test-Status: WARNING
http://dpdk.org/patch/141123

_Testing issues_

Submitter: Bing Zhao <bingz@nvidia.com>
Date: Thursday, June 13 2024 12:51:46 
DPDK git baseline: Repo:dpdk
  Branch: master
  CommitID:c1cdfbcc339c2c951bff95854983a8773d9e5b8e

141123 --> testing issues

Test environment and result as below:

+------------------+----------+
|   Environment    | abi_test |
+==================+==========+
| CentOS Stream 8  | FAIL     |
+------------------+----------+
| CentOS Stream 9  | FAIL     |
+------------------+----------+
| RHEL9            | FAIL     |
+------------------+----------+
| Debian 12        | FAIL     |
+------------------+----------+
| openSUSE Leap 15 | FAIL     |
+------------------+----------+
| RHEL8            | FAIL     |
+------------------+----------+
| Fedora 39        | FAIL     |
+------------------+----------+
| Debian Bullseye  | FAIL     |
+------------------+----------+
| Fedora 38        | FAIL     |
+------------------+----------+
| Fedora 37        | FAIL     |
+------------------+----------+
| Ubuntu 22.04     | FAIL     |
+------------------+----------+
| Ubuntu 24.04     | FAIL     |
+------------------+----------+

==== 20 line log output for Ubuntu 24.04 (abi_test): ====
441 |         if (!mcp_res || !priv->sh->mreg_cp_tbl)
|                                  ^~
../drivers/net/mlx5/mlx5_nta_split.c:444:39: error: 'struct mlx5_dev_ctx_shared' has no member named 'mreg_cp_tbl'
444 |         mlx5_hlist_unregister(priv->sh->mreg_cp_tbl, &mcp_res->hlist_ent);
|                                       ^~
../drivers/net/mlx5/mlx5_nta_split.c: In function 'mlx5_flow_nta_del_default_copy_action':
../drivers/net/mlx5/mlx5_nta_split.c:466:22: error: 'struct mlx5_dev_ctx_shared' has no member named 'mreg_cp_tbl'
466 |         if (!priv->sh->mreg_cp_tbl)
|                      ^~
../drivers/net/mlx5/mlx5_nta_split.c:470:43: error: 'struct mlx5_dev_ctx_shared' has no member named 'mreg_cp_tbl'
470 |         entry = mlx5_hlist_lookup(priv->sh->mreg_cp_tbl, mark_id, &ctx);
|                                           ^~
../drivers/net/mlx5/mlx5_nta_split.c:473:39: error: 'struct mlx5_dev_ctx_shared' has no member named 'mreg_cp_tbl'
473 |         mlx5_hlist_unregister(priv->sh->mreg_cp_tbl, entry);
|                                       ^~
../drivers/net/mlx5/mlx5_nta_split.c: In function 'mlx5_flow_nta_add_default_copy_action':
../drivers/net/mlx5/mlx5_nta_split.c:510:39: error: 'struct mlx5_dev_ctx_shared' has no member named 'mreg_cp_tbl'
510 |         if (mlx5_hlist_lookup(priv->sh->mreg_cp_tbl, mark_id, &ctx))
|                                       ^~
ninja: build stopped: subcommand failed.
==== End log output ====

CentOS Stream 8
	Kernel: 5.4.0-167-generic
	Compiler: gcc 8.5.0 20210514

CentOS Stream 9
	Kernel: 5.4.0-167-generic
	Compiler: gcc 11.4.1 20230605

RHEL9
	Kernel: Depends on container host
	Compiler: gcc 11.4.1

Debian 12
	Kernel: Container Host Kernel
	Compiler: gcc 12.2.0

openSUSE Leap 15
	Kernel: 5.4.0-167-generic
	Compiler: gcc 7.5.0

RHEL8
	Kernel: 5.4.0-167-generic
	Compiler: gcc 8.5.0 20210514 (Red Hat 8.5.0-20)

Fedora 39
	Kernel: Depends on container host
	Compiler: clang 17.0.6

Debian Bullseye
	Kernel: 5.4.0-167-generic
	Compiler: gcc 10.2.1-6

Fedora 38
	Kernel: Depends on container host
	Compiler: gcc 13.2.1

Fedora 37
	Kernel: Depends on container host system
	Compiler: gcc 12.3.1

Ubuntu 22.04
	Kernel: 5.4.0-167-generic
	Compiler: gcc 11.4.0

Ubuntu 24.04
	Kernel: 5.4.0-167-generic
	Compiler: gcc 13.2.0

To view detailed results, visit:
https://lab.dpdk.org/results/dashboard/patchsets/30180/

UNH-IOL DPDK Community Lab

To manage your email subscriptions, visit: 
https://lab.dpdk.org/results/dashboard/preferences/subscriptions/