From mboxrd@z Thu Jan  1 00:00:00 1970
Return-Path: <test-report-bounces@dpdk.org>
Received: from mails.dpdk.org (mails.dpdk.org [217.70.189.124])
	by inbox.dpdk.org (Postfix) with ESMTP id 6FF3A4541D
	for <public@inbox.dpdk.org>; Thu, 13 Jun 2024 18:49:38 +0200 (CEST)
Received: from mails.dpdk.org (localhost [127.0.0.1])
	by mails.dpdk.org (Postfix) with ESMTP id 6DFEB402CB;
	Thu, 13 Jun 2024 18:49:38 +0200 (CEST)
Received: from mail-pl1-f228.google.com (mail-pl1-f228.google.com
 [209.85.214.228])
 by mails.dpdk.org (Postfix) with ESMTP id B9744402BC
 for <test-report@dpdk.org>; Thu, 13 Jun 2024 18:49:36 +0200 (CEST)
Received: by mail-pl1-f228.google.com with SMTP id
 d9443c01a7336-1f862f7c7edso219835ad.3
 for <test-report@dpdk.org>; Thu, 13 Jun 2024 09:49:36 -0700 (PDT)
DKIM-Signature: v=1; a=rsa-sha256; c=relaxed/relaxed;
 d=iol.unh.edu; s=unh-iol; t=1718297376; x=1718902176; darn=dpdk.org;
 h=references:in-reply-to:cc:to:from:subject:message-id:date:from:to
 :cc:subject:date:message-id:reply-to;
 bh=ZlaibqqET19vIBEfwYsB81tHzZ21BEIo3akn3mBL3Uk=;
 b=dAvxBUQOyzHN729I2If1qH7d9Edl8SGpxOL0S/0jQUFmcAEgalGhJYQvL//ZmNJh7K
 fZcsq5zn1+g3vR29K6CUhYMqbscq7EiSFfNYus3faFshlsb4t6Zf0maFzSqTyIVXXHDY
 q+gBznV9tHJaz7zwNAnLKBad3yLfjv2JhVYwc=
X-Google-DKIM-Signature: v=1; a=rsa-sha256; c=relaxed/relaxed;
 d=1e100.net; s=20230601; t=1718297376; x=1718902176;
 h=references:in-reply-to:cc:to:from:subject:message-id:date
 :x-gm-message-state:from:to:cc:subject:date:message-id:reply-to;
 bh=ZlaibqqET19vIBEfwYsB81tHzZ21BEIo3akn3mBL3Uk=;
 b=a6Wdvi2N239sxKfTQ1w6yUwXfHn3ca4rXiAeUC21mf3N38CpN94D0iKyLR8C1zRxJE
 qeOUq0ZpR2bd9ClRkIpSHInwemhB/sV8Ia5OxPNWlSUx/uj+e+SlGZ8xOvmNbP5LExWm
 eksR+69vu8HrfuOTvYCiKHItja7b6+KkBJclL++y+IiZeM0lN2zIe8Ly8bT0HDpFH+dd
 H8nVvRxQ43mGdkwCtfeNTww7j2QcTff8dWtsAMKQqgpAbc3fHC3ePwrz209hI8ijkFKE
 RLmLtweWnDmTzspZHwG8zDul5FazECS5hhQ0V2rrmYRJ7MLiKoVsdZn3JvvKI4s/Ds7O
 2qkg==
X-Gm-Message-State: AOJu0Yztj2+B4+uY/XVSuBx/Vf7MBknmIT/h1/ORYODPoS/t/WaVOLPc
 FuDMiD5RtjvnDajMV7e9LIY24ebGslRhv/Acb1RKZ9plmCOs13RtB/r/74r77WbhdSagAxSzFuN
 H81eJWxlXv/B9m15ZarrZ2reU8qVx+jJLzfz5QIVxpiEIlGN6cYBAr8xy
X-Google-Smtp-Source: AGHT+IFAeznvrgP4OsYaWahr/cmhLt3jhDhe3/vnKiVLkh9s/2Fpn3OGuIwtjl6Plp893lrT2WkYvwwS8SP9
X-Received: by 2002:a17:90a:4491:b0:2c4:c2d3:c061 with SMTP id
 98e67ed59e1d1-2c4db24d283mr362565a91.18.1718297376010; 
 Thu, 13 Jun 2024 09:49:36 -0700 (PDT)
Received: from postal.iol.unh.edu (postal.iol.unh.edu.
 [2606:4100:3880:1234::84]) by smtp-relay.gmail.com with ESMTPS id
 98e67ed59e1d1-2c4cfed6847sm64132a91.1.2024.06.13.09.49.35
 (version=TLS1_2 cipher=ECDHE-ECDSA-AES128-GCM-SHA256 bits=128/128);
 Thu, 13 Jun 2024 09:49:35 -0700 (PDT)
X-Relaying-Domain: iol.unh.edu
Date: Thu, 13 Jun 2024 09:49:35 -0700 (PDT)
Message-ID: <666b231f.170a0220.bb20.4dedSMTPIN_ADDED_MISSING@mx.google.com>
Received: from [172.17.0.2] (unknown [172.18.0.217])
 by postal.iol.unh.edu (Postfix) with ESMTP id 38D57605C373;
 Thu, 13 Jun 2024 12:49:35 -0400 (EDT)
Subject: |FAILURE| pw141123 [PATCH] net/mlx5: add non-template flow metadata 
From: dpdklab@iol.unh.edu
To: Test Report <test-report@dpdk.org>
Cc: dpdk-test-reports@iol.unh.edu, Bing Zhao <bingz@nvidia.com>
In-Reply-To: <20240613125146.547992-1-bingz@nvidia.com>
References: <20240613125146.547992-1-bingz@nvidia.com>
Content-Type: text/plain
X-BeenThere: test-report@dpdk.org
X-Mailman-Version: 2.1.29
Precedence: list
List-Id: automatic DPDK test reports <test-report.dpdk.org>
List-Unsubscribe: <https://mails.dpdk.org/options/test-report>,
 <mailto:test-report-request@dpdk.org?subject=unsubscribe>
List-Archive: <http://mails.dpdk.org/archives/test-report/>
List-Post: <mailto:test-report@dpdk.org>
List-Help: <mailto:test-report-request@dpdk.org?subject=help>
List-Subscribe: <https://mails.dpdk.org/listinfo/test-report>,
 <mailto:test-report-request@dpdk.org?subject=subscribe>
Errors-To: test-report-bounces@dpdk.org

Test-Label: iol-compile-amd64-testing
Test-Status: FAILURE
http://dpdk.org/patch/141123

_Testing issues_

Submitter: Bing Zhao <bingz@nvidia.com>
Date: Thursday, June 13 2024 12:51:46 
DPDK git baseline: Repo:dpdk
  Branch: master
  CommitID:c1cdfbcc339c2c951bff95854983a8773d9e5b8e

141123 --> testing issues

Test environment and result as below:

+---------------------+--------------------+----------------------+-------------------+
|     Environment     | dpdk_meson_compile | dpdk_mingw64_compile | dpdk_msvc_compile |
+=====================+====================+======================+===================+
| FreeBSD 13.3        | PASS               | SKIPPED              | SKIPPED           |
+---------------------+--------------------+----------------------+-------------------+
| Windows Server 2019 | PASS               | PASS                 | SKIPPED           |
+---------------------+--------------------+----------------------+-------------------+
| Windows Server 2022 | PASS               | PASS                 | PASS              |
+---------------------+--------------------+----------------------+-------------------+
| Debian Bullseye     | FAIL               | SKIPPED              | SKIPPED           |
+---------------------+--------------------+----------------------+-------------------+
| FreeBSD 14.1        | PASS               | SKIPPED              | SKIPPED           |
+---------------------+--------------------+----------------------+-------------------+
| CentOS Stream 8     | FAIL               | SKIPPED              | SKIPPED           |
+---------------------+--------------------+----------------------+-------------------+
| CentOS Stream 9     | FAIL               | SKIPPED              | SKIPPED           |
+---------------------+--------------------+----------------------+-------------------+
| Fedora 37           | FAIL               | SKIPPED              | SKIPPED           |
+---------------------+--------------------+----------------------+-------------------+
| Debian 12           | FAIL               | SKIPPED              | SKIPPED           |
+---------------------+--------------------+----------------------+-------------------+
| Fedora 38           | FAIL               | SKIPPED              | SKIPPED           |
+---------------------+--------------------+----------------------+-------------------+
| Fedora 39           | FAIL               | SKIPPED              | SKIPPED           |
+---------------------+--------------------+----------------------+-------------------+
| openSUSE Leap 15    | FAIL               | SKIPPED              | SKIPPED           |
+---------------------+--------------------+----------------------+-------------------+
| RHEL8               | FAIL               | SKIPPED              | SKIPPED           |
+---------------------+--------------------+----------------------+-------------------+
| Ubuntu 20.04        | FAIL               | SKIPPED              | SKIPPED           |
+---------------------+--------------------+----------------------+-------------------+
| RHEL9               | FAIL               | SKIPPED              | SKIPPED           |
+---------------------+--------------------+----------------------+-------------------+
| Ubuntu 24.04        | FAIL               | SKIPPED              | SKIPPED           |
+---------------------+--------------------+----------------------+-------------------+
| Ubuntu 22.04        | FAIL               | SKIPPED              | SKIPPED           |
+---------------------+--------------------+----------------------+-------------------+

==== 20 line log output for Ubuntu 22.04 (dpdk_meson_compile): ====
441 |         if (!mcp_res || !priv->sh->mreg_cp_tbl)
|                                  ^~
../drivers/net/mlx5/mlx5_nta_split.c:444:39: error: 'struct mlx5_dev_ctx_shared' has no member named 'mreg_cp_tbl'
444 |         mlx5_hlist_unregister(priv->sh->mreg_cp_tbl, &mcp_res->hlist_ent);
|                                       ^~
../drivers/net/mlx5/mlx5_nta_split.c: In function 'mlx5_flow_nta_del_default_copy_action':
../drivers/net/mlx5/mlx5_nta_split.c:466:22: error: 'struct mlx5_dev_ctx_shared' has no member named 'mreg_cp_tbl'
466 |         if (!priv->sh->mreg_cp_tbl)
|                      ^~
../drivers/net/mlx5/mlx5_nta_split.c:470:43: error: 'struct mlx5_dev_ctx_shared' has no member named 'mreg_cp_tbl'
470 |         entry = mlx5_hlist_lookup(priv->sh->mreg_cp_tbl, mark_id, &ctx);
|                                           ^~
../drivers/net/mlx5/mlx5_nta_split.c:473:39: error: 'struct mlx5_dev_ctx_shared' has no member named 'mreg_cp_tbl'
473 |         mlx5_hlist_unregister(priv->sh->mreg_cp_tbl, entry);
|                                       ^~
../drivers/net/mlx5/mlx5_nta_split.c: In function 'mlx5_flow_nta_add_default_copy_action':
../drivers/net/mlx5/mlx5_nta_split.c:510:39: error: 'struct mlx5_dev_ctx_shared' has no member named 'mreg_cp_tbl'
510 |         if (mlx5_hlist_lookup(priv->sh->mreg_cp_tbl, mark_id, &ctx))
|                                       ^~
ninja: build stopped: subcommand failed.
==== End log output ====

FreeBSD 13.3
	Kernel: 13.3-RELEASE-p1
	Compiler: clang 17.0.6

Windows Server 2019
	Kernel: 10.0.17763
	Compiler: clang 14.0 and gcc 8.1.0 (MinGW)

Windows Server 2022
	Kernel: 10.0.20348.2031
	Compiler: clang 15.0.7, gcc 8.1.0 (MinGW), and MSVC VS 17.9

Debian Bullseye
	Kernel: 5.4.0-167-generic
	Compiler: gcc 10.2.1-6

FreeBSD 14.1
	Kernel: 14.1
	Compiler: clang 18.1.5

CentOS Stream 8
	Kernel: 5.4.0-167-generic
	Compiler: gcc 8.5.0 20210514

CentOS Stream 9
	Kernel: 5.4.0-167-generic
	Compiler: gcc 11.4.1 20230605

Fedora 37
	Kernel: Depends on container host system
	Compiler: gcc 12.3.1

Debian 12
	Kernel: Container Host Kernel
	Compiler: gcc 12.2.0

Fedora 38
	Kernel: Depends on container host
	Compiler: gcc 13.2.1

Fedora 39
	Kernel: Depends on container host
	Compiler: gcc 13.2.1

openSUSE Leap 15
	Kernel: 5.4.0-167-generic
	Compiler: gcc 7.5.0

RHEL8
	Kernel: 5.4.0-167-generic
	Compiler: gcc 8.5.0 20210514 (Red Hat 8.5.0-20)

Ubuntu 20.04
	Kernel: 5.4.0-167-generic
	Compiler: gcc 9.4.0-1ubuntu1~20.04.1

RHEL9
	Kernel: Depends on container host
	Compiler: gcc 11.4.1

Ubuntu 24.04
	Kernel: 5.4.0-167-generic
	Compiler: gcc 13.2.0

Ubuntu 22.04
	Kernel: 5.4.0-167-generic
	Compiler: gcc 11.4.0

To view detailed results, visit:
https://lab.dpdk.org/results/dashboard/patchsets/30180/

UNH-IOL DPDK Community Lab

To manage your email subscriptions, visit: 
https://lab.dpdk.org/results/dashboard/preferences/subscriptions/