From mboxrd@z Thu Jan  1 00:00:00 1970
Return-Path: <test-report-bounces@dpdk.org>
Received: from mails.dpdk.org (mails.dpdk.org [217.70.189.124])
	by inbox.dpdk.org (Postfix) with ESMTP id D6001454E1
	for <public@inbox.dpdk.org>; Mon, 24 Jun 2024 15:06:45 +0200 (CEST)
Received: from mails.dpdk.org (localhost [127.0.0.1])
	by mails.dpdk.org (Postfix) with ESMTP id D390E4026E;
	Mon, 24 Jun 2024 15:06:45 +0200 (CEST)
Received: from mail-pf1-f225.google.com (mail-pf1-f225.google.com
 [209.85.210.225])
 by mails.dpdk.org (Postfix) with ESMTP id 41C2B4026C
 for <test-report@dpdk.org>; Mon, 24 Jun 2024 15:06:44 +0200 (CEST)
Received: by mail-pf1-f225.google.com with SMTP id
 d2e1a72fcca58-70685ab8fb1so677629b3a.2
 for <test-report@dpdk.org>; Mon, 24 Jun 2024 06:06:44 -0700 (PDT)
DKIM-Signature: v=1; a=rsa-sha256; c=relaxed/relaxed;
 d=iol.unh.edu; s=unh-iol; t=1719234403; x=1719839203; darn=dpdk.org;
 h=references:in-reply-to:cc:to:from:subject:message-id:date:from:to
 :cc:subject:date:message-id:reply-to;
 bh=S4/qLJZ7gYoG0qOUc6Nw2Wi1G6l1NT8vOMQOZU1THH4=;
 b=VGLD27qqhGHlmPDd98gwuci/w34kdC2CrUooUAkoQ+F1g4KfxVCP/Szh6vLpfO8sBB
 96V7nsQ16l+WU6J028Gc4nllq4Y6mZwFNQ1pczfL17cW+0yhHxKBr41gOfk6zPl3da7l
 Y1v9xwvKDtG859vqDeLN4IX4GQkQFiMu7VegM=
X-Google-DKIM-Signature: v=1; a=rsa-sha256; c=relaxed/relaxed;
 d=1e100.net; s=20230601; t=1719234403; x=1719839203;
 h=references:in-reply-to:cc:to:from:subject:message-id:date
 :x-gm-message-state:from:to:cc:subject:date:message-id:reply-to;
 bh=S4/qLJZ7gYoG0qOUc6Nw2Wi1G6l1NT8vOMQOZU1THH4=;
 b=SwFrxBh9Xlf0AkgYAZyBXgoAC1ZAtFN4hguzehpizYF/Bpl2qF2/PtuFq8TLcvxZ7Y
 7Yh2ptco5PAWb4M0p7HNhAXAciACG4nnNeERV7Nq2aMlMWZewWvfpECf7ON8iVf7dGAH
 WLjFPd3celKQkCBXwHyFx1w6SuBjgXQWLxR1cDFy90vy2jScBh48pPiwexmPzgj5goaU
 egqwPDfg31Za+g7Ig7lM7InNUoXqa69Ys1bvZ9ciuuCcHJApt09NVscbppq318ijUZ//
 VHru9VEDGuzUe3sm6JjauYT2ZDwcb5V4GAgVubbeGKfWGecY6+fpfNPaYnmM4bN2O3Ug
 hDuw==
X-Gm-Message-State: AOJu0YziIyXQ5hSQe2m0fCRRuYX4frrkVwuNX/hP0z7ZaDTRtTP/U5zP
 VCZ2q0cID02F6nG3XWHHSeuMhxDrQaOYnirj0AeJUZ1R+m768OsXSkeE3ovM8FrMu5HLs/8xHgs
 6tFepmzFB+8VOCyqe/2apJY/pPOCtpxq5xEKxgVyEXGdbVgEvvqyykDj0
X-Google-Smtp-Source: AGHT+IHLuOg8KXhZjCkU8TSRkpf9on+ep62Az/eXm+2JUHt0Uqe2N2o2b/YizSsQds/bb9FQhYx3aYyswwlg
X-Received: by 2002:a62:e817:0:b0:706:5eb7:e4e0 with SMTP id
 d2e1a72fcca58-706745d34camr3896569b3a.16.1719234403262; 
 Mon, 24 Jun 2024 06:06:43 -0700 (PDT)
Received: from postal.iol.unh.edu (postal.iol.unh.edu.
 [2606:4100:3880:1234::84]) by smtp-relay.gmail.com with ESMTPS id
 41be03b00d2f7-717da24736dsm325078a12.18.2024.06.24.06.06.43
 (version=TLS1_2 cipher=ECDHE-ECDSA-AES128-GCM-SHA256 bits=128/128);
 Mon, 24 Jun 2024 06:06:43 -0700 (PDT)
X-Relaying-Domain: iol.unh.edu
Date: Mon, 24 Jun 2024 06:06:43 -0700 (PDT)
Message-ID: <66796f63.630a0220.44faa.8728SMTPIN_ADDED_MISSING@mx.google.com>
Received: from [172.21.0.6] (unknown [172.18.0.240])
 by postal.iol.unh.edu (Postfix) with ESMTP id 7FFDE605C380;
 Mon, 24 Jun 2024 09:06:42 -0400 (EDT)
Subject: |FAILURE| pw141524-141529 [PATCH] [6/6] common/cnxk: flow aginig del
From: dpdklab@iol.unh.edu
To: Test Report <test-report@dpdk.org>
Cc: dpdk-test-reports@iol.unh.edu, Harman Kalra <hkalra@marvell.com>
In-Reply-To: <20240624074822.88955-6-hkalra@marvell.com>
References: <20240624074822.88955-6-hkalra@marvell.com>
Content-Type: text/plain
X-BeenThere: test-report@dpdk.org
X-Mailman-Version: 2.1.29
Precedence: list
List-Id: automatic DPDK test reports <test-report.dpdk.org>
List-Unsubscribe: <https://mails.dpdk.org/options/test-report>,
 <mailto:test-report-request@dpdk.org?subject=unsubscribe>
List-Archive: <http://mails.dpdk.org/archives/test-report/>
List-Post: <mailto:test-report@dpdk.org>
List-Help: <mailto:test-report-request@dpdk.org?subject=help>
List-Subscribe: <https://mails.dpdk.org/listinfo/test-report>,
 <mailto:test-report-request@dpdk.org?subject=subscribe>
Errors-To: test-report-bounces@dpdk.org

Test-Label: iol-compile-arm64-testing
Test-Status: FAILURE
http://dpdk.org/patch/141529

_Testing issues_

Submitter: Harman Kalra <hkalra@marvell.com>
Date: Monday, June 24 2024 07:48:21 
DPDK git baseline: Repo:dpdk
  Branch: master
  CommitID:4a44d97f0a52a76258c6a6cb6a713f4380a8ab1f

141524-141529 --> testing issues

Test environment and result as below:

+--------------------------+--------------------+
|       Environment        | dpdk_meson_compile |
+==========================+====================+
| Ubuntu 20.04 ARM SVE     | PASS               |
+--------------------------+--------------------+
| Debian 12 with MUSDK     | PASS               |
+--------------------------+--------------------+
| Fedora 38 (ARM)          | PASS               |
+--------------------------+--------------------+
| RHEL9 (ARM)              | PASS               |
+--------------------------+--------------------+
| Fedora 37 (ARM)          | PASS               |
+--------------------------+--------------------+
| Ubuntu 22.04 (ARM)       | PASS               |
+--------------------------+--------------------+
| Ubuntu 24.04 (ARM)       | PASS               |
+--------------------------+--------------------+
| Fedora 40 (ARM)          | PASS               |
+--------------------------+--------------------+
| Fedora 39 (ARM)          | PASS               |
+--------------------------+--------------------+
| Debian 11 (Buster) (ARM) | PASS               |
+--------------------------+--------------------+
| Fedora 39 (ARM Clang)    | FAIL               |
+--------------------------+--------------------+
| Debian 12 (arm)          | PASS               |
+--------------------------+--------------------+
| CentOS Stream 9 (ARM)    | PASS               |
+--------------------------+--------------------+
| Fedora 40 (ARM Clang)    | FAIL               |
+--------------------------+--------------------+
| Fedora 38 (ARM Clang)    | FAIL               |
+--------------------------+--------------------+
| Ubuntu 20.04 (ARM)       | PASS               |
+--------------------------+--------------------+

==== 20 line log output for Fedora 38 (ARM Clang) (dpdk_meson_compile): ====
[1234/3226] Compiling C object 'drivers/a715181@@tmp_rte_net_cnxk@sta/net_cnxk_cnxk_ethdev.c.o'.
[1235/3226] Compiling C object 'drivers/a715181@@tmp_rte_net_cnxk@sta/net_cnxk_cnxk_ethdev_cman.c.o'.
[1236/3226] Compiling C object 'drivers/a715181@@tmp_rte_net_cnxk@sta/net_cnxk_cnxk_ethdev_devargs.c.o'.
[1237/3226] Compiling C object 'drivers/a715181@@tmp_rte_net_cnxk@sta/net_cnxk_cnxk_ethdev_mcs.c.o'.
[1238/3226] Compiling C object 'drivers/a715181@@tmp_rte_net_cnxk@sta/net_cnxk_cnxk_ethdev_mtr.c.o'.
[1239/3226] Compiling C object 'drivers/a715181@@tmp_rte_net_cnxk@sta/net_cnxk_cnxk_ethdev_ops.c.o'.
[1240/3226] Compiling C object 'drivers/a715181@@tmp_rte_net_cnxk@sta/net_cnxk_cnxk_ethdev_sec.c.o'.
[1241/3226] Compiling C object 'drivers/a715181@@tmp_rte_net_cnxk@sta/net_cnxk_cnxk_ethdev_telemetry.c.o'.
[1242/3226] Compiling C object 'drivers/a715181@@tmp_rte_net_cnxk@sta/net_cnxk_cnxk_ethdev_sec_telemetry.c.o'.
[1243/3226] Compiling C object 'drivers/a715181@@tmp_rte_net_cnxk@sta/net_cnxk_cnxk_eswitch.c.o'.
[1244/3226] Compiling C object 'drivers/a715181@@tmp_rte_net_cnxk@sta/net_cnxk_cnxk_eswitch_devargs.c.o'.
[1245/3226] Compiling C object 'drivers/a715181@@tmp_rte_net_cnxk@sta/net_cnxk_cnxk_eswitch_flow.c.o'.
[1246/3226] Compiling C object 'drivers/a715181@@tmp_rte_net_cnxk@sta/net_cnxk_cnxk_eswitch_rxtx.c.o'.
FAILED: drivers/a715181@@tmp_rte_net_cnxk@sta/net_cnxk_cnxk_eswitch_rxtx.c.o
clang -Idrivers/a715181@@tmp_rte_net_cnxk@sta -Idrivers -I../drivers -Idrivers/net/cnxk -I../drivers/net/cnxk -Ilib/ethdev -I../lib/ethdev -I. -I../ -Iconfig -I../config -Ilib/eal/include -I../lib/eal/include -Ilib/eal/linux/include -I../lib/eal/linux/include -Ilib/eal/arm/include -I../lib/eal/arm/include -Ilib/eal/common -I../lib/eal/common -Ilib/eal -I../lib/eal -Ilib/kvargs -I../lib/kvargs -Ilib/log -I../lib/log -Ilib/telemetry/../metrics -I../lib/telemetry/../metrics -Ilib/telemetry -I../lib/telemetry -Ilib/net -I../lib/net -Ilib/mbuf -I../lib/mbuf -Ilib/mempool -I../lib/mempool -Ilib/ring -I../lib/ring -Ilib/meter -I../lib/meter -Idrivers/bus/pci -I../drivers/bus/pci -I../drivers/bus/pci/linux -Ilib/pci -I../lib/pci -Idrivers/bus/vdev -I../drivers/bus/vdev -Ilib/cryptodev -I../lib/cryptodev -Ilib/rcu -I../lib/rcu -Ilib/eventdev -I../lib/eventdev -Ilib/hash -I../lib/hash -Ilib/timer -I../lib/timer -Ilib/dmadev -I../lib/dmadev -Ilib/security -I../lib/security -Idrivers/common/cnxk
  -I../drivers/common/cnxk -Idrivers/common/cnxk/../../bus/pci -I../drivers/common/cnxk/../../bus/pci -Idrivers/common/cnxk/../../../lib/net -I../drivers/common/cnxk/../../../lib/net -Idrivers/common/cnxk/../../../lib/ethdev -I../drivers/common/cnxk/../../../lib/ethdev -Idrivers/common/cnxk/../../../lib/meter -I../drivers/common/cnxk/../../../lib/meter -Idrivers/mempool/cnxk -I../drivers/mempool/cnxk -Xclang -fcolor-diagnostics -pipe -D_FILE_OFFSET_BITS=64 -Wall -Winvalid-pch -Wextra -Werror -std=c11 -O3 -include rte_config.h -Wcast-qual -Wdeprecated -Wformat -Wformat-nonliteral -Wformat-security -Wmissing-declarations -Wmissing-prototypes -Wnested-externs -Wold-style-definition -Wpointer-arith -Wsign-compare -Wstrict-prototypes -Wundef -Wwrite-strings -Wno-address-of-packed-member -Wno-missing-field-initializers -D_GNU_SOURCE -fPIC -mcpu=thunderx2t99+crc+crypto -DALLOW_EXPERIMENTAL_API -DALLOW_INTERNAL_API -flax-vector-conversions -Wno-strict-aliasing -Wno-asm-operand-widths -DRTE_L
 OG_DEFAULT_LOGTYPE=pmd.net.cnxk -MD -MQ 'drivers/a715181@@tmp_rte_net_cnxk@sta/net_cnxk_cnxk_eswitch_rxtx.c.o' -MF 'drivers/a715181@@tmp_rte_net_cnxk@sta/net_cnxk_cnxk_eswitch_rxtx.c.o.d' -o 'drivers/a715181@@tmp_rte_net_cnxk@sta/net_cnxk_cnxk_eswitch_rxtx.c.o' -c ../drivers/net/cnxk/cnxk_eswitch_rxtx.c
../drivers/net/cnxk/cnxk_eswitch_rxtx.c:53:96: error: parameter 'len' set but not used [-Werror,-Wunused-but-set-parameter]
cnxk_eswitch_prepare_mseg(struct rte_mbuf *m, union nix_send_sg_s *sg, uint64_t *cmd, uint64_t len,
^
1 error generated.
ninja: build stopped: subcommand failed.
==== End log output ====

Ubuntu 20.04 ARM SVE
	Kernel: 5.4.0-167-generic
	Compiler: gcc (Ubuntu 10.5.0-1ubuntu1~20.04) 10.5.0

Debian 12 with MUSDK
	Kernel: Container Host Kernel
	Compiler: gcc 12.2.0

Fedora 38 (ARM)
	Kernel: Depends on container host
	Compiler: gcc 13.2.1

RHEL9 (ARM)
	Kernel: Depends on container host
	Compiler: gcc 11.4.1

Fedora 37 (ARM)
	Kernel: Depends on container host
	Compiler: gcc 12.3.1

Ubuntu 22.04 (ARM)
	Kernel: Container Host Kernel
	Compiler: gcc 11.4.0

Ubuntu 24.04 (ARM)
	Kernel: 5.4.0-167-generic
	Compiler: gcc 13.2.0

Fedora 40 (ARM)
	Kernel: Depends on container host
	Compiler: gcc 14.1.1

Fedora 39 (ARM)
	Kernel: Depends on container host
	Compiler: gcc 13.2.1

Debian 11 (Buster) (ARM)
	Kernel: Container Host Kernel
	Compiler: gcc 10.2.1

Fedora 39 (ARM Clang)
	Kernel: Depends on container host
	Compiler: clang 17.0.6

Debian 12 (arm)
	Kernel: Container Host Kernel
	Compiler: gcc 12.2.0

CentOS Stream 9 (ARM)
	Kernel: Container Host Kernel
	Compiler: gcc 11.4.1

Fedora 40 (ARM Clang)
	Kernel: Depends on container host
	Compiler: clang 18.1.6

Fedora 38 (ARM Clang)
	Kernel: Depends on container host
	Compiler: clang 16.0.6

Ubuntu 20.04 (ARM)
	Kernel: Container Host Kernel
	Compiler: gcc 9.4.0

To view detailed results, visit:
https://lab.dpdk.org/results/dashboard/patchsets/30285/

UNH-IOL DPDK Community Lab

To manage your email subscriptions, visit: 
https://lab.dpdk.org/results/dashboard/preferences/subscriptions/