From mboxrd@z Thu Jan  1 00:00:00 1970
Return-Path: <test-report-bounces@dpdk.org>
Received: from mails.dpdk.org (mails.dpdk.org [217.70.189.124])
	by inbox.dpdk.org (Postfix) with ESMTP id 5190B454E1
	for <public@inbox.dpdk.org>; Mon, 24 Jun 2024 15:15:07 +0200 (CEST)
Received: from mails.dpdk.org (localhost [127.0.0.1])
	by mails.dpdk.org (Postfix) with ESMTP id 4F0F24026E;
	Mon, 24 Jun 2024 15:15:07 +0200 (CEST)
Received: from mail-pg1-f226.google.com (mail-pg1-f226.google.com
 [209.85.215.226])
 by mails.dpdk.org (Postfix) with ESMTP id 345844026C
 for <test-report@dpdk.org>; Mon, 24 Jun 2024 15:15:06 +0200 (CEST)
Received: by mail-pg1-f226.google.com with SMTP id
 41be03b00d2f7-6bce380eb96so2763557a12.0
 for <test-report@dpdk.org>; Mon, 24 Jun 2024 06:15:06 -0700 (PDT)
DKIM-Signature: v=1; a=rsa-sha256; c=relaxed/relaxed;
 d=iol.unh.edu; s=unh-iol; t=1719234905; x=1719839705; darn=dpdk.org;
 h=references:in-reply-to:cc:to:from:subject:message-id:date:from:to
 :cc:subject:date:message-id:reply-to;
 bh=Sw1sZAySg0CiANTe+h6vY1GfnuhNHIGZZDmPyIHkS+U=;
 b=XMz4sYEHLlOvcXGH6y9X1BdPDdvwtExHExChCKgvvPJfQ1ZN6MhCA3kjSEerJw9DyR
 SghnPk0JAsOr1p1vtZUYAoh52KI4SPaYbQaIYklVbAD1odeqrVm/dmjw6g8znSscO8Qk
 GH0+Y4t9DMvfvVciPRUwCWJ9opsQxUay/v71k=
X-Google-DKIM-Signature: v=1; a=rsa-sha256; c=relaxed/relaxed;
 d=1e100.net; s=20230601; t=1719234905; x=1719839705;
 h=references:in-reply-to:cc:to:from:subject:message-id:date
 :x-gm-message-state:from:to:cc:subject:date:message-id:reply-to;
 bh=Sw1sZAySg0CiANTe+h6vY1GfnuhNHIGZZDmPyIHkS+U=;
 b=iYyYpNOwSMM9uQv4dJcaAcbBTCZMMvPZ0B9sy2aFVu0j/IVYTDMifZzAGVxLDXkac5
 RtUzT1PiqnaHsr8D/VFXW0xExVzvYHD0dLPvtDFmst+Xr5jSnd2JaU9n9gKnIX/g25cC
 KCG6XvvFg/JoHq332VBrHwVZi3ScvH7FG7ko9/WcdYePyYC6fO4WujqVlotPdVqrbWU2
 WwCqKFkPMS+9vVIbblBvSAVnRyQ2Iet9Pfy1p5a/rHxoVMGMcgXg3K2hJv5wFK3Gz0su
 vaG0zCNMNI/v1YWk+u+N68kTKDaJW2PxlSTsvFdO1wbeg63nLrkOywgGaSyGaWxJ51iH
 R4uQ==
X-Gm-Message-State: AOJu0YwIULbKbf2sG2pBBgxBI5+zTGN9a/Z7FEIkTnzyuIOBq1VgZCHu
 Jdnk3O8H1xRMdcESWcVaNyf7jHAOLlUksMIY1jhLcobePterh8JlWbspj7iXxEJ17bLXKycQz6T
 6atGFHS/lwcN68vU2ZMXo+7Ycf4yBg87pcu+69CYc
X-Google-Smtp-Source: AGHT+IFw9BXW4Ekw80Pn8vNdsmSX9pWI3g444v41L0y1QJJcyPyYAZto20eUY9r+duWLFm3La1DEn6SXZIh4
X-Received: by 2002:a17:90a:d90c:b0:2c8:6793:456 with SMTP id
 98e67ed59e1d1-2c86793047dmr2927185a91.0.1719234905334; 
 Mon, 24 Jun 2024 06:15:05 -0700 (PDT)
Received: from postal.iol.unh.edu (postal.iol.unh.edu. [132.177.123.84])
 by smtp-relay.gmail.com with ESMTPS id
 98e67ed59e1d1-2c819a86c0csm397021a91.10.2024.06.24.06.15.05
 (version=TLS1_2 cipher=ECDHE-ECDSA-AES128-GCM-SHA256 bits=128/128);
 Mon, 24 Jun 2024 06:15:05 -0700 (PDT)
X-Relaying-Domain: iol.unh.edu
Date: Mon, 24 Jun 2024 06:15:05 -0700 (PDT)
Message-ID: <66797159.170a0220.29080.f47bSMTPIN_ADDED_MISSING@mx.google.com>
Received: from [172.21.0.6] (unknown [172.18.0.240])
 by postal.iol.unh.edu (Postfix) with ESMTP id 86774605C380;
 Mon, 24 Jun 2024 09:15:04 -0400 (EDT)
Subject: |FAILURE| pw141524-141529 [PATCH] [6/6] common/cnxk: flow aginig del
From: dpdklab@iol.unh.edu
To: Test Report <test-report@dpdk.org>
Cc: dpdk-test-reports@iol.unh.edu, Harman Kalra <hkalra@marvell.com>
In-Reply-To: <20240624074822.88955-6-hkalra@marvell.com>
References: <20240624074822.88955-6-hkalra@marvell.com>
Content-Type: text/plain
X-BeenThere: test-report@dpdk.org
X-Mailman-Version: 2.1.29
Precedence: list
List-Id: automatic DPDK test reports <test-report.dpdk.org>
List-Unsubscribe: <https://mails.dpdk.org/options/test-report>,
 <mailto:test-report-request@dpdk.org?subject=unsubscribe>
List-Archive: <http://mails.dpdk.org/archives/test-report/>
List-Post: <mailto:test-report@dpdk.org>
List-Help: <mailto:test-report-request@dpdk.org?subject=help>
List-Subscribe: <https://mails.dpdk.org/listinfo/test-report>,
 <mailto:test-report-request@dpdk.org?subject=subscribe>
Errors-To: test-report-bounces@dpdk.org

Test-Label: iol-compile-amd64-testing
Test-Status: FAILURE
http://dpdk.org/patch/141529

_Testing issues_

Submitter: Harman Kalra <hkalra@marvell.com>
Date: Monday, June 24 2024 07:48:21 
DPDK git baseline: Repo:dpdk
  Branch: master
  CommitID:4a44d97f0a52a76258c6a6cb6a713f4380a8ab1f

141524-141529 --> testing issues

Test environment and result as below:

+---------------------+--------------------+-------------------+----------------------+------------------+-------------------+
|     Environment     | dpdk_meson_compile | dpdk_msvc_compile | dpdk_mingw64_compile | dpdk_compile_ovs | dpdk_compile_spdk |
+=====================+====================+===================+======================+==================+===================+
| FreeBSD 13.3        | PASS               | SKIPPED           | SKIPPED              | SKIPPED          | SKIPPED           |
+---------------------+--------------------+-------------------+----------------------+------------------+-------------------+
| Windows Server 2019 | PASS               | SKIPPED           | PASS                 | SKIPPED          | SKIPPED           |
+---------------------+--------------------+-------------------+----------------------+------------------+-------------------+
| Windows Server 2022 | PASS               | PASS              | PASS                 | SKIPPED          | SKIPPED           |
+---------------------+--------------------+-------------------+----------------------+------------------+-------------------+
| FreeBSD 14.1        | PASS               | SKIPPED           | SKIPPED              | SKIPPED          | SKIPPED           |
+---------------------+--------------------+-------------------+----------------------+------------------+-------------------+
| Fedora 38           | PASS               | SKIPPED           | SKIPPED              | PASS             | PASS              |
+---------------------+--------------------+-------------------+----------------------+------------------+-------------------+
| CentOS Stream 8     | PASS               | SKIPPED           | SKIPPED              | PASS             | PASS              |
+---------------------+--------------------+-------------------+----------------------+------------------+-------------------+
| Fedora 39           | PASS               | SKIPPED           | SKIPPED              | PASS             | PASS              |
+---------------------+--------------------+-------------------+----------------------+------------------+-------------------+
| Fedora 40           | FAIL               | SKIPPED           | SKIPPED              | SKIPPED          | SKIPPED           |
+---------------------+--------------------+-------------------+----------------------+------------------+-------------------+
| openSUSE Leap 15    | PASS               | SKIPPED           | SKIPPED              | PASS             | SKIPPED           |
+---------------------+--------------------+-------------------+----------------------+------------------+-------------------+
| Debian Bullseye     | PASS               | SKIPPED           | SKIPPED              | PASS             | PASS              |
+---------------------+--------------------+-------------------+----------------------+------------------+-------------------+
| Debian 12           | PASS               | SKIPPED           | SKIPPED              | PASS             | PASS              |
+---------------------+--------------------+-------------------+----------------------+------------------+-------------------+
| CentOS Stream 9     | PASS               | SKIPPED           | SKIPPED              | PASS             | PASS              |
+---------------------+--------------------+-------------------+----------------------+------------------+-------------------+
| RHEL8               | PASS               | SKIPPED           | SKIPPED              | PASS             | SKIPPED           |
+---------------------+--------------------+-------------------+----------------------+------------------+-------------------+
| Fedora 37           | PASS               | SKIPPED           | SKIPPED              | PASS             | PASS              |
+---------------------+--------------------+-------------------+----------------------+------------------+-------------------+
| Ubuntu 22.04        | PASS               | SKIPPED           | SKIPPED              | PASS             | PASS              |
+---------------------+--------------------+-------------------+----------------------+------------------+-------------------+
| Ubuntu 20.04        | PASS               | SKIPPED           | SKIPPED              | PASS             | SKIPPED           |
+---------------------+--------------------+-------------------+----------------------+------------------+-------------------+

==== 20 line log output for Fedora 40 (dpdk_meson_compile): ====
[1265/2932] Compiling C object 'drivers/a715181@@tmp_rte_net_cnxk@sta/net_cnxk_cnxk_ethdev.c.o'.
[1266/2932] Compiling C object 'drivers/a715181@@tmp_rte_net_cnxk@sta/net_cnxk_cnxk_ethdev_cman.c.o'.
[1267/2932] Compiling C object 'drivers/a715181@@tmp_rte_net_cnxk@sta/net_cnxk_cnxk_ethdev_devargs.c.o'.
[1268/2932] Compiling C object 'drivers/a715181@@tmp_rte_net_cnxk@sta/net_cnxk_cnxk_ethdev_mcs.c.o'.
[1269/2932] Compiling C object 'drivers/a715181@@tmp_rte_net_cnxk@sta/net_cnxk_cnxk_ethdev_mtr.c.o'.
[1270/2932] Compiling C object 'drivers/a715181@@tmp_rte_net_cnxk@sta/net_cnxk_cnxk_ethdev_ops.c.o'.
[1271/2932] Compiling C object 'drivers/a715181@@tmp_rte_net_cnxk@sta/net_cnxk_cnxk_ethdev_sec.c.o'.
[1272/2932] Compiling C object 'drivers/a715181@@tmp_rte_net_cnxk@sta/net_cnxk_cnxk_ethdev_telemetry.c.o'.
[1273/2932] Compiling C object 'drivers/a715181@@tmp_rte_net_cnxk@sta/net_cnxk_cnxk_ethdev_sec_telemetry.c.o'.
[1274/2932] Compiling C object 'drivers/a715181@@tmp_rte_net_cnxk@sta/net_cnxk_cnxk_eswitch.c.o'.
[1275/2932] Compiling C object 'drivers/a715181@@tmp_rte_net_cnxk@sta/net_cnxk_cnxk_eswitch_devargs.c.o'.
[1276/2932] Compiling C object 'drivers/a715181@@tmp_rte_net_cnxk@sta/net_cnxk_cnxk_eswitch_flow.c.o'.
[1277/2932] Compiling C object 'drivers/a715181@@tmp_rte_net_cnxk@sta/net_cnxk_cnxk_eswitch_rxtx.c.o'.
FAILED: drivers/a715181@@tmp_rte_net_cnxk@sta/net_cnxk_cnxk_eswitch_rxtx.c.o
clang -Idrivers/a715181@@tmp_rte_net_cnxk@sta -Idrivers -I../drivers -Idrivers/net/cnxk -I../drivers/net/cnxk -Ilib/ethdev -I../lib/ethdev -I. -I../ -Iconfig -I../config -Ilib/eal/include -I../lib/eal/include -Ilib/eal/linux/include -I../lib/eal/linux/include -Ilib/eal/x86/include -I../lib/eal/x86/include -Ilib/eal/common -I../lib/eal/common -Ilib/eal -I../lib/eal -Ilib/kvargs -I../lib/kvargs -Ilib/log -I../lib/log -Ilib/telemetry/../metrics -I../lib/telemetry/../metrics -Ilib/telemetry -I../lib/telemetry -Ilib/net -I../lib/net -Ilib/mbuf -I../lib/mbuf -Ilib/mempool -I../lib/mempool -Ilib/ring -I../lib/ring -Ilib/meter -I../lib/meter -Idrivers/bus/pci -I../drivers/bus/pci -I../drivers/bus/pci/linux -Ilib/pci -I../lib/pci -Idrivers/bus/vdev -I../drivers/bus/vdev -Ilib/cryptodev -I../lib/cryptodev -Ilib/rcu -I../lib/rcu -Ilib/eventdev -I../lib/eventdev -Ilib/hash -I../lib/hash -Ilib/timer -I../lib/timer -Ilib/dmadev -I../lib/dmadev -Ilib/security -I../lib/security -Idrivers/common/cnxk
  -I../drivers/common/cnxk -Idrivers/common/cnxk/../../bus/pci -I../drivers/common/cnxk/../../bus/pci -Idrivers/common/cnxk/../../../lib/net -I../drivers/common/cnxk/../../../lib/net -Idrivers/common/cnxk/../../../lib/ethdev -I../drivers/common/cnxk/../../../lib/ethdev -Idrivers/common/cnxk/../../../lib/meter -I../drivers/common/cnxk/../../../lib/meter -Idrivers/mempool/cnxk -I../drivers/mempool/cnxk -Xclang -fcolor-diagnostics -pipe -D_FILE_OFFSET_BITS=64 -Wall -Winvalid-pch -Wextra -Werror -std=c11 -O3 -include rte_config.h -Wcast-qual -Wdeprecated -Wformat -Wformat-nonliteral -Wformat-security -Wmissing-declarations -Wmissing-prototypes -Wnested-externs -Wold-style-definition -Wpointer-arith -Wsign-compare -Wstrict-prototypes -Wundef -Wwrite-strings -Wno-address-of-packed-member -Wno-missing-field-initializers -D_GNU_SOURCE -fPIC -march=native -mrtm -DALLOW_EXPERIMENTAL_API -DALLOW_INTERNAL_API -Wno-format-truncation -flax-vector-conversions -Wno-strict-aliasing -Wno-asm-operand-w
 idths -DRTE_LOG_DEFAULT_LOGTYPE=pmd.net.cnxk -MD -MQ 'drivers/a715181@@tmp_rte_net_cnxk@sta/net_cnxk_cnxk_eswitch_rxtx.c.o' -MF 'drivers/a715181@@tmp_rte_net_cnxk@sta/net_cnxk_cnxk_eswitch_rxtx.c.o.d' -o 'drivers/a715181@@tmp_rte_net_cnxk@sta/net_cnxk_cnxk_eswitch_rxtx.c.o' -c ../drivers/net/cnxk/cnxk_eswitch_rxtx.c
../drivers/net/cnxk/cnxk_eswitch_rxtx.c:53:96: error: parameter 'len' set but not used [-Werror,-Wunused-but-set-parameter]
53 | cnxk_eswitch_prepare_mseg(struct rte_mbuf *m, union nix_send_sg_s *sg, uint64_t *cmd, uint64_t len,
|                                                                                                ^
1 error generated.
ninja: build stopped: subcommand failed.
==== End log output ====

FreeBSD 13.3
	Kernel: 13.3-RELEASE-p1
	Compiler: clang 17.0.6

Windows Server 2019
	Kernel: 10.0.17763
	Compiler: clang 14.0 and gcc 8.1.0 (MinGW)

Windows Server 2022
	Kernel: 10.0.20348.2031
	Compiler: clang 15.0.7, gcc 8.1.0 (MinGW), and MSVC VS 17.9

FreeBSD 14.1
	Kernel: 14.1
	Compiler: clang 18.1.5

Fedora 38
	Kernel: Depends on container host
	Compiler: clang 16.0.6

CentOS Stream 8
	Kernel: 5.4.0-167-generic
	Compiler: gcc 8.5.0 20210514

Fedora 39
	Kernel: Depends on container host
	Compiler: clang 17.0.6

Fedora 40
	Kernel: Depends on container host
	Compiler: clang 18.1.6

openSUSE Leap 15
	Kernel: 5.4.0-167-generic
	Compiler: gcc 7.5.0

Debian Bullseye
	Kernel: 5.4.0-167-generic
	Compiler: gcc 10.2.1-6

Debian 12
	Kernel: Container Host Kernel
	Compiler: gcc 12.2.0

CentOS Stream 9
	Kernel: 5.4.0-167-generic
	Compiler: gcc 11.4.1 20230605

RHEL8
	Kernel: 5.4.0-167-generic
	Compiler: gcc 8.5.0 20210514 (Red Hat 8.5.0-20)

Fedora 37
	Kernel: Depends on container host system
	Compiler: gcc 12.3.1

Ubuntu 22.04
	Kernel: 5.4.0-167-generic
	Compiler: gcc 11.4.0

Ubuntu 20.04
	Kernel: 5.4.0-167-generic
	Compiler: gcc 9.4.0-1ubuntu1~20.04.1

To view detailed results, visit:
https://lab.dpdk.org/results/dashboard/patchsets/30285/

UNH-IOL DPDK Community Lab

To manage your email subscriptions, visit: 
https://lab.dpdk.org/results/dashboard/preferences/subscriptions/