From mboxrd@z Thu Jan  1 00:00:00 1970
Return-Path: <test-report-bounces@dpdk.org>
Received: from mails.dpdk.org (mails.dpdk.org [217.70.189.124])
	by inbox.dpdk.org (Postfix) with ESMTP id B02FA454E1
	for <public@inbox.dpdk.org>; Mon, 24 Jun 2024 15:27:20 +0200 (CEST)
Received: from mails.dpdk.org (localhost [127.0.0.1])
	by mails.dpdk.org (Postfix) with ESMTP id 896EA40E39;
	Mon, 24 Jun 2024 15:27:20 +0200 (CEST)
Received: from mail-ot1-f99.google.com (mail-ot1-f99.google.com
 [209.85.210.99]) by mails.dpdk.org (Postfix) with ESMTP id EFB4040E31
 for <test-report@dpdk.org>; Mon, 24 Jun 2024 15:27:18 +0200 (CEST)
Received: by mail-ot1-f99.google.com with SMTP id
 46e09a7af769-6f8ffe1b65dso1986974a34.0
 for <test-report@dpdk.org>; Mon, 24 Jun 2024 06:27:18 -0700 (PDT)
DKIM-Signature: v=1; a=rsa-sha256; c=relaxed/relaxed;
 d=iol.unh.edu; s=unh-iol; t=1719235638; x=1719840438; darn=dpdk.org;
 h=references:in-reply-to:cc:to:from:subject:message-id:date:from:to
 :cc:subject:date:message-id:reply-to;
 bh=Meso5lmANYevKxV61aKaGC9Bar4QLRAwXTUjlTiV33Y=;
 b=VUYWOz2lMzAQbPRwnTvn+95EgZJfh+ayqvG84/a2MkSvhCp2VoKACYNT8Fn0yvJd4x
 //Psg4GbZBJTG+zvpR6DhX2H5hYEzqWge8t/rYb+8i4u96pl6Iw5/9Zdp5eMnj3LTk+R
 Pqk8tL1m3ITm9t4idlTOk+CHCRnVrzkOqfKFo=
X-Google-DKIM-Signature: v=1; a=rsa-sha256; c=relaxed/relaxed;
 d=1e100.net; s=20230601; t=1719235638; x=1719840438;
 h=references:in-reply-to:cc:to:from:subject:message-id:date
 :x-gm-message-state:from:to:cc:subject:date:message-id:reply-to;
 bh=Meso5lmANYevKxV61aKaGC9Bar4QLRAwXTUjlTiV33Y=;
 b=Rd/jkgMrEg0Uhck15eGHNgrCDaMD42a9cfiCQH7VAs3IWChFmtxLeeFI5Sfov764Ja
 +Sfx7Ab4wXij1/gak3qUuucP78+a+UaOL5YCZTgMGZawHUkU4w0j6SNZiAzbuaTDpK5d
 jvxbxDuUsekzcvIede+6EVucuCiadM1OLJwgmsnJq5vOmrLsV5+/Uf2hklMNX0GG1uzj
 s3kyNRnmr9GeTiNWf43+KDNi+IwrtSnKHY0q+6QkDiqkA1cfA+WLXj8Z1ZeuBB9O3P4F
 ch/4fE3th6eQ9z1LgYr6fM3DBbY8NHDWY3JaxGqFTEvZwxx4peGiUtHE37kvNS+KTtbr
 viCw==
X-Gm-Message-State: AOJu0YwGt9n6iisrQxJlt+eTT1kiRkMOQCey2lmIIhCjnjaCsCnTCHu4
 xVt7WVRxAG+yMBkq7IPcDMMiWpfOHzkKKIusXVC42I+1uZOJbDEABxC3XMKkmlADxHR042JLqWA
 9M3zGxWajowTaCnFxyq2ulm0ICjgYU6aWLqBEmZlL
X-Google-Smtp-Source: AGHT+IHbN5GlAiYzsrkd7yU0lOFKugMJ0q6wOCeVIe6xQULHGadsUBrgxqQoHfsHaTAE6Adjr4sKSbxFfyVk
X-Received: by 2002:a05:6830:34a6:b0:6f9:adc9:9c45 with SMTP id
 46e09a7af769-700aa643862mr2509142a34.9.1719235636704; 
 Mon, 24 Jun 2024 06:27:16 -0700 (PDT)
Received: from postal.iol.unh.edu (postal.iol.unh.edu. [132.177.123.84])
 by smtp-relay.gmail.com with ESMTPS id
 46e09a7af769-7009c5ee30fsm135297a34.5.2024.06.24.06.27.16
 (version=TLS1_2 cipher=ECDHE-ECDSA-AES128-GCM-SHA256 bits=128/128);
 Mon, 24 Jun 2024 06:27:16 -0700 (PDT)
X-Relaying-Domain: iol.unh.edu
Date: Mon, 24 Jun 2024 06:27:16 -0700 (PDT)
Message-ID: <66797434.050a0220.23fbd.9ba5SMTPIN_ADDED_MISSING@mx.google.com>
Received: from [172.21.0.7] (unknown [172.18.0.240])
 by postal.iol.unh.edu (Postfix) with ESMTP id 206E8605C380;
 Mon, 24 Jun 2024 09:27:16 -0400 (EDT)
Subject: |FAILURE| pw141524-141529 [PATCH] [6/6] common/cnxk: flow aginig del
From: dpdklab@iol.unh.edu
To: Test Report <test-report@dpdk.org>
Cc: dpdk-test-reports@iol.unh.edu, Harman Kalra <hkalra@marvell.com>
In-Reply-To: <20240624074822.88955-6-hkalra@marvell.com>
References: <20240624074822.88955-6-hkalra@marvell.com>
Content-Type: text/plain
X-BeenThere: test-report@dpdk.org
X-Mailman-Version: 2.1.29
Precedence: list
List-Id: automatic DPDK test reports <test-report.dpdk.org>
List-Unsubscribe: <https://mails.dpdk.org/options/test-report>,
 <mailto:test-report-request@dpdk.org?subject=unsubscribe>
List-Archive: <http://mails.dpdk.org/archives/test-report/>
List-Post: <mailto:test-report@dpdk.org>
List-Help: <mailto:test-report-request@dpdk.org?subject=help>
List-Subscribe: <https://mails.dpdk.org/listinfo/test-report>,
 <mailto:test-report-request@dpdk.org?subject=subscribe>
Errors-To: test-report-bounces@dpdk.org

Test-Label: iol-unit-amd64-testing
Test-Status: FAILURE
http://dpdk.org/patch/141529

_Testing issues_

Submitter: Harman Kalra <hkalra@marvell.com>
Date: Monday, June 24 2024 07:48:21 
DPDK git baseline: Repo:dpdk
  Branch: master
  CommitID:4a44d97f0a52a76258c6a6cb6a713f4380a8ab1f

141524-141529 --> testing issues

Test environment and result as below:

+---------------------+----------------+
|     Environment     | dpdk_unit_test |
+=====================+================+
| Windows Server 2019 | PASS           |
+---------------------+----------------+
| CentOS Stream 8     | PASS           |
+---------------------+----------------+
| CentOS Stream 9     | PASS           |
+---------------------+----------------+
| Debian Bullseye     | PASS           |
+---------------------+----------------+
| Debian 12           | PASS           |
+---------------------+----------------+
| Fedora 37           | PASS           |
+---------------------+----------------+
| Fedora 39           | PASS           |
+---------------------+----------------+
| Fedora 38           | PASS           |
+---------------------+----------------+
| Fedora 40           | PASS           |
+---------------------+----------------+
| Windows Server 2022 | PASS           |
+---------------------+----------------+
| Ubuntu 20.04        | PASS           |
+---------------------+----------------+
| Ubuntu 22.04        | PASS           |
+---------------------+----------------+
| openSUSE Leap 15    | PASS           |
+---------------------+----------------+
| RHEL8               | PASS           |
+---------------------+----------------+
| RHEL9               | PASS           |
+---------------------+----------------+
| Ubuntu 24.04        | PASS           |
+---------------------+----------------+


Windows Server 2019
	Kernel: 10.0.17763
	Compiler: clang 14.0 and gcc 8.1.0 (MinGW)

CentOS Stream 8
	Kernel: 5.4.0-167-generic
	Compiler: gcc 8.5.0 20210514

CentOS Stream 9
	Kernel: 5.4.0-167-generic
	Compiler: gcc 11.4.1 20230605

Debian Bullseye
	Kernel: 5.4.0-167-generic
	Compiler: gcc 10.2.1-6

Debian 12
	Kernel: Container Host Kernel
	Compiler: gcc 12.2.0

Fedora 37
	Kernel: Depends on container host system
	Compiler: gcc 12.3.1

Fedora 39
	Kernel: Depends on container host
	Compiler: clang 17.0.6

Fedora 38
	Kernel: Depends on container host
	Compiler: clang 16.0.6

Fedora 40
	Kernel: Depends on container host
	Compiler: clang 18.1.6

Windows Server 2022
	Kernel: 10.0.20348.2031
	Compiler: clang 15.0.7, gcc 8.1.0 (MinGW), and MSVC VS 17.9

Ubuntu 20.04
	Kernel: 5.4.0-167-generic
	Compiler: gcc 9.4.0-1ubuntu1~20.04.1

Ubuntu 22.04
	Kernel: 5.4.0-167-generic
	Compiler: gcc 11.4.0

openSUSE Leap 15
	Kernel: 5.4.0-167-generic
	Compiler: gcc 7.5.0

RHEL8
	Kernel: 5.4.0-167-generic
	Compiler: gcc 8.5.0 20210514 (Red Hat 8.5.0-20)

RHEL9
	Kernel: Depends on container host
	Compiler: gcc 11.4.1

Ubuntu 24.04
	Kernel: 5.4.0-167-generic
	Compiler: gcc 13.2.0

To view detailed results, visit:
https://lab.dpdk.org/results/dashboard/patchsets/30285/

UNH-IOL DPDK Community Lab

To manage your email subscriptions, visit: 
https://lab.dpdk.org/results/dashboard/preferences/subscriptions/