From mboxrd@z Thu Jan  1 00:00:00 1970
Return-Path: <test-report-bounces@dpdk.org>
Received: from mails.dpdk.org (mails.dpdk.org [217.70.189.124])
	by inbox.dpdk.org (Postfix) with ESMTP id 1E0A3454EF
	for <public@inbox.dpdk.org>; Tue, 25 Jun 2024 12:08:51 +0200 (CEST)
Received: from mails.dpdk.org (localhost [127.0.0.1])
	by mails.dpdk.org (Postfix) with ESMTP id 1A25840696;
	Tue, 25 Jun 2024 12:08:51 +0200 (CEST)
Received: from mail-io1-f98.google.com (mail-io1-f98.google.com
 [209.85.166.98]) by mails.dpdk.org (Postfix) with ESMTP id ECDEE402C4
 for <test-report@dpdk.org>; Tue, 25 Jun 2024 12:08:49 +0200 (CEST)
Received: by mail-io1-f98.google.com with SMTP id
 ca18e2360f4ac-7eb5dd9f994so182795239f.2
 for <test-report@dpdk.org>; Tue, 25 Jun 2024 03:08:49 -0700 (PDT)
DKIM-Signature: v=1; a=rsa-sha256; c=relaxed/relaxed;
 d=iol.unh.edu; s=unh-iol; t=1719310129; x=1719914929; darn=dpdk.org;
 h=references:in-reply-to:cc:to:from:subject:message-id:date:from:to
 :cc:subject:date:message-id:reply-to;
 bh=SFjyzOIuvH7hmCfwOf7jntPHS3LuK+aKMNPeCLqbgfU=;
 b=h07NulMb6Pw5RfD+zdoYU/PMPXI+2xe3+jsCihg++VarES4E1KWJHoOZKnjGbjeMlh
 +Tov3QdVLovzD+EMdogAkq80y3rZE8dN9W4pF+oyOpJKCWz59788PEwW93tdCnYa+3Kc
 BUajK5nKGMQhdbeBnZe8f1Pbctuo4ehaVXt4E=
X-Google-DKIM-Signature: v=1; a=rsa-sha256; c=relaxed/relaxed;
 d=1e100.net; s=20230601; t=1719310129; x=1719914929;
 h=references:in-reply-to:cc:to:from:subject:message-id:date
 :x-gm-message-state:from:to:cc:subject:date:message-id:reply-to;
 bh=SFjyzOIuvH7hmCfwOf7jntPHS3LuK+aKMNPeCLqbgfU=;
 b=M2aU8Aj4TKCRoFuXtwGmJrXAwdM3mhZnB2FgoUtk1ogWa8v/zagaMZYnMTZ4v/R48A
 aL19m9L2vtJKUHjnzcThobznp56Zu/W+Num32PjqPJN4PAmfWOM2gNgJ11YgFCNDFpzP
 1d6FbrOT9riW+w2nBhQn7mMy4OkcNqluixeDP83Bn5Jc4ylbZqk8I17R0VT8ie36d7zC
 n/KZX7a8IADwD4yFBzV9MKOaUN+reuxRYOZPnHCrNppAvcf8E8m2wK4gFNVs9YQ8Z4lp
 pinjhG0+zGMN0aRJPInHK8YAAeO/QoyMdT2IQ3nfXYSN0AHFsvPiugzyN2iEjqYKskOl
 ON0w==
X-Gm-Message-State: AOJu0Yz9SZmqbQFuYAkxlSdrfKGdzf/mv3EvkLyvyLR4Xq7webyL/T+R
 CLESjN85IE7nUYfTWVH8FhP6bu5uXRDfm8a03zgMfTE5xpX7fjEoVc44DaW7t5td3+iarglD/7L
 QurOQCztFcRop8HUPAC/ewOKNmcg74bS5/5l5/jlY
X-Google-Smtp-Source: AGHT+IGyUXRipvNbw8DfVO1as4kbtQbl4C/l4wqTw/ltWi9n4ReWcVs1+Wh60XD1p1dNS2v/1mTcqV90uRkM
X-Received: by 2002:a05:6602:15d0:b0:7eb:6a37:89ce with SMTP id
 ca18e2360f4ac-7f3a1539dcfmr768100139f.14.1719310128986; 
 Tue, 25 Jun 2024 03:08:48 -0700 (PDT)
Received: from postal.iol.unh.edu (postal.iol.unh.edu. [132.177.123.84])
 by smtp-relay.gmail.com with ESMTPS id
 ca18e2360f4ac-7f39202bf73sm20929139f.27.2024.06.25.03.08.48
 (version=TLS1_2 cipher=ECDHE-ECDSA-AES128-GCM-SHA256 bits=128/128);
 Tue, 25 Jun 2024 03:08:48 -0700 (PDT)
X-Relaying-Domain: iol.unh.edu
Date: Tue, 25 Jun 2024 03:08:48 -0700 (PDT)
Message-ID: <667a9730.050a0220.ea1bd.f7a6SMTPIN_ADDED_MISSING@mx.google.com>
Received: from [172.21.0.6] (unknown [172.18.0.240])
 by postal.iol.unh.edu (Postfix) with ESMTP id 8C4D96050A9C;
 Tue, 25 Jun 2024 06:08:48 -0400 (EDT)
Subject: |FAILURE| pw141562 [PATCH] [v2] raw/zxdh: introduce zxdh raw device 
From: dpdklab@iol.unh.edu
To: Test Report <test-report@dpdk.org>
Cc: dpdk-test-reports@iol.unh.edu, Yong Zhang <zhang.yong25@zte.com.cn>
In-Reply-To: <20240624123132.3133178-1-zhang.yong25@zte.com.cn>
References: <20240624123132.3133178-1-zhang.yong25@zte.com.cn>
Content-Type: text/plain
X-BeenThere: test-report@dpdk.org
X-Mailman-Version: 2.1.29
Precedence: list
List-Id: automatic DPDK test reports <test-report.dpdk.org>
List-Unsubscribe: <https://mails.dpdk.org/options/test-report>,
 <mailto:test-report-request@dpdk.org?subject=unsubscribe>
List-Archive: <http://mails.dpdk.org/archives/test-report/>
List-Post: <mailto:test-report@dpdk.org>
List-Help: <mailto:test-report-request@dpdk.org?subject=help>
List-Subscribe: <https://mails.dpdk.org/listinfo/test-report>,
 <mailto:test-report-request@dpdk.org?subject=subscribe>
Errors-To: test-report-bounces@dpdk.org

Test-Label: iol-compile-amd64-testing
Test-Status: FAILURE
http://dpdk.org/patch/141562

_Testing issues_

Submitter: Yong Zhang <zhang.yong25@zte.com.cn>
Date: Monday, June 24 2024 12:31:05 
DPDK git baseline: Repo:dpdk
  Branch: master
  CommitID:4a44d97f0a52a76258c6a6cb6a713f4380a8ab1f

141562 --> testing issues

Test environment and result as below:

+---------------------+--------------------+----------------------+-------------------+------------------+-------------------+
|     Environment     | dpdk_meson_compile | dpdk_mingw64_compile | dpdk_msvc_compile | dpdk_compile_ovs | dpdk_compile_spdk |
+=====================+====================+======================+===================+==================+===================+
| FreeBSD 13.3        | PASS               | SKIPPED              | SKIPPED           | SKIPPED          | SKIPPED           |
+---------------------+--------------------+----------------------+-------------------+------------------+-------------------+
| Windows Server 2022 | PASS               | PASS                 | PASS              | SKIPPED          | SKIPPED           |
+---------------------+--------------------+----------------------+-------------------+------------------+-------------------+
| FreeBSD 14.1        | PASS               | SKIPPED              | SKIPPED           | SKIPPED          | SKIPPED           |
+---------------------+--------------------+----------------------+-------------------+------------------+-------------------+
| Windows Server 2019 | PASS               | PASS                 | SKIPPED           | SKIPPED          | SKIPPED           |
+---------------------+--------------------+----------------------+-------------------+------------------+-------------------+
| CentOS Stream 9     | PASS               | SKIPPED              | SKIPPED           | PASS             | PASS              |
+---------------------+--------------------+----------------------+-------------------+------------------+-------------------+
| CentOS Stream 8     | PASS               | SKIPPED              | SKIPPED           | PASS             | PASS              |
+---------------------+--------------------+----------------------+-------------------+------------------+-------------------+
| Fedora 37           | PASS               | SKIPPED              | SKIPPED           | PASS             | PASS              |
+---------------------+--------------------+----------------------+-------------------+------------------+-------------------+
| Debian Bullseye     | PASS               | SKIPPED              | SKIPPED           | PASS             | PASS              |
+---------------------+--------------------+----------------------+-------------------+------------------+-------------------+
| Fedora 38           | PASS               | SKIPPED              | SKIPPED           | PASS             | PASS              |
+---------------------+--------------------+----------------------+-------------------+------------------+-------------------+
| openSUSE Leap 15    | PASS               | SKIPPED              | SKIPPED           | PASS             | SKIPPED           |
+---------------------+--------------------+----------------------+-------------------+------------------+-------------------+
| Fedora 40           | PASS               | SKIPPED              | SKIPPED           | PASS             | PASS              |
+---------------------+--------------------+----------------------+-------------------+------------------+-------------------+
| RHEL8               | PASS               | SKIPPED              | SKIPPED           | PASS             | SKIPPED           |
+---------------------+--------------------+----------------------+-------------------+------------------+-------------------+
| Ubuntu 20.04        | PASS               | SKIPPED              | SKIPPED           | PASS             | SKIPPED           |
+---------------------+--------------------+----------------------+-------------------+------------------+-------------------+
| RHEL9               | PASS               | SKIPPED              | SKIPPED           | PASS             | SKIPPED           |
+---------------------+--------------------+----------------------+-------------------+------------------+-------------------+
| Ubuntu 22.04        | PASS               | SKIPPED              | SKIPPED           | PASS             | PASS              |
+---------------------+--------------------+----------------------+-------------------+------------------+-------------------+
| Alpine              | FAIL               | SKIPPED              | SKIPPED           | SKIPPED          | SKIPPED           |
+---------------------+--------------------+----------------------+-------------------+------------------+-------------------+
| Fedora 39           | PASS               | SKIPPED              | SKIPPED           | PASS             | PASS              |
+---------------------+--------------------+----------------------+-------------------+------------------+-------------------+
| Debian 12           | PASS               | SKIPPED              | SKIPPED           | PASS             | PASS              |
+---------------------+--------------------+----------------------+-------------------+------------------+-------------------+
| Ubuntu 24.04        | PASS               | SKIPPED              | SKIPPED           | PASS             | PASS              |
+---------------------+--------------------+----------------------+-------------------+------------------+-------------------+

==== 20 line log output for Alpine (dpdk_meson_compile): ====
|         ^~~~
../drivers/raw/zxdh/zxdh_rawdev.h:145:9: error: unknown type name 'uint'
145 |         uint flags;
|         ^~~~
../drivers/raw/zxdh/zxdh_rawdev.h:159:1: error: unknown type name 'uint'; did you mean 'int'?
159 | uint zxdh_gdma_read_reg(struct rte_rawdev *dev, uint16_t qidx, uint offset);
| ^~~~
| int
../drivers/raw/zxdh/zxdh_rawdev.h:159:64: error: unknown type name 'uint'; did you mean 'int'?
159 | uint zxdh_gdma_read_reg(struct rte_rawdev *dev, uint16_t qidx, uint offset);
|                                                                ^~~~
|                                                                int
../drivers/raw/zxdh/zxdh_rawdev.h:160:65: error: unknown type name 'uint'; did you mean 'int'?
160 | void zxdh_gdma_write_reg(struct rte_rawdev *dev, uint16_t qidx, uint offset, uint val);
|                                                                 ^~~~
|                                                                 int
../drivers/raw/zxdh/zxdh_rawdev.h:160:78: error: unknown type name 'uint'; did you mean 'int'?
160 | void zxdh_gdma_write_reg(struct rte_rawdev *dev, uint16_t qidx, uint offset, uint val);
|                                                                              ^~~~
|                                                                              int
==== End log output ====

FreeBSD 13.3
	Kernel: 13.3-RELEASE-p1
	Compiler: clang 17.0.6

Windows Server 2022
	Kernel: 10.0.20348.2031
	Compiler: clang 15.0.7, gcc 8.1.0 (MinGW), and MSVC VS 17.9

FreeBSD 14.1
	Kernel: 14.1
	Compiler: clang 18.1.5

Windows Server 2019
	Kernel: 10.0.17763
	Compiler: clang 14.0 and gcc 8.1.0 (MinGW)

CentOS Stream 9
	Kernel: 5.4.0-167-generic
	Compiler: gcc 11.4.1 20230605

CentOS Stream 8
	Kernel: 5.4.0-167-generic
	Compiler: gcc 8.5.0 20210514

Fedora 37
	Kernel: Depends on container host system
	Compiler: gcc 12.3.1

Debian Bullseye
	Kernel: 5.4.0-167-generic
	Compiler: gcc 10.2.1-6

Fedora 38
	Kernel: Depends on container host
	Compiler: gcc 13.2.1

openSUSE Leap 15
	Kernel: 5.4.0-167-generic
	Compiler: gcc 7.5.0

Fedora 40
	Kernel: Depends on container host
	Compiler: gcc 14.1.1

RHEL8
	Kernel: 5.4.0-167-generic
	Compiler: gcc 8.5.0 20210514 (Red Hat 8.5.0-20)

Ubuntu 20.04
	Kernel: 5.4.0-167-generic
	Compiler: gcc 9.4.0-1ubuntu1~20.04.1

RHEL9
	Kernel: Depends on container host
	Compiler: gcc 11.4.1

Ubuntu 22.04
	Kernel: 5.4.0-167-generic
	Compiler: gcc 11.4.0

Alpine
	Kernel: 5.4.0-167-generic
	Compiler: gcc (Alpine 13.2.1_git20231014) 13.2.1 20231014

Fedora 39
	Kernel: Depends on container host
	Compiler: clang 17.0.6

Debian 12
	Kernel: Container Host Kernel
	Compiler: gcc 12.2.0

Ubuntu 24.04
	Kernel: 5.4.0-167-generic
	Compiler: gcc 13.2.0

To view detailed results, visit:
https://lab.dpdk.org/results/dashboard/patchsets/30293/

UNH-IOL DPDK Community Lab

To manage your email subscriptions, visit: 
https://lab.dpdk.org/results/dashboard/preferences/subscriptions/