From: dpdklab@iol.unh.edu
To: Test Report <test-report@dpdk.org>
Cc: dpdk-test-reports@iol.unh.edu
Subject: |PENDING| pw141979 [PATCH] [v2] net/memif: fix buffer overflow in ze
Date: Sun, 30 Jun 2024 10:15:52 -0700 (PDT) [thread overview]
Message-ID: <668192c8.050a0220.c98ef.1a77SMTPIN_ADDED_MISSING@mx.google.com> (raw)
In-Reply-To: <c3a72bcb-24b0-4c42-9a07-427eadce029a@broadcom.com>
Test-Label: iol-unit-arm64-testing
Test-Status: PENDING
http://dpdk.org/patch/141979
_Testing pending_
Submitter: Mihai Brodschi <mihai.brodschi@broadcom.com>
Date: Friday, June 28 2024 21:01:29
DPDK git baseline: Repo:dpdk
Branch: master
CommitID:fbba6db3640f9f623c29c452e1a6b057073e81d2
141979 --> testing pending
Test environment and result as below:
+-----------------------------+----------------+--------------+------------------------------+---------------------------+
| Environment | dpdk_unit_test | lpm_autotest | cryptodev_sw_snow3g_autotest | cryptodev_sw_zuc_autotest |
+=============================+================+==============+==============================+===========================+
| 32-bit Ubuntu 20.04.4 (ARM) | PASS | SKIPPED | SKIPPED | SKIPPED |
+-----------------------------+----------------+--------------+------------------------------+---------------------------+
| CentOS Stream 9 (ARM) | PASS | SKIPPED | SKIPPED | SKIPPED |
+-----------------------------+----------------+--------------+------------------------------+---------------------------+
| Fedora 37 (ARM) | PASS | SKIPPED | SKIPPED | SKIPPED |
+-----------------------------+----------------+--------------+------------------------------+---------------------------+
| Debian 12 (arm) | PASS | SKIPPED | PASS | PASS |
+-----------------------------+----------------+--------------+------------------------------+---------------------------+
| Debian 11 (Buster) (ARM) | PASS | SKIPPED | SKIPPED | SKIPPED |
+-----------------------------+----------------+--------------+------------------------------+---------------------------+
| Fedora 39 (ARM) | PASS | SKIPPED | SKIPPED | SKIPPED |
+-----------------------------+----------------+--------------+------------------------------+---------------------------+
| Fedora 38 (ARM) | PASS | SKIPPED | SKIPPED | SKIPPED |
+-----------------------------+----------------+--------------+------------------------------+---------------------------+
| Fedora 38 (ARM Clang) | PASS | SKIPPED | SKIPPED | SKIPPED |
+-----------------------------+----------------+--------------+------------------------------+---------------------------+
| Fedora 39 (ARM Clang) | PASS | SKIPPED | SKIPPED | SKIPPED |
+-----------------------------+----------------+--------------+------------------------------+---------------------------+
| Fedora 40 (ARM) | PASS | SKIPPED | SKIPPED | SKIPPED |
+-----------------------------+----------------+--------------+------------------------------+---------------------------+
| Fedora 40 (ARM Clang) | PASS | SKIPPED | SKIPPED | SKIPPED |
+-----------------------------+----------------+--------------+------------------------------+---------------------------+
| Ubuntu 20.04 (ARM) | PASS | SKIPPED | SKIPPED | SKIPPED |
+-----------------------------+----------------+--------------+------------------------------+---------------------------+
| Ubuntu 24.04 (ARM) | PEND | SKIPPED | SKIPPED | SKIPPED |
+-----------------------------+----------------+--------------+------------------------------+---------------------------+
| RHEL9 (ARM) | PASS | SKIPPED | SKIPPED | SKIPPED |
+-----------------------------+----------------+--------------+------------------------------+---------------------------+
| Ubuntu 22.04 (ARM) | PEND | SKIPPED | SKIPPED | SKIPPED |
+-----------------------------+----------------+--------------+------------------------------+---------------------------+
| Ubuntu 20.04 ARM SVE | SKIPPED | PASS | SKIPPED | SKIPPED |
+-----------------------------+----------------+--------------+------------------------------+---------------------------+
32-bit Ubuntu 20.04.4 (ARM)
Kernel: 5.4.0-155-generic aarch64
Compiler: gcc 9.4
CentOS Stream 9 (ARM)
Kernel: Container Host Kernel
Compiler: gcc 11.4.1
Fedora 37 (ARM)
Kernel: Depends on container host
Compiler: gcc 12.3.1
Debian 12 (arm)
Kernel: Container Host Kernel
Compiler: gcc 12.2.0
Debian 11 (Buster) (ARM)
Kernel: Container Host Kernel
Compiler: gcc 10.2.1
Fedora 39 (ARM)
Kernel: Depends on container host
Compiler: gcc 13.2.1
Fedora 38 (ARM)
Kernel: Depends on container host
Compiler: gcc 13.2.1
Fedora 38 (ARM Clang)
Kernel: Depends on container host
Compiler: clang 16.0.6
Fedora 39 (ARM Clang)
Kernel: Depends on container host
Compiler: clang 17.0.6
Fedora 40 (ARM)
Kernel: Depends on container host
Compiler: gcc 14.1.1
Fedora 40 (ARM Clang)
Kernel: Depends on container host
Compiler: clang 18.1.6
Ubuntu 20.04 (ARM)
Kernel: Container Host Kernel
Compiler: gcc 9.4.0
Ubuntu 24.04 (ARM)
Kernel: 5.4.0-167-generic
Compiler: gcc 13.2.0
RHEL9 (ARM)
Kernel: Depends on container host
Compiler: gcc 11.4.1
Ubuntu 22.04 (ARM)
Kernel: Container Host Kernel
Compiler: gcc 11.4.0
Ubuntu 20.04 ARM SVE
Kernel: 5.4.0-167-generic
Compiler: gcc (Ubuntu 10.5.0-1ubuntu1~20.04) 10.5.0
To view detailed results, visit:
https://lab.dpdk.org/results/dashboard/patchsets/30353/
UNH-IOL DPDK Community Lab
To manage your email subscriptions, visit:
https://lab.dpdk.org/results/dashboard/preferences/subscriptions/
next prev parent reply other threads:[~2024-06-30 17:15 UTC|newest]
Thread overview: 114+ messages / expand[flat|nested] mbox.gz Atom feed top
[not found] <c3a72bcb-24b0-4c42-9a07-427eadce029a@broadcom.com>
2024-06-28 20:35 ` |SUCCESS| pw141979 [PATCH v2] net/memif: fix buffer overflow in zero copy Rx qemudev
2024-06-28 20:39 ` qemudev
2024-06-28 21:02 ` |WARNING| " checkpatch
2024-06-28 22:05 ` |SUCCESS| " 0-day Robot
2024-06-30 13:15 ` |PENDING| pw141979 [PATCH] [v2] net/memif: fix buffer overflow in ze dpdklab
2024-06-30 13:18 ` |SUCCESS| " dpdklab
2024-06-30 13:20 ` dpdklab
2024-06-30 13:20 ` dpdklab
2024-06-30 13:22 ` dpdklab
2024-06-30 13:23 ` dpdklab
2024-06-30 13:24 ` |PENDING| " dpdklab
2024-06-30 13:24 ` |SUCCESS| " dpdklab
2024-06-30 13:25 ` dpdklab
2024-06-30 13:26 ` |PENDING| " dpdklab
2024-06-30 13:26 ` |SUCCESS| " dpdklab
2024-06-30 13:27 ` dpdklab
2024-06-30 13:27 ` |PENDING| " dpdklab
2024-06-30 13:28 ` dpdklab
2024-06-30 13:28 ` |SUCCESS| " dpdklab
2024-06-30 13:30 ` |PENDING| " dpdklab
2024-06-30 13:31 ` dpdklab
2024-06-30 13:31 ` dpdklab
2024-06-30 13:33 ` dpdklab
2024-06-30 13:35 ` |SUCCESS| " dpdklab
2024-06-30 13:35 ` |PENDING| " dpdklab
2024-06-30 13:39 ` dpdklab
2024-06-30 13:39 ` dpdklab
2024-06-30 13:40 ` |SUCCESS| " dpdklab
2024-06-30 13:40 ` |PENDING| " dpdklab
2024-06-30 13:40 ` dpdklab
2024-06-30 13:43 ` dpdklab
2024-06-30 13:44 ` dpdklab
2024-06-30 13:45 ` dpdklab
2024-06-30 13:45 ` |FAILURE| " dpdklab
2024-06-30 13:46 ` |PENDING| " dpdklab
2024-06-30 13:48 ` |SUCCESS| " dpdklab
2024-06-30 13:48 ` |PENDING| " dpdklab
2024-06-30 13:50 ` dpdklab
2024-06-30 13:50 ` dpdklab
2024-06-30 13:50 ` dpdklab
2024-06-30 13:53 ` dpdklab
2024-06-30 13:54 ` dpdklab
2024-06-30 13:56 ` |SUCCESS| " dpdklab
2024-06-30 14:02 ` |PENDING| " dpdklab
2024-06-30 14:05 ` dpdklab
2024-06-30 14:12 ` dpdklab
2024-06-30 14:13 ` dpdklab
2024-06-30 14:13 ` dpdklab
2024-06-30 14:16 ` dpdklab
2024-06-30 14:21 ` dpdklab
2024-06-30 14:21 ` dpdklab
2024-06-30 14:23 ` dpdklab
2024-06-30 14:24 ` dpdklab
2024-06-30 14:25 ` dpdklab
2024-06-30 14:26 ` dpdklab
2024-06-30 14:27 ` dpdklab
2024-06-30 14:29 ` dpdklab
2024-06-30 14:33 ` dpdklab
2024-06-30 14:35 ` dpdklab
2024-06-30 14:35 ` dpdklab
2024-06-30 14:37 ` dpdklab
2024-06-30 14:38 ` dpdklab
2024-06-30 14:41 ` dpdklab
2024-06-30 14:41 ` dpdklab
2024-06-30 14:42 ` dpdklab
2024-06-30 14:43 ` dpdklab
2024-06-30 14:43 ` dpdklab
2024-06-30 14:45 ` dpdklab
2024-06-30 14:48 ` dpdklab
2024-06-30 14:48 ` dpdklab
2024-06-30 14:50 ` |SUCCESS| " dpdklab
2024-06-30 14:51 ` |PENDING| " dpdklab
2024-06-30 14:52 ` dpdklab
2024-06-30 14:54 ` |SUCCESS| " dpdklab
2024-06-30 14:55 ` |PENDING| " dpdklab
2024-06-30 14:56 ` dpdklab
2024-06-30 14:56 ` dpdklab
2024-06-30 14:57 ` dpdklab
2024-06-30 14:57 ` dpdklab
2024-06-30 14:59 ` dpdklab
2024-06-30 15:00 ` dpdklab
2024-06-30 15:01 ` dpdklab
2024-06-30 15:02 ` dpdklab
2024-06-30 15:03 ` dpdklab
2024-06-30 15:06 ` dpdklab
2024-06-30 15:07 ` dpdklab
2024-06-30 15:07 ` dpdklab
2024-06-30 15:08 ` dpdklab
2024-06-30 15:09 ` dpdklab
2024-06-30 15:09 ` dpdklab
2024-06-30 15:09 ` dpdklab
2024-06-30 15:12 ` dpdklab
2024-06-30 15:13 ` dpdklab
2024-06-30 15:16 ` dpdklab
2024-06-30 15:22 ` dpdklab
2024-06-30 15:23 ` dpdklab
2024-06-30 15:24 ` dpdklab
2024-06-30 15:26 ` dpdklab
2024-06-30 15:27 ` |SUCCESS| " dpdklab
2024-06-30 15:35 ` |PENDING| " dpdklab
2024-06-30 15:42 ` dpdklab
2024-06-30 15:45 ` dpdklab
2024-06-30 16:15 ` dpdklab
2024-06-30 16:17 ` dpdklab
2024-06-30 16:43 ` dpdklab
2024-06-30 16:48 ` dpdklab
2024-06-30 16:52 ` dpdklab
2024-06-30 16:57 ` |SUCCESS| " dpdklab
2024-06-30 17:00 ` |PENDING| " dpdklab
2024-06-30 17:07 ` dpdklab
2024-06-30 17:15 ` dpdklab [this message]
2024-06-30 17:31 ` dpdklab
2024-06-30 17:37 ` |SUCCESS| " dpdklab
2024-07-01 14:27 ` dpdklab
Reply instructions:
You may reply publicly to this message via plain-text email
using any one of the following methods:
* Save the following mbox file, import it into your mail client,
and reply-to-all from there: mbox
Avoid top-posting and favor interleaved quoting:
https://en.wikipedia.org/wiki/Posting_style#Interleaved_style
* Reply using the --to, --cc, and --in-reply-to
switches of git-send-email(1):
git send-email \
--in-reply-to=668192c8.050a0220.c98ef.1a77SMTPIN_ADDED_MISSING@mx.google.com \
--to=dpdklab@iol.unh.edu \
--cc=dpdk-test-reports@iol.unh.edu \
--cc=test-report@dpdk.org \
/path/to/YOUR_REPLY
https://kernel.org/pub/software/scm/git/docs/git-send-email.html
* If your mail client supports setting the In-Reply-To header
via mailto: links, try the mailto: link
Be sure your reply has a Subject: header at the top and a blank line
before the message body.
This is a public inbox, see mirroring instructions
for how to clone and mirror all data and code used for this inbox;
as well as URLs for NNTP newsgroup(s).