From mboxrd@z Thu Jan  1 00:00:00 1970
Return-Path: <test-report-bounces@dpdk.org>
Received: from mails.dpdk.org (mails.dpdk.org [217.70.189.124])
	by inbox.dpdk.org (Postfix) with ESMTP id 21AEC45561
	for <public@inbox.dpdk.org>; Wed,  3 Jul 2024 15:06:15 +0200 (CEST)
Received: from mails.dpdk.org (localhost [127.0.0.1])
	by mails.dpdk.org (Postfix) with ESMTP id 1EFAC40E0F;
	Wed,  3 Jul 2024 15:06:15 +0200 (CEST)
Received: from mail-pj1-f97.google.com (mail-pj1-f97.google.com
 [209.85.216.97]) by mails.dpdk.org (Postfix) with ESMTP id 391144029E
 for <test-report@dpdk.org>; Wed,  3 Jul 2024 15:06:13 +0200 (CEST)
Received: by mail-pj1-f97.google.com with SMTP id
 98e67ed59e1d1-2bfdae7997aso3509165a91.2
 for <test-report@dpdk.org>; Wed, 03 Jul 2024 06:06:13 -0700 (PDT)
DKIM-Signature: v=1; a=rsa-sha256; c=relaxed/relaxed;
 d=iol.unh.edu; s=unh-iol; t=1720011972; x=1720616772; darn=dpdk.org;
 h=references:in-reply-to:cc:to:from:subject:message-id:date:from:to
 :cc:subject:date:message-id:reply-to;
 bh=0Wbi3H+OhUG5JEYOzVPSLJsWzM7zkwEUvlSAT1/b+cQ=;
 b=boEUD23Ve5xrMofEMSsg9o9d5gYwFw/LsHoEWlUD99GhWDv99QwSB4Mx5Z7fTZJxYy
 lYZesSh6fft9+sPWqXdG7AgbKGdaBTmcDtl8CRHBaGZne8YVC7RnFtzfXm0L1K9FqVca
 TUuP0Sp1auKo+LnjPIiE4v+Dvef7+Tykx/cW0=
X-Google-DKIM-Signature: v=1; a=rsa-sha256; c=relaxed/relaxed;
 d=1e100.net; s=20230601; t=1720011972; x=1720616772;
 h=references:in-reply-to:cc:to:from:subject:message-id:date
 :x-gm-message-state:from:to:cc:subject:date:message-id:reply-to;
 bh=0Wbi3H+OhUG5JEYOzVPSLJsWzM7zkwEUvlSAT1/b+cQ=;
 b=mIpLPxcJ1Oz4TFvdEd3LA1F95q9teg1GuSF600+P3k0n/vozDQjsG036fRbvipEMvK
 k95Hlf2V0hEtEZQYdJVc2U1H9oZRgaxmwKNf0qCLL4HJBGvuCzGobJxbScX0MSW0e4le
 ix5GxJDvubUMSm7766pVDUkFAQZPWHFTnlfoeeQF01bbFAqjidYFOIK9DY5aLUsiN9mx
 KNPFjSPQMsj4Hn5/VAlv4yxQ3JmsQBtJAD1tJPlQDWK+N6TBa8gnZlvV1qbSd8kQ2tvc
 SnplxukXy6L+kBRttzSm0oqhoCthHiplSt23sLos8ZMgxAY1l12fEthvvp/EyYcEJs/y
 DLmw==
X-Gm-Message-State: AOJu0Yw7XC4sAHaTLp2A65dLQVHv7zsBN81aOxXzXdEaGlKNzCVCFXrt
 hw++81cKDtEX5Ax4VjdWv4zmPu0+4U5pHqCOAdQMi2ralGrMFPM4Be1+ci3hC27E910F6kXKJ8F
 dRUCoOywB3JwwOLqI9mCuz7JKyUVbUnvxiNX7GVAwRyGdWM7M
X-Google-Smtp-Source: AGHT+IGsa9VIVdQ7QmHVE5nH8MFMjzG6piHS459GkCp5fPJmLhcYo2XuyZLzSEPIwx6J6UUJO0XmZRECrlSo
X-Received: by 2002:a17:90b:1245:b0:2bf:7eb7:373b with SMTP id
 98e67ed59e1d1-2c93d771ce7mr6848519a91.33.1720011972278; 
 Wed, 03 Jul 2024 06:06:12 -0700 (PDT)
Received: from postal.iol.unh.edu (postal.iol.unh.edu.
 [2606:4100:3880:1234::84]) by smtp-relay.gmail.com with ESMTPS id
 98e67ed59e1d1-2c91d3b6a82sm544122a91.14.2024.07.03.06.06.12
 (version=TLS1_2 cipher=ECDHE-ECDSA-AES128-GCM-SHA256 bits=128/128);
 Wed, 03 Jul 2024 06:06:12 -0700 (PDT)
X-Relaying-Domain: iol.unh.edu
Date: Wed, 03 Jul 2024 06:06:12 -0700 (PDT)
Message-ID: <66854cc4.170a0220.77584.8a54SMTPIN_ADDED_MISSING@mx.google.com>
Received: from [172.21.0.9] (unknown [172.18.0.240])
 by postal.iol.unh.edu (Postfix) with ESMTP id 6182860526E2;
 Wed,  3 Jul 2024 09:06:11 -0400 (EDT)
Subject: |FAILURE| pw142057 [PATCH] vfio: combine container_create and group_
From: dpdklab@iol.unh.edu
To: Test Report <test-report@dpdk.org>
Cc: dpdk-test-reports@iol.unh.edu, BillXiang <xiangwencheng@dayudpu.com>
In-Reply-To: <20240703054124.89490-1-xiangwencheng@dayudpu.com>
References: <20240703054124.89490-1-xiangwencheng@dayudpu.com>
Content-Type: text/plain
X-BeenThere: test-report@dpdk.org
X-Mailman-Version: 2.1.29
Precedence: list
List-Id: automatic DPDK test reports <test-report.dpdk.org>
List-Unsubscribe: <https://mails.dpdk.org/options/test-report>,
 <mailto:test-report-request@dpdk.org?subject=unsubscribe>
List-Archive: <http://mails.dpdk.org/archives/test-report/>
List-Post: <mailto:test-report@dpdk.org>
List-Help: <mailto:test-report-request@dpdk.org?subject=help>
List-Subscribe: <https://mails.dpdk.org/listinfo/test-report>,
 <mailto:test-report-request@dpdk.org?subject=subscribe>
Errors-To: test-report-bounces@dpdk.org

Test-Label: iol-compile-amd64-testing
Test-Status: FAILURE
http://dpdk.org/patch/142057

_Testing issues_

Submitter: BillXiang <xiangwencheng@dayudpu.com>
Date: Wednesday, July 03 2024 05:41:24 
DPDK git baseline: Repo:dpdk
  Branch: master
  CommitID:c15902587b538ff02cfb0fbb4dd481f1503d936b

142057 --> testing issues

Test environment and result as below:

+---------------------+--------------------+----------------------+-------------------+------------------+-------------------+
|     Environment     | dpdk_meson_compile | dpdk_mingw64_compile | dpdk_msvc_compile | dpdk_compile_ovs | dpdk_compile_spdk |
+=====================+====================+======================+===================+==================+===================+
| Windows Server 2022 | FAIL               | PASS                 | FAIL              | SKIPPED          | SKIPPED           |
+---------------------+--------------------+----------------------+-------------------+------------------+-------------------+
| FreeBSD 13.3        | PASS               | SKIPPED              | SKIPPED           | SKIPPED          | SKIPPED           |
+---------------------+--------------------+----------------------+-------------------+------------------+-------------------+
| FreeBSD 14.1        | PASS               | SKIPPED              | SKIPPED           | SKIPPED          | SKIPPED           |
+---------------------+--------------------+----------------------+-------------------+------------------+-------------------+
| CentOS Stream 8     | PASS               | SKIPPED              | SKIPPED           | PASS             | PASS              |
+---------------------+--------------------+----------------------+-------------------+------------------+-------------------+
| CentOS Stream 9     | PASS               | SKIPPED              | SKIPPED           | PASS             | PASS              |
+---------------------+--------------------+----------------------+-------------------+------------------+-------------------+
| Debian Bullseye     | PASS               | SKIPPED              | SKIPPED           | PASS             | PASS              |
+---------------------+--------------------+----------------------+-------------------+------------------+-------------------+
| Debian 12           | PASS               | SKIPPED              | SKIPPED           | PASS             | PASS              |
+---------------------+--------------------+----------------------+-------------------+------------------+-------------------+
| Fedora 37           | PEND               | SKIPPED              | SKIPPED           | PEND             | PEND              |
+---------------------+--------------------+----------------------+-------------------+------------------+-------------------+
| Fedora 38 (Clang)   | PEND               | SKIPPED              | SKIPPED           | PEND             | PEND              |
+---------------------+--------------------+----------------------+-------------------+------------------+-------------------+
| Fedora 38           | PASS               | SKIPPED              | SKIPPED           | PASS             | PASS              |
+---------------------+--------------------+----------------------+-------------------+------------------+-------------------+
| Fedora 39 (Clang)   | PEND               | SKIPPED              | SKIPPED           | PEND             | PEND              |
+---------------------+--------------------+----------------------+-------------------+------------------+-------------------+
| Fedora 39           | PEND               | SKIPPED              | SKIPPED           | PEND             | PEND              |
+---------------------+--------------------+----------------------+-------------------+------------------+-------------------+
| Fedora 40 (Clang)   | PEND               | SKIPPED              | SKIPPED           | PEND             | PEND              |
+---------------------+--------------------+----------------------+-------------------+------------------+-------------------+
| Fedora 40           | PASS               | SKIPPED              | SKIPPED           | PASS             | PASS              |
+---------------------+--------------------+----------------------+-------------------+------------------+-------------------+
| openSUSE Leap 15    | PEND               | SKIPPED              | SKIPPED           | PEND             | SKIPPED           |
+---------------------+--------------------+----------------------+-------------------+------------------+-------------------+
| RHEL8               | PASS               | SKIPPED              | SKIPPED           | PASS             | SKIPPED           |
+---------------------+--------------------+----------------------+-------------------+------------------+-------------------+
| RHEL9               | PASS               | SKIPPED              | SKIPPED           | PASS             | SKIPPED           |
+---------------------+--------------------+----------------------+-------------------+------------------+-------------------+
| Ubuntu 20.04        | PEND               | SKIPPED              | SKIPPED           | PEND             | SKIPPED           |
+---------------------+--------------------+----------------------+-------------------+------------------+-------------------+
| Ubuntu 22.04        | PEND               | SKIPPED              | SKIPPED           | PEND             | PEND              |
+---------------------+--------------------+----------------------+-------------------+------------------+-------------------+
| Ubuntu 24.04        | PEND               | SKIPPED              | SKIPPED           | PEND             | PEND              |
+---------------------+--------------------+----------------------+-------------------+------------------+-------------------+
| Alpine              | PEND               | SKIPPED              | SKIPPED           | PEND             | SKIPPED           |
+---------------------+--------------------+----------------------+-------------------+------------------+-------------------+

==== 20 line log output for Windows Server 2022 (dpdk_msvc_compile): ====
�[�7�2�/�9�3�]� �G�e�n�e�r�a�t�i�n�g� �r�t�e�_�t�i�m�e�r�_�d�e�f� �w�i�t�h� �a� �c�u�s�t�o�m� �c�o�m�m�a�n�d�
�
�[�7�3�/�9�3�]� �G�e�n�e�r�a�t�i�n�g� �r�t�e�_�m�e�t�e�r�_�d�e�f� �w�i�t�h� �a� �c�u�s�t�o�m� �c�o�m�m�a�n�d�
�
�[�7�4�/�9�3�]� �C�o�m�p�i�l�i�n�g� �C� �o�b�j�e�c�t� �l�i�b�/�l�i�b�r�t�e�_�r�i�n�g�.�a�.�p�/�r�i�n�g�_�r�t�e�_�r�i�n�g�.�c�.�o�b�j�
�
�[�7�5�/�9�3�]� �C�o�m�p�i�l�i�n�g� �C� �o�b�j�e�c�t� �l�i�b�/�l�i�b�r�t�e�_�e�a�l�.�a�.�p�/�e�a�l�_�x�8�6�_�r�t�e�_�p�o�w�e�r�_�i�n�t�r�i�n�s�i�c�s�.�c�.�o�b�j�
�
�[�7�6�/�9�3�]� �G�e�n�e�r�a�t�i�n�g� �r�t�e�_�p�c�i�_�d�e�f� �w�i�t�h� �a� �c�u�s�t�o�m� �c�o�m�m�a�n�d�
�
�[�7�7�/�9�3�]� �L�i�n�k�i�n�g� �s�t�a�t�i�c� �t�a�r�g�e�t� �l�i�b�/�l�i�b�r�t�e�_�m�e�t�e�r�.�a�
�
�[�7�8�/�9�3�]� �L�i�n�k�i�n�g� �s�t�a�t�i�c� �t�a�r�g�e�t� �l�i�b�/�l�i�b�r�t�e�_�r�i�n�g�.�a�
�
�[�7�9�/�9�3�]� �C�o�m�p�i�l�i�n�g� �C� �o�b�j�e�c�t� �l�i�b�/�l�i�b�r�t�e�_�p�c�i�.�a�.�p�/�p�c�i�_�r�t�e�_�p�c�i�.�c�.�o�b�j�
�
�[�8�0�/�9�3�]� �G�e�n�e�r�a�t�i�n�g� �r�t�e�_�c�f�g�f�i�l�e�_�d�e�f� �w�i�t�h� �a� �c�u�s�t�o�m� �c�o�m�m�a�n�d�
�
�[�8�1�/�9�3�]� �L�i�n�k�i�n�g� �t�a�r�g�e�t� �l�i�b�/�r�t�e�_�e�a�l�-�2�4�.�d�l�l�
�
�F�A�I�L�E�D�:� �l�i�b�/�r�t�e�_�e�a�l�-�2�4�.�d�l�l� �
�
�"�l�i�n�k�"� �@�l�i�b�/�r�t�e�_�e�a�l�-�2�4�.�d�l�l�.�r�s�p�
�
�r�t�e�_�e�a�l�_�e�x�p�o�r�t�s�.�d�e�f� �:� �e�r�r�o�r� �L�N�K�2�0�0�1�:� �u�n�r�e�s�o�l�v�e�d� �e�x�t�e�r�n�a�l� �s�y�m�b�o�l� �r�t�e�_�v�f�i�o�_�g�e�t�_�f�d�
�
�l�i�b�\�r�t�e�_�e�a�l�.�l�i�b� �:� �f�a�t�a�l� �e�r�r�o�r� �L�N�K�1�1�2�0�:� �1� �u�n�r�e�s�o�l�v�e�d� �e�x�t�e�r�n�a�l�s�
�
�[�8�2�/�9�3�]� �L�i�n�k�i�n�g� �s�t�a�t�i�c� �t�a�r�g�e�t� �l�i�b�/�l�i�b�r�t�e�_�e�a�l�.�a�
�
�[�8�3�/�9�3�]� �L�i�n�k�i�n�g� �s�t�a�t�i�c� �t�a�r�g�e�t� �l�i�b�/�l�i�b�r�t�e�_�p�c�i�.�a�
�
�[�8�4�/�9�3�]� �C�o�m�p�i�l�i�n�g� �C� �o�b�j�e�c�t� �l�i�b�/�l�i�b�r�t�e�_�c�f�g�f�i�l�e�.�a�.�p�/�c�f�g�f�i�l�e�_�r�t�e�_�c�f�g�f�i�l�e�.�c�.�o�b�j�
�
�[�8�5�/�9�3�]� �C�o�m�p�i�l�i�n�g� �C� �o�b�j�e�c�t� �l�i�b�/�l�i�b�r�t�e�_�t�i�m�e�r�.�a�.�p�/�t�i�m�e�r�_�r�t�e�_�t�i�m�e�r�.�c�.�o�b�j�
�
�n�i�n�j�a�:� �b�u�i�l�d� �s�t�o�p�p�e�d�:� �s�u�b�c�o�m�m�a�n�d� �f�a�i�l�e�d�.�
�
�
==== End log output ====

Windows Server 2022
	Kernel: 10.0.20348.2031
	Compiler: clang 15.0.7, gcc 8.1.0 (MinGW), and MSVC VS 17.9

FreeBSD 13.3
	Kernel: 13.3-RELEASE-p1
	Compiler: clang 17.0.6

FreeBSD 14.1
	Kernel: 14.1
	Compiler: clang 18.1.5

CentOS Stream 8
	Kernel: 5.4.0-167-generic
	Compiler: gcc 8.5.0 20210514

CentOS Stream 9
	Kernel: 5.4.0-167-generic
	Compiler: gcc 11.4.1 20230605

Debian Bullseye
	Kernel: 5.4.0-167-generic
	Compiler: gcc 10.2.1-6

Debian 12
	Kernel: Container Host Kernel
	Compiler: gcc 12.2.0

Fedora 37
	Kernel: Depends on container host system
	Compiler: gcc 12.3.1

Fedora 38 (Clang)
	Kernel: Depends on container host
	Compiler: clang 16.0.6

Fedora 38
	Kernel: Depends on container host
	Compiler: gcc 13.2.1

Fedora 39 (Clang)
	Kernel: Depends on container host
	Compiler: clang 17.0.6

Fedora 39
	Kernel: Depends on container host
	Compiler: gcc 13.2.1

Fedora 40 (Clang)
	Kernel: Depends on container host
	Compiler: clang 18.1.6

Fedora 40
	Kernel: Depends on container host
	Compiler: gcc 14.1.1

openSUSE Leap 15
	Kernel: 5.4.0-167-generic
	Compiler: gcc 7.5.0

RHEL8
	Kernel: 5.4.0-167-generic
	Compiler: gcc 8.5.0 20210514 (Red Hat 8.5.0-20)

RHEL9
	Kernel: Depends on container host
	Compiler: gcc 11.4.1

Ubuntu 20.04
	Kernel: 5.4.0-167-generic
	Compiler: gcc 9.4.0-1ubuntu1~20.04.1

Ubuntu 22.04
	Kernel: 5.4.0-167-generic
	Compiler: gcc 11.4.0

Ubuntu 24.04
	Kernel: 5.4.0-167-generic
	Compiler: gcc 13.2.0

Alpine
	Kernel: 5.4.0-167-generic
	Compiler: gcc (Alpine 13.2.1_git20231014) 13.2.1 20231014

To view detailed results, visit:
https://lab.dpdk.org/results/dashboard/patchsets/30394/

UNH-IOL DPDK Community Lab

To manage your email subscriptions, visit: 
https://lab.dpdk.org/results/dashboard/preferences/subscriptions/