From mboxrd@z Thu Jan  1 00:00:00 1970
Return-Path: <test-report-bounces@dpdk.org>
Received: from mails.dpdk.org (mails.dpdk.org [217.70.189.124])
	by inbox.dpdk.org (Postfix) with ESMTP id 9FEBC45564
	for <public@inbox.dpdk.org>; Wed,  3 Jul 2024 23:23:59 +0200 (CEST)
Received: from mails.dpdk.org (localhost [127.0.0.1])
	by mails.dpdk.org (Postfix) with ESMTP id 9E1D340E96;
	Wed,  3 Jul 2024 23:23:59 +0200 (CEST)
Received: from mail-il1-f227.google.com (mail-il1-f227.google.com
 [209.85.166.227])
 by mails.dpdk.org (Postfix) with ESMTP id 218054064E
 for <test-report@dpdk.org>; Wed,  3 Jul 2024 23:23:58 +0200 (CEST)
Received: by mail-il1-f227.google.com with SMTP id
 e9e14a558f8ab-375d22e537cso14287215ab.2
 for <test-report@dpdk.org>; Wed, 03 Jul 2024 14:23:58 -0700 (PDT)
DKIM-Signature: v=1; a=rsa-sha256; c=relaxed/relaxed;
 d=iol.unh.edu; s=unh-iol; t=1720041837; x=1720646637; darn=dpdk.org;
 h=references:in-reply-to:cc:to:from:subject:message-id:date:from:to
 :cc:subject:date:message-id:reply-to;
 bh=qsqmzueKabXpQWOkJaNIf1dNzcwoQga4N56cpnMIX50=;
 b=K4ozyqtv1IVzEm6bP5O0dPy0ngfC2jjBhyoSAgNa/BoRLkoxZVgkEoPj8XIG2WMkHE
 3/DcKYv3yJ0SdztPsENXZjx+FZ/m/HsVaacQLGF/GNl9Ax01vK47zjWlyBm7fbQ4SmmZ
 SUDu61txSt45Geclks5Ioyfh8BOSQf6Vgw0Yw=
X-Google-DKIM-Signature: v=1; a=rsa-sha256; c=relaxed/relaxed;
 d=1e100.net; s=20230601; t=1720041837; x=1720646637;
 h=references:in-reply-to:cc:to:from:subject:message-id:date
 :x-gm-message-state:from:to:cc:subject:date:message-id:reply-to;
 bh=qsqmzueKabXpQWOkJaNIf1dNzcwoQga4N56cpnMIX50=;
 b=AARxt3dkI8JaSvIYGE4GDW/rlPwbaKVEbDW/vGbnEEzhB+oq5rjS2qm4qqn8S5gYAb
 xDwqtEh5Xl3ljjBDMl48wW639Pzp2Dq4+2dcLEWP1Qb2DkmNsZ1OlIjjIjECfa4Rlkhc
 o0h1Rd8rZpTiyCIFbXwRQYoT2ML6PsdBjVPdtWRo1iI0wheyWiwiKwnuHH/cQcG2IdzC
 uHurItM7jBPpXdA6M4abfOcuh+OYr/1JmZ5thH8+F0RZ1d/+VZRABttuMNMixHYxAgXA
 sHCDHFERM1WMVKi9SNlOzV0R6dKPk44pzKY7HPkjdcud3+GU2BkH5Rt3Uo7iJBhCb9FC
 NRQA==
X-Gm-Message-State: AOJu0Yw2Sq3UYhNzDIp/psn7VPEmnfLygVA+bXtJZuXnOII6Nnbp1VEY
 hpdaQycF0BU/xduCK/s8OCKdIVM3N8vIequPIGhHuPW5ZzsGRbQEAxDan23GoDyhCL06/Ts6Upf
 NAL4/84twrZ2csMQWj4WjBb/RZFe3m1gEumQ8FqPyRWG0pZnvjUampShD
X-Google-Smtp-Source: AGHT+IFEfYeI7qRx28nuhMgW1mmhwlS31YaAY6LLcxwSkUC7Dat+PyBrzGGlB81GOZROTKMViM4xP8aTCxBl
X-Received: by 2002:a92:c56b:0:b0:375:9c7e:d09 with SMTP id
 e9e14a558f8ab-37cd0aff791mr172850945ab.7.1720041837398; 
 Wed, 03 Jul 2024 14:23:57 -0700 (PDT)
Received: from postal.iol.unh.edu (postal.iol.unh.edu.
 [2606:4100:3880:1234::84]) by smtp-relay.gmail.com with ESMTPS id
 e9e14a558f8ab-37ad4651953sm5420645ab.63.2024.07.03.14.23.57
 (version=TLS1_2 cipher=ECDHE-ECDSA-AES128-GCM-SHA256 bits=128/128);
 Wed, 03 Jul 2024 14:23:57 -0700 (PDT)
X-Relaying-Domain: iol.unh.edu
Date: Wed, 03 Jul 2024 14:23:57 -0700 (PDT)
Message-ID: <6685c16d.050a0220.24287.9e6fSMTPIN_ADDED_MISSING@mx.google.com>
Received: from [172.17.0.3] (unknown [172.18.0.217])
 by postal.iol.unh.edu (Postfix) with ESMTP id D57AA605C351;
 Wed,  3 Jul 2024 17:23:56 -0400 (EDT)
Subject: |FAILURE| pw142074-142081 [PATCH] [8/8] mempool/dpaax: cache free op
From: dpdklab@iol.unh.edu
To: Test Report <test-report@dpdk.org>
Cc: dpdk-test-reports@iol.unh.edu, None <vanshika.shukla@nxp.com>
In-Reply-To: <20240703111644.1523242-9-vanshika.shukla@nxp.com>
References: <20240703111644.1523242-9-vanshika.shukla@nxp.com>
Content-Type: text/plain
X-BeenThere: test-report@dpdk.org
X-Mailman-Version: 2.1.29
Precedence: list
List-Id: automatic DPDK test reports <test-report.dpdk.org>
List-Unsubscribe: <https://mails.dpdk.org/options/test-report>,
 <mailto:test-report-request@dpdk.org?subject=unsubscribe>
List-Archive: <http://mails.dpdk.org/archives/test-report/>
List-Post: <mailto:test-report@dpdk.org>
List-Help: <mailto:test-report-request@dpdk.org?subject=help>
List-Subscribe: <https://mails.dpdk.org/listinfo/test-report>,
 <mailto:test-report-request@dpdk.org?subject=subscribe>
Errors-To: test-report-bounces@dpdk.org

Test-Label: iol-unit-amd64-testing
Test-Status: FAILURE
http://dpdk.org/patch/142081

_Testing issues_

Submitter: None <vanshika.shukla@nxp.com>
Date: Wednesday, July 03 2024 11:16:44 
DPDK git baseline: Repo:dpdk
  Branch: master
  CommitID:fbba6db3640f9f623c29c452e1a6b057073e81d2

142074-142081 --> testing issues

Test environment and result as below:

+-------------------+----------------+
|    Environment    | dpdk_unit_test |
+===================+================+
| CentOS Stream 8   | FAIL           |
+-------------------+----------------+
| Debian Bullseye   | FAIL           |
+-------------------+----------------+
| CentOS Stream 9   | PASS           |
+-------------------+----------------+
| Fedora 37         | PEND           |
+-------------------+----------------+
| Fedora 38 (Clang) | PASS           |
+-------------------+----------------+
| Fedora 38         | PASS           |
+-------------------+----------------+
| Fedora 39         | PEND           |
+-------------------+----------------+
| Fedora 39 (Clang) | PEND           |
+-------------------+----------------+
| Fedora 40         | PEND           |
+-------------------+----------------+
| Fedora 40 (Clang) | PEND           |
+-------------------+----------------+
| openSUSE Leap 15  | PEND           |
+-------------------+----------------+
| RHEL8             | PEND           |
+-------------------+----------------+
| RHEL9             | PEND           |
+-------------------+----------------+
| Ubuntu 20.04      | PEND           |
+-------------------+----------------+
| Ubuntu 22.04      | PEND           |
+-------------------+----------------+
| Ubuntu 24.04      | PEND           |
+-------------------+----------------+
| Debian 12         | PEND           |
+-------------------+----------------+

==== 20 line log output for Debian Bullseye (dpdk_unit_test): ====
[1308/2866] Compiling C object 'drivers/a715181@@tmp_rte_net_cxgbe@sta/net_cxgbe_cxgbe_filter.c.o'.
[1309/2866] Compiling C object 'drivers/a715181@@tmp_rte_net_cxgbe@sta/net_cxgbe_sge.c.o'.
[1310/2866] Compiling C object 'drivers/a715181@@tmp_rte_net_cxgbe@sta/net_cxgbe_mps_tcam.c.o'.
[1311/2866] Compiling C object 'drivers/a715181@@tmp_rte_net_cxgbe@sta/net_cxgbe_l2t.c.o'.
[1312/2866] Compiling C object 'drivers/a715181@@tmp_rte_net_cxgbe@sta/net_cxgbe_smt.c.o'.
[1313/2866] Compiling C object 'drivers/a715181@@tmp_rte_net_cxgbe@sta/net_cxgbe_base_t4_hw.c.o'.
[1314/2866] Compiling C object 'drivers/a715181@@tmp_rte_net_cxgbe@sta/net_cxgbe_base_t4vf_hw.c.o'.
[1315/2866] Linking static target drivers/libtmp_rte_net_cxgbe.a.
[1316/2866] Compiling C object 'drivers/a715181@@tmp_rte_net_dpaa@sta/net_dpaa_dpaa_ethdev.c.o'.
FAILED: drivers/a715181@@tmp_rte_net_dpaa@sta/net_dpaa_dpaa_ethdev.c.o
ccache cc -Idrivers/a715181@@tmp_rte_net_dpaa@sta -Idrivers -I../drivers -Idrivers/net/dpaa -I../drivers/net/dpaa -Ilib/ethdev -I../lib/ethdev -I. -I../ -Iconfig -I../config -Ilib/eal/include -I../lib/eal/include -Ilib/eal/linux/include -I../lib/eal/linux/include -Ilib/eal/x86/include -I../lib/eal/x86/include -Ilib/eal/common -I../lib/eal/common -Ilib/eal -I../lib/eal -Ilib/kvargs -I../lib/kvargs -Ilib/log -I../lib/log -Ilib/telemetry/../metrics -I../lib/telemetry/../metrics -Ilib/telemetry -I../lib/telemetry -Ilib/net -I../lib/net -Ilib/mbuf -I../lib/mbuf -Ilib/mempool -I../lib/mempool -Ilib/ring -I../lib/ring -Ilib/meter -I../lib/meter -Idrivers/bus/pci -I../drivers/bus/pci -I../drivers/bus/pci/linux -Ilib/pci -I../lib/pci -Idrivers/bus/vdev -I../drivers/bus/vdev -Idrivers/mempool/dpaa -I../drivers/mempool/dpaa -Idrivers/bus/dpaa -I../drivers/bus/dpaa -I../drivers/bus/dpaa/include -I../drivers/bus/dpaa/base/qbman -Idrivers/common/dpaax -I../drivers/common/dpaax -I../drivers/common/
 dpaax/caamflib -Ilib/eventdev -I../lib/eventdev -Ilib/hash -I../lib/hash -Ilib/rcu -I../lib/rcu -Ilib/timer -I../lib/timer -Ilib/cryptodev -I../lib/cryptodev -Ilib/dmadev -I../lib/dmadev -fdiagnostics-color=always -pipe -D_FILE_OFFSET_BITS=64 -Wall -Winvalid-pch -Wextra -Werror -std=c11 -O3 -include rte_config.h -Wcast-qual -Wdeprecated -Wformat -Wformat-nonliteral -Wformat-security -Wmissing-declarations -Wmissing-prototypes -Wnested-externs -Wold-style-definition -Wpointer-arith -Wsign-compare -Wstrict-prototypes -Wundef -Wwrite-strings -Wno-address-of-packed-member -Wno-packed-not-aligned -Wno-missing-field-initializers -Wno-zero-length-bounds -D_GNU_SOURCE -fPIC -march=native -mrtm -DALLOW_EXPERIMENTAL_API -DALLOW_INTERNAL_API -Wno-format-truncation -Wno-pointer-arith -DRTE_LOG_DEFAULT_LOGTYPE=pmd.net.dpaa -MD -MQ 'drivers/a715181@@tmp_rte_net_dpaa@sta/net_dpaa_dpaa_ethdev.c.o' -MF 'drivers/a715181@@tmp_rte_net_dpaa@sta/net_dpaa_dpaa_ethdev.c.o.d' -o 'drivers/a715181@@tmp_rte_ne
 t_dpaa@sta/net_dpaa_dpaa_ethdev.c.o' -c ../drivers/net/dpaa/dpaa_ethdev.c
../drivers/net/dpaa/dpaa_ethdev.c: In function 'dpaa_eth_dev_configure':
../drivers/net/dpaa/dpaa_ethdev.c:240:3: error: 'strncpy' specified bound 16 equals destination size [-Werror=stringop-truncation]
240 |   strncpy(ifr.ifr_name, dpaa_intf->name, IFNAMSIZ);
|   ^~~~~~~~~~~~~~~~~~~~~~~~~~~~~~~~~~~~~~~~~~~~~~~~
cc1: all warnings being treated as errors
[1317/2866] Compiling C object 'drivers/a715181@@tmp_rte_net_dpaa@sta/net_dpaa_fmlib_fm_lib.c.o'.
[1318/2866] Generating rte_net_cxgbe.pmd.c with a custom command.
[1319/2866] Compiling C object 'drivers/a715181@@tmp_rte_net_dpaa@sta/net_dpaa_fmlib_fm_vsp.c.o'.
ninja: build stopped: subcommand failed.
==== End log output ====

CentOS Stream 8
	Kernel: 5.4.0-167-generic
	Compiler: gcc 8.5.0 20210514

Debian Bullseye
	Kernel: 5.4.0-167-generic
	Compiler: gcc 10.2.1-6

CentOS Stream 9
	Kernel: 5.4.0-167-generic
	Compiler: gcc 11.4.1 20230605

Fedora 37
	Kernel: Depends on container host system
	Compiler: gcc 12.3.1

Fedora 38 (Clang)
	Kernel: Depends on container host
	Compiler: clang 16.0.6

Fedora 38
	Kernel: Depends on container host
	Compiler: gcc 13.2.1

Fedora 39
	Kernel: Depends on container host
	Compiler: gcc 13.2.1

Fedora 39 (Clang)
	Kernel: Depends on container host
	Compiler: clang 17.0.6

Fedora 40
	Kernel: Depends on container host
	Compiler: gcc 14.1.1

Fedora 40 (Clang)
	Kernel: Depends on container host
	Compiler: clang 18.1.6

openSUSE Leap 15
	Kernel: 5.4.0-167-generic
	Compiler: gcc 7.5.0

RHEL8
	Kernel: 5.4.0-167-generic
	Compiler: gcc 8.5.0 20210514 (Red Hat 8.5.0-20)

RHEL9
	Kernel: Depends on container host
	Compiler: gcc 11.4.1

Ubuntu 20.04
	Kernel: 5.4.0-167-generic
	Compiler: gcc 9.4.0-1ubuntu1~20.04.1

Ubuntu 22.04
	Kernel: 5.4.0-167-generic
	Compiler: gcc 11.4.0

Ubuntu 24.04
	Kernel: 5.4.0-167-generic
	Compiler: gcc 13.2.0

Debian 12
	Kernel: Container Host Kernel
	Compiler: gcc 12.2.0

To view detailed results, visit:
https://lab.dpdk.org/results/dashboard/patchsets/30399/

UNH-IOL DPDK Community Lab

To manage your email subscriptions, visit: 
https://lab.dpdk.org/results/dashboard/preferences/subscriptions/