From: dpdklab@iol.unh.edu
To: Test Report <test-report@dpdk.org>
Cc: dpdk-test-reports@iol.unh.edu, Xueming Li <xuemingl@nvidia.com>,
Christian Ehrhardt <christian.ehrhardt@canonical.com>,
Kevin Traynor <ktraynor@redhat.com>,
Luca Boccassi <bluca@debian.org>
Subject: |FAILURE| [GIT MASTER] 49b2102bf9fea000d36860353016a5c6ddf993a9
Date: Fri, 05 Jul 2024 10:25:12 -0700 (PDT) [thread overview]
Message-ID: <66882c78.050a0220.ec744.ed5eSMTPIN_ADDED_MISSING@mx.google.com> (raw)
_Testing issues_
Branch: tags/v21.11
49b2102bf9fea000d36860353016a5c6ddf993a9 --> testing issues
Test environment and result as below:
+---------------------+--------------------+----------------------+
| Environment | dpdk_meson_compile | dpdk_mingw64_compile |
+=====================+====================+======================+
| Windows Server 2019 | PASS | PASS |
+---------------------+--------------------+----------------------+
| FreeBSD 14.1 | PASS | SKIPPED |
+---------------------+--------------------+----------------------+
| FreeBSD 13.3 | PASS | SKIPPED |
+---------------------+--------------------+----------------------+
| Windows Server 2022 | PASS | PASS |
+---------------------+--------------------+----------------------+
| CentOS Stream 8 | PASS | SKIPPED |
+---------------------+--------------------+----------------------+
| CentOS Stream 9 | PASS | SKIPPED |
+---------------------+--------------------+----------------------+
| Debian Bullseye | PASS | SKIPPED |
+---------------------+--------------------+----------------------+
| Debian 12 | PASS | SKIPPED |
+---------------------+--------------------+----------------------+
| Fedora 37 | PEND | SKIPPED |
+---------------------+--------------------+----------------------+
| Fedora 38 (Clang) | PASS | SKIPPED |
+---------------------+--------------------+----------------------+
| Fedora 38 | PEND | SKIPPED |
+---------------------+--------------------+----------------------+
| Fedora 39 (Clang) | PASS | SKIPPED |
+---------------------+--------------------+----------------------+
| Fedora 39 | PEND | SKIPPED |
+---------------------+--------------------+----------------------+
| Fedora 40 (Clang) | PEND | SKIPPED |
+---------------------+--------------------+----------------------+
| Fedora 40 | PASS | SKIPPED |
+---------------------+--------------------+----------------------+
| openSUSE Leap 15 | PEND | SKIPPED |
+---------------------+--------------------+----------------------+
| RHEL8 | PEND | SKIPPED |
+---------------------+--------------------+----------------------+
| RHEL9 | PEND | SKIPPED |
+---------------------+--------------------+----------------------+
| Ubuntu 20.04 | PASS | SKIPPED |
+---------------------+--------------------+----------------------+
| Ubuntu 22.04 | PEND | SKIPPED |
+---------------------+--------------------+----------------------+
| Ubuntu 24.04 | FAIL | SKIPPED |
+---------------------+--------------------+----------------------+
| RHEL 7 | PEND | SKIPPED |
+---------------------+--------------------+----------------------+
==== 20 line log output for Ubuntu 24.04 (dpdk_meson_compile): ====
inlined from 'pcapng_add_option' at ../lib/pcapng/rte_pcapng.c:112:2,
inlined from 'pcapng_section_block' at ../lib/pcapng/rte_pcapng.c:175:8,
inlined from 'rte_pcapng_fdopen' at ../lib/pcapng/rte_pcapng.c:626:6:
/usr/include/x86_64-linux-gnu/bits/string_fortified.h:29:10: error: argument 2 null where non-null expected [-Werror=nonnull]
29 | return __builtin___memcpy_chk (__dest, __src, __len,
| ^~~~~~~~~~~~~~~~~~~~~~~~~~~~~~~~~~~~~~~~~~~~~
30 | __glibc_objsize0 (__dest));
| ~~~~~~~~~~~~~~~~~~~~~~~~~~
/usr/include/x86_64-linux-gnu/bits/string_fortified.h:29:10: note: in a call to built-in function '__builtin___memcpy_chk'
In function 'memcpy',
inlined from 'pcapng_add_option' at ../lib/pcapng/rte_pcapng.c:112:2,
inlined from 'rte_pcapng_write_stats' at ../lib/pcapng/rte_pcapng.c:350:9:
/usr/include/x86_64-linux-gnu/bits/string_fortified.h:29:10: error: argument 2 null where non-null expected [-Werror=nonnull]
29 | return __builtin___memcpy_chk (__dest, __src, __len,
| ^~~~~~~~~~~~~~~~~~~~~~~~~~~~~~~~~~~~~~~~~~~~~
30 | __glibc_objsize0 (__dest));
| ~~~~~~~~~~~~~~~~~~~~~~~~~~
/usr/include/x86_64-linux-gnu/bits/string_fortified.h:29:10: note: in a call to built-in function '__builtin___memcpy_chk'
cc1: all warnings being treated as errors
ninja: build stopped: subcommand failed.
==== End log output ====
Windows Server 2019
Kernel: 10.0.17763
Compiler: clang 14.0 and gcc 8.1.0 (MinGW)
FreeBSD 14.1
Kernel: 14.1
Compiler: clang 18.1.5
FreeBSD 13.3
Kernel: 13.3-RELEASE-p1
Compiler: clang 17.0.6
Windows Server 2022
Kernel: 10.0.20348.2031
Compiler: clang 15.0.7, gcc 8.1.0 (MinGW), and MSVC VS 17.9
CentOS Stream 8
Kernel: 5.4.0-167-generic
Compiler: gcc 8.5.0 20210514
CentOS Stream 9
Kernel: 5.4.0-167-generic
Compiler: gcc 11.4.1 20230605
Debian Bullseye
Kernel: 5.4.0-167-generic
Compiler: gcc 10.2.1-6
Debian 12
Kernel: Container Host Kernel
Compiler: gcc 12.2.0
Fedora 37
Kernel: Depends on container host system
Compiler: gcc 12.3.1
Fedora 38 (Clang)
Kernel: Depends on container host
Compiler: clang 16.0.6
Fedora 38
Kernel: Depends on container host
Compiler: gcc 13.2.1
Fedora 39 (Clang)
Kernel: Depends on container host
Compiler: clang 17.0.6
Fedora 39
Kernel: Depends on container host
Compiler: gcc 13.2.1
Fedora 40 (Clang)
Kernel: Depends on container host
Compiler: clang 18.1.6
Fedora 40
Kernel: Depends on container host
Compiler: gcc 14.1.1
openSUSE Leap 15
Kernel: 5.4.0-167-generic
Compiler: gcc 7.5.0
RHEL8
Kernel: 5.4.0-167-generic
Compiler: gcc 8.5.0 20210514 (Red Hat 8.5.0-20)
RHEL9
Kernel: Depends on container host
Compiler: gcc 11.4.1
Ubuntu 20.04
Kernel: 5.4.0-167-generic
Compiler: gcc 9.4.0-1ubuntu1~20.04.1
Ubuntu 22.04
Kernel: 5.4.0-167-generic
Compiler: gcc 11.4.0
Ubuntu 24.04
Kernel: 5.4.0-167-generic
Compiler: gcc 13.2.0
RHEL 7
Kernel: 5.4.0-167-generic
Compiler: gcc 4.8.5 20150623 (Red Hat 4.8.5-44)
To view detailed results, visit:
https://lab.dpdk.org/results/dashboard/tarballs/29730/
UNH-IOL DPDK Community Lab
To manage your email subscriptions, visit:
https://lab.dpdk.org/results/dashboard/preferences/subscriptions/
next reply other threads:[~2024-07-05 17:25 UTC|newest]
Thread overview: 2867+ messages / expand[flat|nested] mbox.gz Atom feed top
2024-07-05 17:25 dpdklab [this message]
-- strict thread matches above, loose matches on Subject: below --
2024-07-13 11:20 dpdklab
2024-07-13 7:21 dpdklab
2024-07-13 7:20 dpdklab
2024-07-13 7:16 dpdklab
2024-07-13 7:11 dpdklab
2024-07-13 7:09 dpdklab
2024-07-13 7:05 dpdklab
2024-07-13 7:04 dpdklab
2024-07-13 7:01 dpdklab
2024-07-13 7:01 dpdklab
2024-07-13 6:58 dpdklab
2024-07-13 6:57 dpdklab
2024-07-13 6:56 dpdklab
2024-07-13 6:56 dpdklab
2024-07-13 6:51 dpdklab
2024-07-13 6:48 dpdklab
2024-07-13 6:48 dpdklab
2024-07-13 6:48 dpdklab
2024-07-13 6:47 dpdklab
2024-07-13 6:46 dpdklab
2024-07-13 6:44 dpdklab
2024-07-13 6:43 dpdklab
2024-07-13 6:43 dpdklab
2024-07-13 6:40 dpdklab
2024-07-13 6:39 dpdklab
2024-07-13 6:38 dpdklab
2024-07-13 6:37 dpdklab
2024-07-13 6:37 dpdklab
2024-07-13 6:36 dpdklab
2024-07-13 6:32 dpdklab
2024-07-13 6:32 dpdklab
2024-07-13 6:31 dpdklab
2024-07-13 6:31 dpdklab
2024-07-13 6:29 dpdklab
2024-07-13 6:29 dpdklab
2024-07-13 6:26 dpdklab
2024-07-13 6:26 dpdklab
2024-07-13 6:22 dpdklab
2024-07-13 6:19 dpdklab
2024-07-13 6:18 dpdklab
2024-07-13 6:18 dpdklab
2024-07-13 6:18 dpdklab
2024-07-13 6:17 dpdklab
2024-07-13 6:16 dpdklab
2024-07-13 6:08 dpdklab
2024-07-13 4:01 dpdklab
2024-07-12 22:09 dpdklab
2024-07-12 7:39 dpdklab
2024-07-12 7:29 dpdklab
2024-07-12 7:28 dpdklab
2024-07-12 7:27 dpdklab
2024-07-12 7:26 dpdklab
2024-07-12 7:24 dpdklab
2024-07-12 7:23 dpdklab
2024-07-12 7:21 dpdklab
2024-07-12 7:19 dpdklab
2024-07-12 7:06 dpdklab
2024-07-12 6:58 dpdklab
2024-07-12 6:58 dpdklab
2024-07-12 6:57 dpdklab
2024-07-12 6:54 dpdklab
2024-07-12 6:53 dpdklab
2024-07-12 6:51 dpdklab
2024-07-12 6:47 dpdklab
2024-07-12 6:45 dpdklab
2024-07-12 6:38 dpdklab
2024-07-12 6:37 dpdklab
2024-07-12 6:36 dpdklab
2024-07-12 6:34 dpdklab
2024-07-12 6:33 dpdklab
2024-07-12 6:33 dpdklab
2024-07-12 6:33 dpdklab
2024-07-12 6:32 dpdklab
2024-07-12 6:31 dpdklab
2024-07-12 6:29 dpdklab
2024-07-12 6:27 dpdklab
2024-07-12 6:23 dpdklab
2024-07-12 6:23 dpdklab
2024-07-12 6:21 dpdklab
2024-07-12 6:21 dpdklab
2024-07-12 6:20 dpdklab
2024-07-12 6:20 dpdklab
2024-07-12 6:19 dpdklab
2024-07-12 6:19 dpdklab
2024-07-12 6:18 dpdklab
2024-07-12 6:17 dpdklab
2024-07-12 6:15 dpdklab
2024-07-12 6:14 dpdklab
2024-07-12 6:02 dpdklab
2024-07-12 5:59 dpdklab
2024-07-12 5:57 dpdklab
2024-07-12 5:56 dpdklab
2024-07-11 6:59 dpdklab
2024-07-11 6:58 dpdklab
2024-07-11 6:48 dpdklab
2024-07-11 6:47 dpdklab
2024-07-11 6:39 dpdklab
2024-07-11 6:39 dpdklab
2024-07-11 6:38 dpdklab
2024-07-11 6:36 dpdklab
2024-07-11 6:36 dpdklab
2024-07-11 6:36 dpdklab
2024-07-11 6:35 dpdklab
2024-07-11 6:35 dpdklab
2024-07-11 6:32 dpdklab
2024-07-11 6:31 dpdklab
2024-07-11 6:26 dpdklab
2024-07-11 6:24 dpdklab
2024-07-11 6:24 dpdklab
2024-07-11 6:21 dpdklab
2024-07-11 6:21 dpdklab
2024-07-11 6:17 dpdklab
2024-07-11 6:17 dpdklab
2024-07-11 6:17 dpdklab
2024-07-11 6:16 dpdklab
2024-07-11 6:15 dpdklab
2024-07-11 6:13 dpdklab
2024-07-11 6:12 dpdklab
2024-07-11 6:11 dpdklab
2024-07-11 6:10 dpdklab
2024-07-11 6:10 dpdklab
2024-07-11 6:05 dpdklab
2024-07-11 6:02 dpdklab
2024-07-11 6:01 dpdklab
2024-07-11 6:01 dpdklab
2024-07-11 6:00 dpdklab
2024-07-11 5:59 dpdklab
2024-07-11 5:58 dpdklab
2024-07-11 5:58 dpdklab
2024-07-11 5:58 dpdklab
2024-07-11 5:56 dpdklab
2024-07-11 5:56 dpdklab
2024-07-11 5:52 dpdklab
2024-07-11 5:41 dpdklab
2024-07-11 5:21 dpdklab
2024-07-11 5:15 dpdklab
2024-07-11 5:12 dpdklab
2024-07-11 5:06 dpdklab
2024-07-11 5:04 dpdklab
2024-07-11 5:01 dpdklab
2024-07-10 10:49 dpdklab
2024-07-10 10:28 dpdklab
2024-07-10 9:18 dpdklab
2024-07-10 9:12 dpdklab
2024-07-10 9:09 dpdklab
2024-07-10 9:03 dpdklab
2024-07-10 9:02 dpdklab
2024-07-10 8:30 dpdklab
2024-07-10 8:28 dpdklab
2024-07-10 8:26 dpdklab
2024-07-10 8:24 dpdklab
2024-07-10 8:23 dpdklab
2024-07-10 8:22 dpdklab
2024-07-10 8:20 dpdklab
2024-07-10 8:17 dpdklab
2024-07-10 8:15 dpdklab
2024-07-10 8:13 dpdklab
2024-07-10 8:12 dpdklab
2024-07-10 8:12 dpdklab
2024-07-10 8:11 dpdklab
2024-07-10 8:11 dpdklab
2024-07-10 8:10 dpdklab
2024-07-10 8:05 dpdklab
2024-07-10 7:56 dpdklab
2024-07-10 7:56 dpdklab
2024-07-10 7:56 dpdklab
2024-07-10 7:54 dpdklab
2024-07-10 7:32 dpdklab
2024-07-10 7:25 dpdklab
2024-07-10 7:24 dpdklab
2024-07-10 7:22 dpdklab
2024-07-10 7:21 dpdklab
2024-07-10 7:20 dpdklab
2024-07-10 7:11 dpdklab
2024-07-10 7:09 dpdklab
2024-07-10 7:09 dpdklab
2024-07-10 7:08 dpdklab
2024-07-10 6:58 dpdklab
2024-07-10 6:57 dpdklab
2024-07-10 6:55 dpdklab
2024-07-10 6:53 dpdklab
2024-07-10 6:46 dpdklab
2024-07-10 6:42 dpdklab
2024-07-10 4:41 dpdklab
2024-07-10 4:35 dpdklab
2024-07-10 4:29 dpdklab
2024-07-10 4:28 dpdklab
2024-07-10 4:28 dpdklab
2024-07-10 4:24 dpdklab
2024-07-10 4:20 dpdklab
2024-07-10 0:54 dpdklab
2024-07-09 20:45 dpdklab
2024-07-09 20:11 dpdklab
2024-07-09 19:45 dpdklab
2024-07-09 19:20 dpdklab
2024-07-09 19:17 dpdklab
2024-07-09 19:17 dpdklab
2024-07-09 19:13 dpdklab
2024-07-09 19:12 dpdklab
2024-07-09 18:42 dpdklab
2024-07-09 18:40 dpdklab
2024-07-09 18:38 dpdklab
2024-07-09 18:36 dpdklab
2024-07-09 13:09 dpdklab
2024-07-09 12:58 dpdklab
2024-07-09 12:58 dpdklab
2024-07-09 12:58 dpdklab
2024-07-09 12:56 dpdklab
2024-07-09 12:53 dpdklab
2024-07-09 12:52 dpdklab
2024-07-09 12:51 dpdklab
2024-07-09 12:51 dpdklab
2024-07-09 12:50 dpdklab
2024-07-09 12:48 dpdklab
2024-07-09 12:46 dpdklab
2024-07-09 12:46 dpdklab
2024-07-09 12:45 dpdklab
2024-07-09 12:44 dpdklab
2024-07-09 12:44 dpdklab
2024-07-09 12:43 dpdklab
2024-07-09 12:34 dpdklab
2024-07-09 12:33 dpdklab
2024-07-09 12:31 dpdklab
2024-07-09 12:29 dpdklab
2024-07-09 12:22 dpdklab
2024-07-09 12:21 dpdklab
2024-07-09 12:19 dpdklab
2024-07-09 12:08 dpdklab
2024-07-09 12:06 dpdklab
2024-07-09 12:05 dpdklab
2024-07-09 8:41 dpdklab
2024-07-09 8:32 dpdklab
2024-07-09 8:28 dpdklab
2024-07-09 8:24 dpdklab
2024-07-09 8:19 dpdklab
2024-07-09 7:20 dpdklab
2024-07-09 5:25 dpdklab
2024-07-09 4:53 dpdklab
2024-07-09 4:42 dpdklab
2024-07-09 4:42 dpdklab
2024-07-09 4:32 dpdklab
2024-07-09 4:11 dpdklab
2024-07-09 4:10 dpdklab
2024-07-09 4:10 dpdklab
2024-07-09 4:06 dpdklab
2024-07-09 4:04 dpdklab
2024-07-09 3:49 dpdklab
2024-07-09 3:36 dpdklab
2024-07-09 3:34 dpdklab
2024-07-09 3:10 dpdklab
2024-07-09 3:09 dpdklab
2024-07-09 3:08 dpdklab
2024-07-09 3:06 dpdklab
2024-07-09 3:01 dpdklab
2024-07-09 3:00 dpdklab
2024-07-09 2:57 dpdklab
2024-07-09 2:56 dpdklab
2024-07-09 2:55 dpdklab
2024-07-09 2:55 dpdklab
2024-07-09 2:54 dpdklab
2024-07-09 2:54 dpdklab
2024-07-09 2:53 dpdklab
2024-07-09 2:53 dpdklab
2024-07-09 2:51 dpdklab
2024-07-09 2:51 dpdklab
2024-07-09 2:49 dpdklab
2024-07-09 2:49 dpdklab
2024-07-09 2:44 dpdklab
2024-07-09 2:44 dpdklab
2024-07-09 2:44 dpdklab
2024-07-09 2:44 dpdklab
2024-07-09 2:42 dpdklab
2024-07-09 2:37 dpdklab
2024-07-09 2:30 dpdklab
2024-07-09 2:27 dpdklab
2024-07-09 2:26 dpdklab
2024-07-09 2:26 dpdklab
2024-07-09 2:24 dpdklab
2024-07-09 2:24 dpdklab
2024-07-09 2:23 dpdklab
2024-07-09 2:23 dpdklab
2024-07-09 1:15 dpdklab
2024-07-09 1:05 dpdklab
2024-07-09 1:03 dpdklab
2024-07-09 1:02 dpdklab
2024-07-09 0:59 dpdklab
2024-07-09 0:55 dpdklab
2024-07-09 0:52 dpdklab
2024-07-09 0:51 dpdklab
2024-07-09 0:50 dpdklab
2024-07-09 0:46 dpdklab
2024-07-09 0:41 dpdklab
2024-07-09 0:40 dpdklab
2024-07-09 0:33 dpdklab
2024-07-09 0:30 dpdklab
2024-07-09 0:27 dpdklab
2024-07-09 0:23 dpdklab
2024-07-09 0:17 dpdklab
2024-07-09 0:01 dpdklab
2024-07-08 23:59 dpdklab
2024-07-08 23:49 dpdklab
2024-07-08 23:43 dpdklab
2024-07-08 23:41 dpdklab
2024-07-08 23:37 dpdklab
2024-07-08 23:35 dpdklab
2024-07-08 23:32 dpdklab
2024-07-08 23:28 dpdklab
2024-07-08 23:25 dpdklab
2024-07-08 23:15 dpdklab
2024-07-08 23:12 dpdklab
2024-07-08 23:12 dpdklab
2024-07-08 23:11 dpdklab
2024-07-08 23:00 dpdklab
2024-07-08 22:59 dpdklab
2024-07-08 22:58 dpdklab
2024-07-08 22:56 dpdklab
2024-07-08 22:52 dpdklab
2024-07-08 22:15 dpdklab
2024-07-08 22:13 dpdklab
2024-07-08 22:01 dpdklab
2024-07-08 21:51 dpdklab
2024-07-08 21:51 dpdklab
2024-07-08 21:47 dpdklab
2024-07-08 21:47 dpdklab
2024-07-08 21:45 dpdklab
2024-07-08 21:44 dpdklab
2024-07-08 21:43 dpdklab
2024-07-08 21:41 dpdklab
2024-07-08 21:41 dpdklab
2024-07-08 21:36 dpdklab
2024-07-08 21:33 dpdklab
2024-07-08 21:31 dpdklab
2024-07-08 21:29 dpdklab
2024-07-08 21:28 dpdklab
2024-07-08 21:27 dpdklab
2024-07-08 21:26 dpdklab
2024-07-08 21:24 dpdklab
2024-07-08 21:24 dpdklab
2024-07-08 21:22 dpdklab
2024-07-08 21:21 dpdklab
2024-07-08 21:21 dpdklab
2024-07-08 21:20 dpdklab
2024-07-08 21:18 dpdklab
2024-07-08 21:15 dpdklab
2024-07-08 21:11 dpdklab
2024-07-08 19:40 dpdklab
2024-07-08 9:02 dpdklab
2024-07-08 8:54 dpdklab
2024-07-08 8:35 dpdklab
2024-07-08 8:29 dpdklab
2024-07-08 8:28 dpdklab
2024-07-08 8:26 dpdklab
2024-07-08 8:25 dpdklab
2024-07-08 8:25 dpdklab
2024-07-08 8:23 dpdklab
2024-07-08 8:22 dpdklab
2024-07-08 8:19 dpdklab
2024-07-08 8:17 dpdklab
2024-07-08 8:16 dpdklab
2024-07-08 8:16 dpdklab
2024-07-08 8:15 dpdklab
2024-07-08 8:11 dpdklab
2024-07-08 8:07 dpdklab
2024-07-08 8:06 dpdklab
2024-07-08 8:04 dpdklab
2024-07-08 8:04 dpdklab
2024-07-08 8:03 dpdklab
2024-07-08 8:03 dpdklab
2024-07-08 8:00 dpdklab
2024-07-08 7:59 dpdklab
2024-07-08 7:56 dpdklab
2024-07-08 7:53 dpdklab
2024-07-08 7:53 dpdklab
2024-07-08 7:47 dpdklab
2024-07-08 7:40 dpdklab
2024-07-08 7:36 dpdklab
2024-07-08 7:32 dpdklab
2024-07-08 7:31 dpdklab
2024-07-08 7:30 dpdklab
2024-07-07 6:55 dpdklab
2024-07-07 6:47 dpdklab
2024-07-07 6:38 dpdklab
2024-07-07 6:27 dpdklab
2024-07-07 6:27 dpdklab
2024-07-07 6:06 dpdklab
2024-07-07 5:18 dpdklab
2024-07-07 5:09 dpdklab
2024-07-07 5:02 dpdklab
2024-07-07 5:01 dpdklab
2024-07-07 5:00 dpdklab
2024-07-07 4:59 dpdklab
2024-07-07 4:59 dpdklab
2024-07-07 4:59 dpdklab
2024-07-07 4:57 dpdklab
2024-07-07 4:56 dpdklab
2024-07-07 4:55 dpdklab
2024-07-07 4:55 dpdklab
2024-07-07 4:52 dpdklab
2024-07-07 4:51 dpdklab
2024-07-07 4:48 dpdklab
2024-07-07 4:48 dpdklab
2024-07-07 4:46 dpdklab
2024-07-07 4:45 dpdklab
2024-07-07 4:45 dpdklab
2024-07-07 4:45 dpdklab
2024-07-07 4:44 dpdklab
2024-07-07 4:41 dpdklab
2024-07-07 4:38 dpdklab
2024-07-07 4:34 dpdklab
2024-07-07 4:32 dpdklab
2024-07-07 4:26 dpdklab
2024-07-07 4:21 dpdklab
2024-07-07 4:21 dpdklab
2024-07-06 23:19 dpdklab
2024-07-06 23:12 dpdklab
2024-07-06 23:11 dpdklab
2024-07-06 23:09 dpdklab
2024-07-06 23:09 dpdklab
2024-07-06 23:06 dpdklab
2024-07-06 23:05 dpdklab
2024-07-06 22:59 dpdklab
2024-07-06 22:54 dpdklab
2024-07-06 21:25 dpdklab
2024-07-06 20:30 dpdklab
2024-07-06 16:10 dpdklab
2024-07-06 16:07 dpdklab
2024-07-06 14:57 dpdklab
2024-07-06 14:55 dpdklab
2024-07-06 14:48 dpdklab
2024-07-06 14:46 dpdklab
2024-07-06 14:44 dpdklab
2024-07-06 14:36 dpdklab
2024-07-06 14:33 dpdklab
2024-07-06 14:31 dpdklab
2024-07-06 14:29 dpdklab
2024-07-06 14:22 dpdklab
2024-07-06 14:20 dpdklab
2024-07-06 14:13 dpdklab
2024-07-06 14:08 dpdklab
2024-07-06 14:04 dpdklab
2024-07-06 13:58 dpdklab
2024-07-06 13:51 dpdklab
2024-07-06 8:17 dpdklab
2024-07-06 8:08 dpdklab
2024-07-06 8:03 dpdklab
2024-07-06 7:57 dpdklab
2024-07-06 0:30 dpdklab
2024-07-06 0:13 dpdklab
2024-07-05 23:50 dpdklab
2024-07-05 23:30 dpdklab
2024-07-05 23:28 dpdklab
2024-07-05 23:24 dpdklab
2024-07-05 23:24 dpdklab
2024-07-05 20:10 dpdklab
2024-07-05 19:54 dpdklab
2024-07-05 17:45 dpdklab
2024-07-05 17:38 dpdklab
2024-07-05 17:36 dpdklab
2024-07-05 17:34 dpdklab
2024-07-05 17:33 dpdklab
2024-07-05 17:31 dpdklab
2024-07-05 17:30 dpdklab
2024-07-05 17:29 dpdklab
2024-07-05 17:28 dpdklab
2024-07-05 17:27 dpdklab
2024-07-05 16:59 dpdklab
2024-07-05 16:57 dpdklab
2024-07-05 16:50 dpdklab
2024-07-05 16:49 dpdklab
2024-07-05 16:46 dpdklab
2024-07-05 16:44 dpdklab
2024-07-05 16:40 dpdklab
2024-07-05 16:36 dpdklab
2024-07-05 16:35 dpdklab
2024-07-05 16:24 dpdklab
2024-07-05 16:22 dpdklab
2024-07-05 16:19 dpdklab
2024-07-05 16:09 dpdklab
2024-07-05 16:00 dpdklab
2024-07-05 15:51 dpdklab
2024-07-05 15:48 dpdklab
2024-07-05 15:32 dpdklab
2024-07-05 12:26 dpdklab
2024-07-05 11:57 dpdklab
2024-07-05 11:53 dpdklab
2024-07-05 11:49 dpdklab
2024-07-05 5:55 dpdklab
2024-07-05 5:43 dpdklab
2024-07-05 3:18 dpdklab
2024-07-05 2:58 dpdklab
2024-07-05 2:49 dpdklab
2024-07-05 2:46 dpdklab
2024-07-05 2:27 dpdklab
2024-07-05 2:17 dpdklab
2024-07-05 2:10 dpdklab
2024-07-05 2:05 dpdklab
2024-07-05 1:56 dpdklab
2024-07-05 0:31 dpdklab
2024-07-05 0:29 dpdklab
2024-07-05 0:28 dpdklab
2024-07-05 0:23 dpdklab
2024-07-05 0:18 dpdklab
2024-07-05 0:18 dpdklab
2024-07-05 0:17 dpdklab
2024-07-05 0:14 dpdklab
2024-07-05 0:14 dpdklab
2024-07-05 0:12 dpdklab
2024-07-05 0:11 dpdklab
2024-07-04 10:47 dpdklab
2024-07-04 10:06 dpdklab
2024-07-04 9:58 dpdklab
2024-07-04 9:54 dpdklab
2024-07-04 9:49 dpdklab
2024-07-02 18:20 dpdklab
2024-07-02 15:16 dpdklab
2024-07-02 15:07 dpdklab
2024-07-02 11:20 dpdklab
2024-07-02 11:18 dpdklab
2024-07-02 10:59 dpdklab
2024-07-02 10:55 dpdklab
2024-07-02 10:53 dpdklab
2024-07-02 10:51 dpdklab
2024-07-02 10:43 dpdklab
2024-07-02 10:40 dpdklab
2024-07-02 10:39 dpdklab
2024-07-02 10:36 dpdklab
2024-07-02 10:35 dpdklab
2024-07-02 10:32 dpdklab
2024-07-02 10:29 dpdklab
2024-07-02 10:28 dpdklab
2024-07-02 10:27 dpdklab
2024-07-02 10:26 dpdklab
2024-07-02 10:24 dpdklab
2024-07-02 10:23 dpdklab
2024-07-02 10:19 dpdklab
2024-07-02 10:19 dpdklab
2024-07-02 10:16 dpdklab
2024-07-02 10:15 dpdklab
2024-07-02 9:18 dpdklab
2024-07-02 9:08 dpdklab
2024-07-02 9:02 dpdklab
2024-07-02 8:57 dpdklab
2024-07-02 8:53 dpdklab
2024-07-02 8:52 dpdklab
2024-07-02 8:45 dpdklab
2024-07-02 8:45 dpdklab
2024-07-02 8:36 dpdklab
2024-07-02 8:34 dpdklab
2024-07-02 8:32 dpdklab
2024-07-02 8:29 dpdklab
2024-07-02 8:28 dpdklab
2024-07-02 8:18 dpdklab
2024-07-02 8:17 dpdklab
2024-07-02 8:16 dpdklab
2024-07-02 7:09 dpdklab
2024-07-02 7:00 dpdklab
2024-07-02 6:57 dpdklab
2024-07-02 6:52 dpdklab
2024-07-01 14:08 dpdklab
2024-07-01 6:17 dpdklab
2024-07-01 6:07 dpdklab
2024-07-01 5:56 dpdklab
2024-07-01 5:37 dpdklab
2024-07-01 5:33 dpdklab
2024-07-01 5:31 dpdklab
2024-07-01 5:29 dpdklab
2024-07-01 5:25 dpdklab
2024-07-01 5:24 dpdklab
2024-07-01 5:08 dpdklab
2024-07-01 5:03 dpdklab
2024-07-01 5:02 dpdklab
2024-07-01 5:02 dpdklab
2024-07-01 4:59 dpdklab
2024-07-01 4:59 dpdklab
2024-07-01 4:58 dpdklab
2024-07-01 4:57 dpdklab
2024-07-01 4:56 dpdklab
2024-07-01 4:56 dpdklab
2024-07-01 4:52 dpdklab
2024-07-01 4:48 dpdklab
2024-07-01 4:48 dpdklab
2024-07-01 4:47 dpdklab
2024-07-01 4:45 dpdklab
2024-07-01 4:44 dpdklab
2024-07-01 4:44 dpdklab
2024-07-01 4:43 dpdklab
2024-07-01 4:41 dpdklab
2024-07-01 4:40 dpdklab
2024-07-01 4:40 dpdklab
2024-07-01 4:40 dpdklab
2024-07-01 4:40 dpdklab
2024-07-01 4:40 dpdklab
2024-07-01 4:40 dpdklab
2024-07-01 4:37 dpdklab
2024-07-01 4:36 dpdklab
2024-07-01 4:36 dpdklab
2024-07-01 4:35 dpdklab
2024-07-01 4:33 dpdklab
2024-07-01 4:33 dpdklab
2024-07-01 4:28 dpdklab
2024-07-01 4:25 dpdklab
2024-07-01 4:25 dpdklab
2024-07-01 4:24 dpdklab
2024-07-01 4:23 dpdklab
2024-07-01 4:23 dpdklab
2024-07-01 4:23 dpdklab
2024-07-01 4:23 dpdklab
2024-07-01 4:22 dpdklab
2024-07-01 4:21 dpdklab
2024-07-01 4:21 dpdklab
2024-07-01 4:21 dpdklab
2024-07-01 4:20 dpdklab
2024-07-01 4:20 dpdklab
2024-07-01 4:14 dpdklab
2024-07-01 4:10 dpdklab
2024-06-30 6:54 dpdklab
2024-06-30 6:47 dpdklab
2024-06-30 6:44 dpdklab
2024-06-30 6:40 dpdklab
2024-06-30 6:34 dpdklab
2024-06-30 6:27 dpdklab
2024-06-30 6:22 dpdklab
2024-06-30 6:17 dpdklab
2024-06-30 6:16 dpdklab
2024-06-30 6:16 dpdklab
2024-06-30 6:07 dpdklab
2024-06-30 6:07 dpdklab
2024-06-30 6:06 dpdklab
2024-06-30 6:05 dpdklab
2024-06-30 6:05 dpdklab
2024-06-30 6:04 dpdklab
2024-06-30 6:02 dpdklab
2024-06-30 5:59 dpdklab
2024-06-30 5:57 dpdklab
2024-06-30 5:55 dpdklab
2024-06-30 5:54 dpdklab
2024-06-30 5:52 dpdklab
2024-06-30 5:52 dpdklab
2024-06-30 5:48 dpdklab
2024-06-30 5:47 dpdklab
2024-06-30 5:47 dpdklab
2024-06-30 5:43 dpdklab
2024-06-30 5:42 dpdklab
2024-06-30 5:42 dpdklab
2024-06-30 5:41 dpdklab
2024-06-30 5:40 dpdklab
2024-06-30 5:39 dpdklab
2024-06-30 5:38 dpdklab
2024-06-30 5:37 dpdklab
2024-06-30 5:37 dpdklab
2024-06-30 5:32 dpdklab
2024-06-30 5:32 dpdklab
2024-06-30 5:26 dpdklab
2024-06-30 5:26 dpdklab
2024-06-30 5:25 dpdklab
2024-06-30 5:23 dpdklab
2024-06-30 5:16 dpdklab
2024-06-30 5:16 dpdklab
2024-06-29 10:16 dpdklab
2024-06-29 10:11 dpdklab
2024-06-29 9:36 dpdklab
2024-06-29 9:35 dpdklab
2024-06-29 9:34 dpdklab
2024-06-29 9:33 dpdklab
2024-06-29 9:30 dpdklab
2024-06-29 9:29 dpdklab
2024-06-29 8:20 dpdklab
2024-06-29 8:13 dpdklab
2024-06-29 8:11 dpdklab
2024-06-29 8:10 dpdklab
2024-06-29 8:09 dpdklab
2024-06-29 8:07 dpdklab
2024-06-29 8:06 dpdklab
2024-06-29 8:01 dpdklab
2024-06-29 7:53 dpdklab
2024-06-29 7:50 dpdklab
2024-06-29 7:49 dpdklab
2024-06-29 7:48 dpdklab
2024-06-29 7:39 dpdklab
2024-06-29 7:36 dpdklab
2024-06-29 7:36 dpdklab
2024-06-29 7:34 dpdklab
2024-06-29 7:33 dpdklab
2024-06-29 7:03 dpdklab
2024-06-29 6:58 dpdklab
2024-06-29 6:58 dpdklab
2024-06-29 6:57 dpdklab
2024-06-29 6:57 dpdklab
2024-06-29 6:57 dpdklab
2024-06-29 6:56 dpdklab
2024-06-29 6:53 dpdklab
2024-06-29 6:48 dpdklab
2024-06-29 6:46 dpdklab
2024-06-29 6:45 dpdklab
2024-06-29 6:41 dpdklab
2024-06-29 4:28 dpdklab
2024-06-29 4:21 dpdklab
2024-06-29 4:20 dpdklab
2024-06-29 4:19 dpdklab
2024-06-29 4:17 dpdklab
2024-06-29 4:16 dpdklab
2024-06-29 4:16 dpdklab
2024-06-29 4:11 dpdklab
2024-06-28 21:12 dpdklab
2024-06-28 21:07 dpdklab
2024-06-28 10:09 dpdklab
2024-06-28 10:00 dpdklab
2024-06-28 9:46 dpdklab
2024-06-28 9:45 dpdklab
2024-06-28 9:42 dpdklab
2024-06-28 9:42 dpdklab
2024-06-28 9:33 dpdklab
2024-06-28 9:27 dpdklab
2024-06-28 9:27 dpdklab
2024-06-28 9:26 dpdklab
2024-06-28 9:21 dpdklab
2024-06-28 9:17 dpdklab
2024-06-28 9:16 dpdklab
2024-06-28 9:16 dpdklab
2024-06-28 9:14 dpdklab
2024-06-28 9:11 dpdklab
2024-06-28 9:10 dpdklab
2024-06-28 9:10 dpdklab
2024-06-28 9:09 dpdklab
2024-06-28 8:53 dpdklab
2024-06-28 8:46 dpdklab
2024-06-28 8:44 dpdklab
2024-06-28 7:12 dpdklab
2024-06-28 7:09 dpdklab
2024-06-28 7:07 dpdklab
2024-06-28 7:05 dpdklab
2024-06-28 7:00 dpdklab
2024-06-28 6:56 dpdklab
2024-06-28 6:55 dpdklab
2024-06-28 6:52 dpdklab
2024-06-28 6:47 dpdklab
2024-06-28 6:46 dpdklab
2024-06-28 6:44 dpdklab
2024-06-28 6:43 dpdklab
2024-06-28 6:31 dpdklab
2024-06-28 6:29 dpdklab
2024-06-28 6:27 dpdklab
2024-06-28 6:15 dpdklab
2024-06-28 6:15 dpdklab
2024-06-28 6:03 dpdklab
2024-06-28 5:59 dpdklab
2024-06-28 5:58 dpdklab
2024-06-28 3:34 dpdklab
2024-06-28 3:28 dpdklab
2024-06-27 11:51 dpdklab
2024-06-27 11:42 dpdklab
2024-06-27 11:40 dpdklab
2024-06-27 11:32 dpdklab
2024-06-27 11:30 dpdklab
2024-06-27 11:22 dpdklab
2024-06-27 11:21 dpdklab
2024-06-27 11:21 dpdklab
2024-06-27 11:19 dpdklab
2024-06-27 11:17 dpdklab
2024-06-27 11:16 dpdklab
2024-06-27 11:15 dpdklab
2024-06-27 11:14 dpdklab
2024-06-27 11:14 dpdklab
2024-06-27 11:13 dpdklab
2024-06-27 11:08 dpdklab
2024-06-27 11:07 dpdklab
2024-06-27 11:06 dpdklab
2024-06-27 11:04 dpdklab
2024-06-27 11:02 dpdklab
2024-06-27 11:00 dpdklab
2024-06-27 10:55 dpdklab
2024-06-27 10:54 dpdklab
2024-06-27 10:48 dpdklab
2024-06-27 10:47 dpdklab
2024-06-27 10:46 dpdklab
2024-06-27 10:44 dpdklab
2024-06-27 10:43 dpdklab
2024-06-27 10:40 dpdklab
2024-06-27 10:37 dpdklab
2024-06-27 10:34 dpdklab
2024-06-27 10:33 dpdklab
2024-06-27 10:33 dpdklab
2024-06-27 10:33 dpdklab
2024-06-27 10:31 dpdklab
2024-06-27 10:31 dpdklab
2024-06-27 10:31 dpdklab
2024-06-27 10:25 dpdklab
2024-06-27 10:25 dpdklab
2024-06-27 10:23 dpdklab
2024-06-27 10:21 dpdklab
2024-06-27 9:19 dpdklab
2024-06-27 9:11 dpdklab
2024-06-27 9:05 dpdklab
2024-06-27 9:01 dpdklab
2024-06-26 14:33 dpdklab
2024-06-26 13:57 dpdklab
2024-06-26 10:05 dpdklab
2024-06-26 9:46 dpdklab
2024-06-26 9:45 dpdklab
2024-06-26 9:44 dpdklab
2024-06-26 9:43 dpdklab
2024-06-26 9:36 dpdklab
2024-06-26 9:25 dpdklab
2024-06-26 9:18 dpdklab
2024-06-26 9:17 dpdklab
2024-06-26 9:16 dpdklab
2024-06-26 9:13 dpdklab
2024-06-26 9:07 dpdklab
2024-06-26 9:07 dpdklab
2024-06-26 9:05 dpdklab
2024-06-26 9:04 dpdklab
2024-06-26 9:04 dpdklab
2024-06-26 9:02 dpdklab
2024-06-26 9:00 dpdklab
2024-06-26 9:00 dpdklab
2024-06-26 8:47 dpdklab
2024-06-26 8:47 dpdklab
2024-06-26 8:46 dpdklab
2024-06-26 8:46 dpdklab
2024-06-26 8:45 dpdklab
2024-06-26 8:13 dpdklab
2024-06-26 7:16 dpdklab
2024-06-26 7:14 dpdklab
2024-06-26 7:13 dpdklab
2024-06-26 7:10 dpdklab
2024-06-26 7:03 dpdklab
2024-06-26 7:02 dpdklab
2024-06-26 7:01 dpdklab
2024-06-26 7:01 dpdklab
2024-06-26 7:01 dpdklab
2024-06-26 7:01 dpdklab
2024-06-26 7:01 dpdklab
2024-06-26 7:01 dpdklab
2024-06-26 7:00 dpdklab
2024-06-26 7:00 dpdklab
2024-06-26 7:00 dpdklab
2024-06-26 7:00 dpdklab
2024-06-26 6:56 dpdklab
2024-06-26 6:52 dpdklab
2024-06-26 6:51 dpdklab
2024-06-26 6:51 dpdklab
2024-06-26 6:51 dpdklab
2024-06-26 6:50 dpdklab
2024-06-26 6:50 dpdklab
2024-06-26 6:50 dpdklab
2024-06-26 6:49 dpdklab
2024-06-26 6:49 dpdklab
2024-06-26 6:49 dpdklab
2024-06-26 6:47 dpdklab
2024-06-26 6:47 dpdklab
2024-06-26 6:46 dpdklab
2024-06-26 6:46 dpdklab
2024-06-26 6:45 dpdklab
2024-06-26 6:45 dpdklab
2024-06-26 6:44 dpdklab
2024-06-26 6:44 dpdklab
2024-06-26 6:44 dpdklab
2024-06-26 6:43 dpdklab
2024-06-26 6:43 dpdklab
2024-06-26 6:42 dpdklab
2024-06-26 6:40 dpdklab
2024-06-25 14:06 dpdklab
2024-06-25 13:53 dpdklab
2024-06-25 13:48 dpdklab
2024-06-25 13:38 dpdklab
2024-06-25 13:33 dpdklab
2024-06-25 13:32 dpdklab
2024-06-25 13:29 dpdklab
2024-06-25 13:26 dpdklab
2024-06-25 13:25 dpdklab
2024-06-25 13:24 dpdklab
2024-06-25 13:24 dpdklab
2024-06-25 13:20 dpdklab
2024-06-25 13:17 dpdklab
2024-06-25 13:15 dpdklab
2024-06-25 13:15 dpdklab
2024-06-25 13:14 dpdklab
2024-06-25 13:13 dpdklab
2024-06-25 13:13 dpdklab
2024-06-25 13:12 dpdklab
2024-06-25 13:11 dpdklab
2024-06-25 13:09 dpdklab
2024-06-25 13:08 dpdklab
2024-06-25 13:07 dpdklab
2024-06-25 13:06 dpdklab
2024-06-25 12:58 dpdklab
2024-06-25 12:57 dpdklab
2024-06-25 12:52 dpdklab
2024-06-25 12:51 dpdklab
2024-06-25 12:50 dpdklab
2024-06-25 12:48 dpdklab
2024-06-25 12:47 dpdklab
2024-06-25 12:45 dpdklab
2024-06-25 12:44 dpdklab
2024-06-25 12:43 dpdklab
2024-06-25 12:40 dpdklab
2024-06-25 12:38 dpdklab
2024-06-25 12:37 dpdklab
2024-06-25 12:36 dpdklab
2024-06-25 12:36 dpdklab
2024-06-25 12:36 dpdklab
2024-06-25 12:36 dpdklab
2024-06-25 12:36 dpdklab
2024-06-25 12:35 dpdklab
2024-06-25 12:35 dpdklab
2024-06-25 12:34 dpdklab
2024-06-25 12:33 dpdklab
2024-06-25 12:32 dpdklab
2024-06-25 12:31 dpdklab
2024-06-25 12:28 dpdklab
2024-06-25 12:28 dpdklab
2024-06-25 12:12 dpdklab
2024-06-25 11:58 dpdklab
2024-06-25 11:58 dpdklab
2024-06-25 11:54 dpdklab
2024-06-25 9:07 dpdklab
2024-06-25 9:05 dpdklab
2024-06-25 9:04 dpdklab
2024-06-25 9:03 dpdklab
2024-06-25 8:10 dpdklab
2024-06-25 7:40 dpdklab
2024-06-24 6:26 dpdklab
2024-06-24 6:26 dpdklab
2024-06-24 6:24 dpdklab
2024-06-24 6:20 dpdklab
2024-06-24 6:19 dpdklab
2024-06-24 6:07 dpdklab
2024-06-24 5:54 dpdklab
2024-06-24 5:52 dpdklab
2024-06-24 5:52 dpdklab
2024-06-24 5:51 dpdklab
2024-06-24 5:50 dpdklab
2024-06-24 5:50 dpdklab
2024-06-24 5:48 dpdklab
2024-06-24 5:47 dpdklab
2024-06-24 5:45 dpdklab
2024-06-24 5:45 dpdklab
2024-06-24 5:44 dpdklab
2024-06-24 5:44 dpdklab
2024-06-24 5:42 dpdklab
2024-06-24 5:42 dpdklab
2024-06-24 5:14 dpdklab
2024-06-24 5:13 dpdklab
2024-06-24 5:13 dpdklab
2024-06-24 5:12 dpdklab
2024-06-24 5:11 dpdklab
2024-06-24 5:11 dpdklab
2024-06-24 5:11 dpdklab
2024-06-24 5:10 dpdklab
2024-06-24 5:09 dpdklab
2024-06-24 5:02 dpdklab
2024-06-24 5:02 dpdklab
2024-06-24 5:01 dpdklab
2024-06-24 5:01 dpdklab
2024-06-24 5:01 dpdklab
2024-06-24 5:00 dpdklab
2024-06-24 5:00 dpdklab
2024-06-24 5:00 dpdklab
2024-06-24 5:00 dpdklab
2024-06-24 4:59 dpdklab
2024-06-24 4:58 dpdklab
2024-06-24 4:57 dpdklab
2024-06-24 4:57 dpdklab
2024-06-24 4:57 dpdklab
2024-06-24 4:56 dpdklab
2024-06-24 4:55 dpdklab
2024-06-24 4:55 dpdklab
2024-06-24 4:55 dpdklab
2024-06-24 4:53 dpdklab
2024-06-24 4:53 dpdklab
2024-06-24 4:53 dpdklab
2024-06-24 4:53 dpdklab
2024-06-24 4:53 dpdklab
2024-06-24 4:52 dpdklab
2024-06-24 4:52 dpdklab
2024-06-24 4:52 dpdklab
2024-06-24 4:51 dpdklab
2024-06-24 4:51 dpdklab
2024-06-24 4:50 dpdklab
2024-06-24 4:50 dpdklab
2024-06-24 4:50 dpdklab
2024-06-24 4:49 dpdklab
2024-06-24 4:49 dpdklab
2024-06-24 4:49 dpdklab
2024-06-24 4:47 dpdklab
2024-06-24 4:28 dpdklab
2024-06-24 4:27 dpdklab
2024-06-24 4:26 dpdklab
2024-06-23 7:15 dpdklab
2024-06-23 7:03 dpdklab
2024-06-23 6:36 dpdklab
2024-06-23 6:35 dpdklab
2024-06-23 6:33 dpdklab
2024-06-23 6:32 dpdklab
2024-06-23 6:29 dpdklab
2024-06-23 6:29 dpdklab
2024-06-23 6:27 dpdklab
2024-06-23 6:20 dpdklab
2024-06-23 6:19 dpdklab
Reply instructions:
You may reply publicly to this message via plain-text email
using any one of the following methods:
* Save the following mbox file, import it into your mail client,
and reply-to-all from there: mbox
Avoid top-posting and favor interleaved quoting:
https://en.wikipedia.org/wiki/Posting_style#Interleaved_style
* Reply using the --to, --cc, and --in-reply-to
switches of git-send-email(1):
git send-email \
--in-reply-to=66882c78.050a0220.ec744.ed5eSMTPIN_ADDED_MISSING@mx.google.com \
--to=dpdklab@iol.unh.edu \
--cc=bluca@debian.org \
--cc=christian.ehrhardt@canonical.com \
--cc=dpdk-test-reports@iol.unh.edu \
--cc=ktraynor@redhat.com \
--cc=test-report@dpdk.org \
--cc=xuemingl@nvidia.com \
/path/to/YOUR_REPLY
https://kernel.org/pub/software/scm/git/docs/git-send-email.html
* If your mail client supports setting the In-Reply-To header
via mailto: links, try the mailto: link
Be sure your reply has a Subject: header at the top and a blank line
before the message body.
This is a public inbox, see mirroring instructions
for how to clone and mirror all data and code used for this inbox;
as well as URLs for NNTP newsgroup(s).