From mboxrd@z Thu Jan  1 00:00:00 1970
Return-Path: <test-report-bounces@dpdk.org>
Received: from mails.dpdk.org (mails.dpdk.org [217.70.189.124])
	by inbox.dpdk.org (Postfix) with ESMTP id 20063455DD
	for <public@inbox.dpdk.org>; Thu, 11 Jul 2024 02:14:12 +0200 (CEST)
Received: from mails.dpdk.org (localhost [127.0.0.1])
	by mails.dpdk.org (Postfix) with ESMTP id 1B46440E27;
	Thu, 11 Jul 2024 02:14:12 +0200 (CEST)
Received: from mail-yw1-f228.google.com (mail-yw1-f228.google.com
 [209.85.128.228])
 by mails.dpdk.org (Postfix) with ESMTP id 662AC40DC9
 for <test-report@dpdk.org>; Thu, 11 Jul 2024 02:14:11 +0200 (CEST)
Received: by mail-yw1-f228.google.com with SMTP id
 00721157ae682-64f4fd64773so3956497b3.0
 for <test-report@dpdk.org>; Wed, 10 Jul 2024 17:14:11 -0700 (PDT)
DKIM-Signature: v=1; a=rsa-sha256; c=relaxed/relaxed;
 d=iol.unh.edu; s=unh-iol; t=1720656851; x=1721261651; darn=dpdk.org;
 h=references:in-reply-to:cc:to:from:subject:message-id:date:from:to
 :cc:subject:date:message-id:reply-to;
 bh=KPc7pnYSea8kWP/4c4Vr1FanYQgXzQNZwxkpZUBxAGw=;
 b=BZdXChFnGLSrMPG+dPMuAfUb0h9CIJSbUmlgE0DYGHigi0A2hcpFsorXVgQwKPZKXS
 oLh1VLM4Lf9jKCeexdiqvv/G82qakUU+uQ7Sa7XsN/3Qsa/TyLGm2L6JRNlqVLr/kPN0
 ApuNa0fmdcQPsql7CpBDp6ATRoT0yPSaa5hOs=
X-Google-DKIM-Signature: v=1; a=rsa-sha256; c=relaxed/relaxed;
 d=1e100.net; s=20230601; t=1720656851; x=1721261651;
 h=references:in-reply-to:cc:to:from:subject:message-id:date
 :x-gm-message-state:from:to:cc:subject:date:message-id:reply-to;
 bh=KPc7pnYSea8kWP/4c4Vr1FanYQgXzQNZwxkpZUBxAGw=;
 b=alcyecBTKJ+3QmzkxsTJViD6muVng5sRPM9QZAppmtb/6B+hZUvlvFFfx0Um3k89ap
 8n+gyKbgZk3Bxvq062ppMqZOl/9CQ9w9Ss5kcXBX6jf7uNxTwFRtWI8OId1JSskWMagV
 3qAS4Pp6ILgcH9EmGH7vdL7OBe9rvDFuk3oTrcJDq4IMTkRVnu1FS3IJDO80QjXVxgGk
 VKwcP6lNEKz3iv5ga0ZW/3z+eNzYzVCSioKmgfGwT8o9K0YNQfddzT4G0gksSyUyu/83
 ZFTouDUEOd0Tm4m/UbW0d8kD3+Dyy/tqYJLdseu3Y2Y7VKalczEJ/jZDLPG/KxMboJSS
 t/2Q==
X-Gm-Message-State: AOJu0YxGxRBgjqtjU0CnwT8PEFgQhDKHULuTEzMidK6Rd745zKWTx308
 EIJKoi5FVEQ7t79B1YOAtYdzbgKAvhC7zt4rfWCmeuGSTdyBf1dwrStSBF/VdW78mEAm736PNKG
 5tnRI8/pTMiF2gzFxBOi8RcFExkE86a2vaHWdLb6QVTiX5mRvSslDpcVc
X-Google-Smtp-Source: AGHT+IH85Vrwd1RJ+MS6ZYOjwHkvnfV6v1cAd3OpR4V7anori6aCUfkWK3uzzzWqEfKPZ+0WvOaT8UfB9ZLs
X-Received: by 2002:a0d:e642:0:b0:627:d92a:bdc0 with SMTP id
 00721157ae682-658f09c90a6mr74452577b3.36.1720656850702; 
 Wed, 10 Jul 2024 17:14:10 -0700 (PDT)
Received: from postal.iol.unh.edu (postal.iol.unh.edu.
 [2606:4100:3880:1234::84]) by smtp-relay.gmail.com with ESMTPS id
 00721157ae682-658e70b15b1sm2012477b3.78.2024.07.10.17.14.10
 (version=TLS1_2 cipher=ECDHE-ECDSA-AES128-GCM-SHA256 bits=128/128);
 Wed, 10 Jul 2024 17:14:10 -0700 (PDT)
X-Relaying-Domain: iol.unh.edu
Date: Wed, 10 Jul 2024 17:14:10 -0700 (PDT)
Message-ID: <668f23d2.050a0220.4b45.b0b2SMTPIN_ADDED_MISSING@mx.google.com>
Received: from [172.17.0.2] (unknown [172.18.0.217])
 by postal.iol.unh.edu (Postfix) with ESMTP id 5B46A605C380;
 Wed, 10 Jul 2024 20:14:10 -0400 (EDT)
Subject: |FAILURE| pw142284-142291 [PATCH] [v5,8/8] mempool/dpaax: cache free
From: dpdklab@iol.unh.edu
To: Test Report <test-report@dpdk.org>
Cc: dpdk-test-reports@iol.unh.edu, None <vanshika.shukla@nxp.com>
In-Reply-To: <20240710085534.2564668-9-vanshika.shukla@nxp.com>
References: <20240710085534.2564668-9-vanshika.shukla@nxp.com>
Content-Type: text/plain
X-BeenThere: test-report@dpdk.org
X-Mailman-Version: 2.1.29
Precedence: list
List-Id: automatic DPDK test reports <test-report.dpdk.org>
List-Unsubscribe: <https://mails.dpdk.org/options/test-report>,
 <mailto:test-report-request@dpdk.org?subject=unsubscribe>
List-Archive: <http://mails.dpdk.org/archives/test-report/>
List-Post: <mailto:test-report@dpdk.org>
List-Help: <mailto:test-report-request@dpdk.org?subject=help>
List-Subscribe: <https://mails.dpdk.org/listinfo/test-report>,
 <mailto:test-report-request@dpdk.org?subject=subscribe>
Errors-To: test-report-bounces@dpdk.org

Test-Label: iol-compile-arm64-testing
Test-Status: FAILURE
http://dpdk.org/patch/142291

_Testing issues_

Submitter: None <vanshika.shukla@nxp.com>
Date: Wednesday, July 10 2024 08:55:34 
DPDK git baseline: Repo:dpdk
  Branch: master
  CommitID:a6c3ec342ee105e322ffdb21e810cdfd38455c62

142284-142291 --> testing issues

Test environment and result as below:

+----------------------------------------+--------------------+
|              Environment               | dpdk_meson_compile |
+========================================+====================+
| RHEL9 (ARM)                            | FAIL               |
+----------------------------------------+--------------------+
| Ubuntu 20.04 ARM GCC Cross Compile     | PASS               |
+----------------------------------------+--------------------+
| Debian 12 with MUSDK                   | PASS               |
+----------------------------------------+--------------------+
| Fedora 37 (ARM)                        | FAIL               |
+----------------------------------------+--------------------+
| Fedora 38 (ARM)                        | FAIL               |
+----------------------------------------+--------------------+
| Fedora 38 (ARM Clang)                  | PASS               |
+----------------------------------------+--------------------+
| Fedora 39 (ARM)                        | FAIL               |
+----------------------------------------+--------------------+
| Fedora 39 (ARM Clang)                  | PASS               |
+----------------------------------------+--------------------+
| Fedora 40 (ARM)                        | FAIL               |
+----------------------------------------+--------------------+
| Fedora 40 (ARM Clang)                  | PASS               |
+----------------------------------------+--------------------+
| Ubuntu 20.04 (ARM)                     | PASS               |
+----------------------------------------+--------------------+
| Ubuntu 22.04 (ARM)                     | FAIL               |
+----------------------------------------+--------------------+
| Ubuntu 24.04 (ARM)                     | FAIL               |
+----------------------------------------+--------------------+
| CentOS Stream 9 (ARM)                  | FAIL               |
+----------------------------------------+--------------------+
| Debian 11 (Buster) (ARM)               | PASS               |
+----------------------------------------+--------------------+
| Debian 12 (arm)                        | FAIL               |
+----------------------------------------+--------------------+
| Ubuntu 20.04 ARM Clang Cross Compile   | PASS               |
+----------------------------------------+--------------------+
| Ubuntu 20.04 aarch32 GCC Cross Compile | PASS               |
+----------------------------------------+--------------------+
| Ubuntu 20.04 ARM SVE                   | PEND               |
+----------------------------------------+--------------------+

==== 20 line log output for Debian 12 (arm) (dpdk_meson_compile): ====
[1961/3228] Linking static target drivers/librte_net_nfp.a.
[1962/3228] Compiling C object 'drivers/a715181@@rte_net_nfp@sha/meson-generated_.._rte_net_nfp.pmd.c.o'.
[1963/3228] Linking target drivers/librte_net_nfp.so.24.2.
[1964/3228] Compiling C object 'drivers/net/ngbe/base/668b126@@ngbe_base@sta/ngbe_eeprom.c.o'.
[1965/3228] Compiling C object 'drivers/net/ngbe/base/668b126@@ngbe_base@sta/ngbe_hw.c.o'.
[1966/3228] Compiling C object 'drivers/net/ngbe/base/668b126@@ngbe_base@sta/ngbe_mbx.c.o'.
[1967/3228] Compiling C object 'drivers/net/ngbe/base/668b126@@ngbe_base@sta/ngbe_mng.c.o'.
FAILED: drivers/net/ngbe/base/668b126@@ngbe_base@sta/ngbe_mng.c.o
ccache cc -Idrivers/net/ngbe/base/668b126@@ngbe_base@sta -Idrivers/net/ngbe/base -I../drivers/net/ngbe/base -I. -I../ -Iconfig -I../config -Ilib/eal/include -I../lib/eal/include -Ilib/eal/linux/include -I../lib/eal/linux/include -Ilib/eal/arm/include -I../lib/eal/arm/include -Ilib/eal/common -I../lib/eal/common -Ilib/eal -I../lib/eal -Ilib/kvargs -I../lib/kvargs -Ilib/log -I../lib/log -Ilib/telemetry/../metrics -I../lib/telemetry/../metrics -Ilib/telemetry -I../lib/telemetry -Ilib/ethdev -I../lib/ethdev -Ilib/net -I../lib/net -Ilib/mbuf -I../lib/mbuf -Ilib/mempool -I../lib/mempool -Ilib/ring -I../lib/ring -Ilib/meter -I../lib/meter -Idrivers/bus/pci -I../drivers/bus/pci -I../drivers/bus/pci/linux -Ilib/pci -I../lib/pci -fdiagnostics-color=always -pipe -D_FILE_OFFSET_BITS=64 -Wall -Winvalid-pch -Wextra -Werror -std=c11 -O3 -include rte_config.h -Wcast-qual -Wdeprecated -Wformat -Wformat-nonliteral -Wformat-security -Wmissing-declarations -Wmissing-prototypes -Wnested-externs -Wold-sty
 le-definition -Wpointer-arith -Wsign-compare -Wstrict-prototypes -Wundef -Wwrite-strings -Wno-address-of-packed-member -Wno-packed-not-aligned -Wno-missing-field-initializers -Wno-zero-length-bounds -D_GNU_SOURCE -fPIC -mcpu=thunderx2t99+crc+crypto -DALLOW_EXPERIMENTAL_API -DALLOW_INTERNAL_API -Wno-format-truncation -MD -MQ 'drivers/net/ngbe/base/668b126@@ngbe_base@sta/ngbe_mng.c.o' -MF 'drivers/net/ngbe/base/668b126@@ngbe_base@sta/ngbe_mng.c.o.d' -o 'drivers/net/ngbe/base/668b126@@ngbe_base@sta/ngbe_mng.c.o' -c ../drivers/net/ngbe/base/ngbe_mng.c
In function 'ngbe_host_interface_command',
inlined from 'ngbe_host_interface_command' at ../drivers/net/ngbe/base/ngbe_mng.c:86:1,
inlined from 'ngbe_hic_get_lldp' at ../drivers/net/ngbe/base/ngbe_mng.c:394:8:
../drivers/net/ngbe/base/ngbe_mng.c:127:36: error: array subscript 2 is outside array bounds of 'struct ngbe_hic_write_lldp[1]' [-Werror=array-bounds]
127 |                         buffer[bi] = rd32a(hw, NGBE_MNGMBX, bi);
../drivers/net/ngbe/base/ngbe_mng.c: In function 'ngbe_hic_get_lldp':
../drivers/net/ngbe/base/ngbe_mng.c:385:36: note: at offset 8 into object 'buffer' of size 8
385 |         struct ngbe_hic_write_lldp buffer;
|                                    ^~~~~~
cc1: all warnings being treated as errors
ninja: build stopped: subcommand failed.
==== End log output ====

RHEL9 (ARM)
	Kernel: Depends on container host
	Compiler: gcc 11.4.1

Ubuntu 20.04 ARM GCC Cross Compile
	Kernel: 5.4.0-167-generic
	Compiler: aarch64-linux-gnu-gcc (Ubuntu 9.4.0-1ubuntu1~20.04.2) 9.4.0

Debian 12 with MUSDK
	Kernel: Container Host Kernel
	Compiler: gcc 12.2.0

Fedora 37 (ARM)
	Kernel: Depends on container host
	Compiler: gcc 12.3.1

Fedora 38 (ARM)
	Kernel: Depends on container host
	Compiler: gcc 13.2.1

Fedora 38 (ARM Clang)
	Kernel: Depends on container host
	Compiler: clang 16.0.6

Fedora 39 (ARM)
	Kernel: Depends on container host
	Compiler: gcc 13.2.1

Fedora 39 (ARM Clang)
	Kernel: Depends on container host
	Compiler: clang 17.0.6

Fedora 40 (ARM)
	Kernel: Depends on container host
	Compiler: gcc 14.1.1

Fedora 40 (ARM Clang)
	Kernel: Depends on container host
	Compiler: clang 18.1.6

Ubuntu 20.04 (ARM)
	Kernel: Container Host Kernel
	Compiler: gcc 9.4.0

Ubuntu 22.04 (ARM)
	Kernel: Container Host Kernel
	Compiler: gcc 11.4.0

Ubuntu 24.04 (ARM)
	Kernel: 5.4.0-167-generic
	Compiler: gcc 13.2.0

CentOS Stream 9 (ARM)
	Kernel: Container Host Kernel
	Compiler: gcc 11.4.1

Debian 11 (Buster) (ARM)
	Kernel: Container Host Kernel
	Compiler: gcc 10.2.1

Debian 12 (arm)
	Kernel: Container Host Kernel
	Compiler: gcc 12.2.0

Ubuntu 20.04 ARM Clang Cross Compile
	Kernel: 5.4.0-72-generic
	Compiler: clang 10.0.0-4ubuntu1

Ubuntu 20.04 aarch32 GCC Cross Compile
	Kernel: 5.4.0-167-generic
	Compiler: gcc 9.4.0

Ubuntu 20.04 ARM SVE
	Kernel: 5.4.0-167-generic
	Compiler: gcc (Ubuntu 10.5.0-1ubuntu1~20.04) 10.5.0

To view detailed results, visit:
https://lab.dpdk.org/results/dashboard/patchsets/30485/

UNH-IOL DPDK Community Lab

To manage your email subscriptions, visit: 
https://lab.dpdk.org/results/dashboard/preferences/subscriptions/