From: dpdklab@iol.unh.edu
To: Test Report <test-report@dpdk.org>
Cc: dpdk-test-reports@iol.unh.edu, Xueming Li <xuemingl@nvidia.com>,
Christian Ehrhardt <christian.ehrhardt@canonical.com>,
Kevin Traynor <ktraynor@redhat.com>,
Luca Boccassi <bluca@debian.org>
Subject: |FAILURE| [GIT MASTER] 49b2102bf9fea000d36860353016a5c6ddf993a9
Date: Thu, 11 Jul 2024 23:20:27 -0700 (PDT) [thread overview]
Message-ID: <6690cb2b.050a0220.af169.9038SMTPIN_ADDED_MISSING@mx.google.com> (raw)
_Testing issues_
Branch: tags/v21.11
49b2102bf9fea000d36860353016a5c6ddf993a9 --> testing issues
Test environment and result as below:
+---------------------+----------------+
| Environment | dpdk_unit_test |
+=====================+================+
| Windows Server 2022 | PASS |
+---------------------+----------------+
| CentOS Stream 9 | FAIL |
+---------------------+----------------+
| Fedora 38 (Clang) | FAIL |
+---------------------+----------------+
| Fedora 38 | PEND |
+---------------------+----------------+
| Fedora 39 | FAIL |
+---------------------+----------------+
| Debian Bullseye | PEND |
+---------------------+----------------+
| Debian 12 | PEND |
+---------------------+----------------+
| Fedora 37 | PEND |
+---------------------+----------------+
| Ubuntu 20.04 | PEND |
+---------------------+----------------+
| RHEL 7 | PEND |
+---------------------+----------------+
| Fedora 40 (Clang) | PEND |
+---------------------+----------------+
| Windows Server 2019 | PASS |
+---------------------+----------------+
| RHEL9 | PEND |
+---------------------+----------------+
| Fedora 39 (Clang) | PEND |
+---------------------+----------------+
| Fedora 40 | PEND |
+---------------------+----------------+
| RHEL8 | PEND |
+---------------------+----------------+
| Ubuntu 22.04 | PEND |
+---------------------+----------------+
| openSUSE Leap 15 | PEND |
+---------------------+----------------+
| Ubuntu 24.04 | PEND |
+---------------------+----------------+
| CentOS Stream 8 | PEND |
+---------------------+----------------+
==== Unit test summary for Fedora 39 (dpdk_unit_test): ====
ninja: Entering directory `/home-local/jenkins-local/jenkins-agent/workspace/Generic-Unit-Test-DPDK/dpdk/build'
ninja: no work to do.
1/101 DPDK:fast-tests / acl_autotest OK 3.03 s
2/101 DPDK:fast-tests / atomic_autotest OK 0.37 s
3/101 DPDK:fast-tests / bitmap_autotest OK 0.17 s
4/101 DPDK:fast-tests / bpf_autotest OK 0.17 s
5/101 DPDK:fast-tests / bpf_convert_autotest OK 0.17 s
6/101 DPDK:fast-tests / bitops_autotest OK 0.17 s
7/101 DPDK:fast-tests / byteorder_autotest OK 0.17 s
8/101 DPDK:fast-tests / cksum_autotest OK 0.17 s
9/101 DPDK:fast-tests / cmdline_autotest OK 0.17 s
10/101 DPDK:fast-tests / common_autotest OK 0.47 s
11/101 DPDK:fast-tests / cpuflags_autotest OK 0.17 s
12/101 DPDK:fast-tests / debug_autotest OK 0.32 s
13/101 DPDK:fast-tests / devargs_autotest OK 0.17 s
14/101 DPDK:fast-tests / eal_flags_c_opt_autotest OK 0.67 s
15/101 DPDK:fast-tests / eal_flags_main_opt_autotest OK 0.27 s
16/101 DPDK:fast-tests / eal_flags_n_opt_autotest OK 0.47 s
17/101 DPDK:fast-tests / eal_flags_hpet_autotest OK 0.22 s
18/101 DPDK:fast-tests / eal_flags_no_huge_autotest OK 0.47 s
19/101 DPDK:fast-tests / eal_flags_a_opt_autotest OK 0.32 s
20/101 DPDK:fast-tests / eal_flags_b_opt_autotest OK 0.27 s
21/101 DPDK:fast-tests / eal_flags_vdev_opt_autotest OK 0.57 s
22/101 DPDK:fast-tests / eal_flags_r_opt_autotest OK 0.27 s
23/101 DPDK:fast-tests / eal_flags_mem_autotest OK 0.72 s
24/101 DPDK:fast-tests / eal_flags_file_prefix_autotest OK 4.24 s
25/101 DPDK:fast-tests / eal_flags_misc_autotest OK 1.72 s
26/101 DPDK:fast-tests / eal_fs_autotest OK 0.17 s
27/101 DPDK:fast-tests / errno_autotest OK 0.17 s
28/101 DPDK:fast-tests / ethdev_link_status OK 0.17 s
29/101 DPDK:fast-tests / event_ring_autotest OK 0.17 s
30/101 DPDK:fast-tests / fib_autotest OK 0.67 s
31/101 DPDK:fast-tests / fib6_autotest OK 0.67 s
32/101 DPDK:fast-tests / func_reentrancy_autotest OK 0.57 s
33/101 DPDK:fast-tests / flow_classify_autotest OK 0.17 s
34/101 DPDK:fast-tests / graph_autotest OK 0.17 s
35/101 DPDK:fast-tests / hash_autotest OK 0.27 s
36/101 DPDK:fast-tests / interrupt_autotest OK 1.27 s
37/101 DPDK:fast-tests / ipfrag_autotest OK 0.17 s
38/101 DPDK:fast-tests / lcores_autotest OK 1.27 s
39/101 DPDK:fast-tests / logs_autotest OK 0.17 s
40/101 DPDK:fast-tests / lpm_autotest OK 3.48 s
41/101 DPDK:fast-tests / lpm6_autotest OK 4.89 s
42/101 DPDK:fast-tests / malloc_autotest OK 0.47 s
43/101 DPDK:fast-tests / mbuf_autotest OK 0.32 s
44/101 DPDK:fast-tests / mcslock_autotest OK 0.42 s
45/101 DPDK:fast-tests / memcpy_autotest OK 1.77 s
46/101 DPDK:fast-tests / memory_autotest OK 0.17 s
47/101 DPDK:fast-tests / mempool_autotest OK 0.47 s
48/101 DPDK:fast-tests / memzone_autotest OK 0.17 s
49/101 DPDK:fast-tests / meter_autotest OK 0.17 s
50/101 DPDK:fast-tests / multiprocess_autotest OK 0.27 s
51/101 DPDK:fast-tests / node_list_dump OK 0.17 s
52/101 DPDK:fast-tests / per_lcore_autotest OK 0.27 s
53/101 DPDK:fast-tests / pflock_autotest OK 0.27 s
54/101 DPDK:fast-tests / prefetch_autotest OK 0.17 s
55/101 DPDK:fast-tests / rcu_qsbr_autotest OK 0.27 s
56/101 DPDK:fast-tests / pie_autotest OK 0.17 s
57/101 DPDK:fast-tests / rib_autotest OK 4.19 s
58/101 DPDK:fast-tests / rib6_autotest OK 4.19 s
59/101 DPDK:fast-tests / ring_autotest OK 0.17 s
60/101 DPDK:fast-tests / rwlock_test1_autotest OK 0.27 s
61/101 DPDK:fast-tests / rwlock_rda_autotest OK 5.18 s
62/101 DPDK:fast-tests / rwlock_rds_wrm_autotest OK 5.18 s
63/101 DPDK:fast-tests / rwlock_rde_wro_autotest OK 5.18 s
64/101 DPDK:fast-tests / sched_autotest OK 0.17 s
65/101 DPDK:fast-tests / security_autotest OK 0.17 s
66/101 DPDK:fast-tests / spinlock_autotest OK 0.17 s
67/101 DPDK:fast-tests / stack_autotest OK 0.17 s
68/101 DPDK:fast-tests / stack_lf_autotest OK 0.27 s
69/101 DPDK:fast-tests / string_autotest OK 0.17 s
70/101 DPDK:fast-tests / table_autotest OK 6.25 s
71/101 DPDK:fast-tests / tailq_autotest OK 0.17 s
72/101 DPDK:fast-tests / ticketlock_autotest OK 0.22 s
73/101 DPDK:fast-tests / timer_autotest OK 2.52 s
74/101 DPDK:fast-tests / user_delay_us OK 0.17 s
75/101 DPDK:fast-tests / version_autotest OK 0.17 s
76/101 DPDK:fast-tests / crc_autotest OK 0.17 s
77/101 DPDK:fast-tests / distributor_autotest OK 0.87 s
78/101 DPDK:fast-tests / eventdev_common_autotest OK 0.17 s
79/101 DPDK:fast-tests / fbarray_autotest OK 0.17 s
80/101 DPDK:fast-tests / hash_readwrite_func_autotest SKIP 0.17 s
81/101 DPDK:fast-tests / ipsec_autotest SKIP 0.17 s
82/101 DPDK:fast-tests / kni_autotest SKIP 0.17 s
83/101 DPDK:fast-tests / kvargs_autotest OK 0.17 s
84/101 DPDK:fast-tests / member_autotest OK 0.17 s
85/101 DPDK:fast-tests / power_cpufreq_autotest SKIP 0.17 s
86/101 DPDK:fast-tests / power_autotest OK 0.17 s
87/101 DPDK:fast-tests / power_kvm_vm_autotest SKIP 0.17 s
88/101 DPDK:fast-tests / reorder_autotest OK 0.22 s
89/101 DPDK:fast-tests / service_autotest OK 1.07 s
90/101 DPDK:fast-tests / thash_autotest OK 0.17 s
91/101 DPDK:fast-tests / trace_autotest OK 0.17 s
92/101 DPDK:fast-tests / metrics_autotest OK 0.17 s
93/101 DPDK:fast-tests / telemetry_json_autotest OK 0.17 s
94/101 DPDK:fast-tests / telemetry_data_autotest OK 0.17 s
95/101 DPDK:fast-tests / ring_pmd_autotest OK 0.17 s
96/101 DPDK:fast-tests / event_eth_tx_adapter_autotest OK 0.47 s
97/101 DPDK:fast-tests / bitratestats_autotest OK 0.17 s
98/101 DPDK:fast-tests / latencystats_autotest OK 0.17 s
99/101 DPDK:fast-tests / pdump_autotest OK 5.24 s
100/101 DPDK:fast-tests / vdev_autotest OK 0.17 s
101/101 DPDK:fast-tests / compressdev_autotest SKIP 0.17 s
Ok: 95
Expected Fail: 0
Fail: 0
Unexpected Pass: 0
Skipped: 6
Timeout: 0
Full log written to /home-local/jenkins-local/jenkins-agent/workspace/Generic-Unit-Test-DPDK/dpdk/build/meson-logs/testlog.txt
ninja: Entering directory `/home-local/jenkins-local/jenkins-agent/workspace/Generic-Unit-Test-DPDK/dpdk/build'
ninja: no work to do.
1/2 DPDK:driver-tests / cryptodev_openssl_autotest FAIL 0.47 s (exit status 255 or signal 127 SIGinvalid)
2/2 DPDK:driver-tests / cryptodev_openssl_asym_autotest OK 0.17 s
Ok: 1
Expected Fail: 0
Fail: 1
Unexpected Pass: 0
Skipped: 0
Timeout: 0
Full log written to /home-local/jenkins-local/jenkins-agent/workspace/Generic-Unit-Test-DPDK/dpdk/build/meson-logs/testlog.txt
Test log output from the failed test cryptodev_openssl_autotest:
Sorry, we were not able to find the logs for this test.
Download the log output from the CI site for this test run.
==== End log output ====
Windows Server 2022
Kernel: 10.0.20348.2031
Compiler: clang 15.0.7, gcc 8.1.0 (MinGW), and MSVC VS 17.9
CentOS Stream 9
Kernel: 5.4.0-167-generic
Compiler: gcc 11.4.1 20230605
Fedora 38 (Clang)
Kernel: Depends on container host
Compiler: clang 16.0.6
Fedora 38
Kernel: Depends on container host
Compiler: gcc 13.2.1
Fedora 39
Kernel: Depends on container host
Compiler: gcc 13.2.1
Debian Bullseye
Kernel: 5.4.0-167-generic
Compiler: gcc 10.2.1-6
Debian 12
Kernel: Container Host Kernel
Compiler: gcc 12.2.0
Fedora 37
Kernel: Depends on container host system
Compiler: gcc 12.3.1
Ubuntu 20.04
Kernel: 5.4.0-167-generic
Compiler: gcc 9.4.0-1ubuntu1~20.04.1
RHEL 7
Kernel: 5.4.0-167-generic
Compiler: gcc 4.8.5 20150623 (Red Hat 4.8.5-44)
Fedora 40 (Clang)
Kernel: Depends on container host
Compiler: clang 18.1.6
Windows Server 2019
Kernel: 10.0.17763
Compiler: clang 14.0 and gcc 8.1.0 (MinGW)
RHEL9
Kernel: Depends on container host
Compiler: gcc 11.4.1
Fedora 39 (Clang)
Kernel: Depends on container host
Compiler: clang 17.0.6
Fedora 40
Kernel: Depends on container host
Compiler: gcc 14.1.1
RHEL8
Kernel: 5.4.0-167-generic
Compiler: gcc 8.5.0 20210514 (Red Hat 8.5.0-20)
Ubuntu 22.04
Kernel: 5.4.0-167-generic
Compiler: gcc 11.4.0
openSUSE Leap 15
Kernel: 5.4.0-167-generic
Compiler: gcc 7.5.0
Ubuntu 24.04
Kernel: 5.4.0-167-generic
Compiler: gcc 13.2.0
CentOS Stream 8
Kernel: 5.4.0-167-generic
Compiler: gcc 8.5.0 20210514
To view detailed results, visit:
https://lab.dpdk.org/results/dashboard/tarballs/29824/
UNH-IOL DPDK Community Lab
To manage your email subscriptions, visit:
https://lab.dpdk.org/results/dashboard/preferences/subscriptions/
next reply other threads:[~2024-07-12 6:20 UTC|newest]
Thread overview: 4251+ messages / expand[flat|nested] mbox.gz Atom feed top
2024-07-12 6:20 dpdklab [this message]
2024-07-18 7:36 dpdklab
2024-07-18 7:37 dpdklab
2024-07-18 7:38 dpdklab
2024-07-18 7:39 dpdklab
2024-07-18 7:41 dpdklab
2024-07-18 7:42 dpdklab
2024-07-18 7:43 dpdklab
2024-07-18 7:43 dpdklab
2024-07-18 7:46 dpdklab
2024-07-18 7:46 dpdklab
2024-07-18 7:47 dpdklab
2024-07-18 7:47 dpdklab
2024-07-18 7:48 dpdklab
2024-07-18 7:48 dpdklab
2024-07-18 8:00 dpdklab
2024-07-18 8:02 dpdklab
2024-07-18 8:04 dpdklab
2024-07-18 8:04 dpdklab
2024-07-18 8:08 dpdklab
2024-07-18 8:17 dpdklab
2024-07-19 5:21 dpdklab
2024-07-19 5:21 dpdklab
2024-07-19 5:22 dpdklab
2024-07-19 5:24 dpdklab
2024-07-19 5:25 dpdklab
2024-07-19 5:25 dpdklab
2024-07-19 5:27 dpdklab
2024-07-19 5:27 dpdklab
2024-07-19 5:40 dpdklab
2024-07-19 5:45 dpdklab
2024-07-19 5:46 dpdklab
2024-07-19 5:48 dpdklab
2024-07-19 5:48 dpdklab
2024-07-19 5:50 dpdklab
2024-07-19 5:50 dpdklab
2024-07-19 5:53 dpdklab
2024-07-19 5:54 dpdklab
2024-07-19 5:54 dpdklab
2024-07-19 5:57 dpdklab
2024-07-19 5:59 dpdklab
2024-07-19 6:01 dpdklab
2024-07-19 6:02 dpdklab
2024-07-19 6:03 dpdklab
2024-07-19 6:05 dpdklab
2024-07-19 6:06 dpdklab
2024-07-19 6:06 dpdklab
2024-07-19 6:06 dpdklab
2024-07-19 6:06 dpdklab
2024-07-19 6:08 dpdklab
2024-07-19 6:14 dpdklab
2024-07-19 6:15 dpdklab
2024-07-19 6:17 dpdklab
2024-07-19 6:17 dpdklab
2024-07-19 6:21 dpdklab
2024-07-19 6:23 dpdklab
2024-07-19 6:24 dpdklab
2024-07-19 6:24 dpdklab
2024-07-19 6:31 dpdklab
2024-07-19 6:33 dpdklab
2024-07-19 6:35 dpdklab
2024-07-19 6:36 dpdklab
2024-07-19 6:38 dpdklab
2024-07-19 6:46 dpdklab
2024-07-19 6:47 dpdklab
2024-07-19 6:48 dpdklab
2024-07-19 6:51 dpdklab
2024-07-19 6:58 dpdklab
2024-07-19 7:06 dpdklab
2024-07-20 4:14 dpdklab
2024-07-20 4:18 dpdklab
2024-07-20 4:23 dpdklab
2024-07-20 4:24 dpdklab
2024-07-20 4:26 dpdklab
2024-07-20 4:27 dpdklab
2024-07-20 4:29 dpdklab
2024-07-20 4:29 dpdklab
2024-07-20 4:29 dpdklab
2024-07-20 4:30 dpdklab
2024-07-20 4:32 dpdklab
2024-07-20 4:33 dpdklab
2024-07-20 4:33 dpdklab
2024-07-20 4:34 dpdklab
2024-07-20 4:34 dpdklab
2024-07-20 4:34 dpdklab
2024-07-20 4:37 dpdklab
2024-07-20 4:38 dpdklab
2024-07-20 4:39 dpdklab
2024-07-20 4:39 dpdklab
2024-07-20 4:39 dpdklab
2024-07-20 4:40 dpdklab
2024-07-20 4:42 dpdklab
2024-07-20 4:42 dpdklab
2024-07-20 4:42 dpdklab
2024-07-20 4:43 dpdklab
2024-07-20 4:43 dpdklab
2024-07-20 4:43 dpdklab
2024-07-20 4:50 dpdklab
2024-07-20 4:57 dpdklab
2024-07-20 4:57 dpdklab
2024-07-20 4:57 dpdklab
2024-07-20 5:04 dpdklab
2024-07-20 5:04 dpdklab
2024-07-20 5:09 dpdklab
2024-07-20 5:10 dpdklab
2024-07-20 5:10 dpdklab
2024-07-20 5:13 dpdklab
2024-07-20 5:13 dpdklab
2024-07-20 5:15 dpdklab
2024-07-20 5:21 dpdklab
2024-07-20 5:25 dpdklab
2024-07-20 5:26 dpdklab
2024-07-20 5:27 dpdklab
2024-07-20 5:27 dpdklab
2024-07-20 5:31 dpdklab
2024-07-20 5:32 dpdklab
2024-07-20 5:33 dpdklab
2024-07-20 5:33 dpdklab
2024-07-20 5:35 dpdklab
2024-07-20 5:44 dpdklab
2024-07-20 5:52 dpdklab
2024-07-21 5:32 dpdklab
2024-07-21 5:33 dpdklab
2024-07-21 5:33 dpdklab
2024-07-21 5:34 dpdklab
2024-07-21 5:35 dpdklab
2024-07-21 5:35 dpdklab
2024-07-21 5:38 dpdklab
2024-07-21 5:38 dpdklab
2024-07-21 5:39 dpdklab
2024-07-21 5:41 dpdklab
2024-07-21 5:42 dpdklab
2024-07-21 5:43 dpdklab
2024-07-21 5:43 dpdklab
2024-07-21 5:43 dpdklab
2024-07-21 5:46 dpdklab
2024-07-21 5:47 dpdklab
2024-07-21 5:49 dpdklab
2024-07-21 5:53 dpdklab
2024-07-21 5:53 dpdklab
2024-07-21 5:55 dpdklab
2024-07-21 5:56 dpdklab
2024-07-21 5:56 dpdklab
2024-07-21 6:00 dpdklab
2024-07-21 6:01 dpdklab
2024-07-21 6:02 dpdklab
2024-07-21 6:03 dpdklab
2024-07-21 6:03 dpdklab
2024-07-21 6:04 dpdklab
2024-07-21 6:06 dpdklab
2024-07-21 6:07 dpdklab
2024-07-21 6:08 dpdklab
2024-07-21 6:08 dpdklab
2024-07-21 6:16 dpdklab
2024-07-21 6:17 dpdklab
2024-07-21 6:18 dpdklab
2024-07-21 6:23 dpdklab
2024-07-21 6:24 dpdklab
2024-07-21 6:27 dpdklab
2024-07-21 6:34 dpdklab
2024-07-22 5:12 dpdklab
2024-07-22 5:12 dpdklab
2024-07-22 5:14 dpdklab
2024-07-22 5:18 dpdklab
2024-07-22 5:19 dpdklab
2024-07-22 5:29 dpdklab
2024-07-22 5:33 dpdklab
2024-07-22 5:33 dpdklab
2024-07-22 5:35 dpdklab
2024-07-22 5:36 dpdklab
2024-07-22 5:36 dpdklab
2024-07-22 5:36 dpdklab
2024-07-22 5:36 dpdklab
2024-07-22 5:37 dpdklab
2024-07-22 5:37 dpdklab
2024-07-22 5:37 dpdklab
2024-07-22 5:37 dpdklab
2024-07-22 5:39 dpdklab
2024-07-22 5:39 dpdklab
2024-07-22 5:41 dpdklab
2024-07-22 5:42 dpdklab
2024-07-22 5:42 dpdklab
2024-07-22 5:42 dpdklab
2024-07-22 5:43 dpdklab
2024-07-22 5:45 dpdklab
2024-07-22 5:45 dpdklab
2024-07-22 5:46 dpdklab
2024-07-22 5:46 dpdklab
2024-07-22 5:48 dpdklab
2024-07-22 5:50 dpdklab
2024-07-22 5:51 dpdklab
2024-07-22 5:52 dpdklab
2024-07-22 5:54 dpdklab
2024-07-22 5:54 dpdklab
2024-07-22 5:57 dpdklab
2024-07-22 5:57 dpdklab
2024-07-22 5:59 dpdklab
2024-07-22 6:03 dpdklab
2024-07-22 6:03 dpdklab
2024-07-22 6:08 dpdklab
2024-07-22 6:09 dpdklab
2024-07-22 6:09 dpdklab
2024-07-22 6:13 dpdklab
2024-07-22 6:16 dpdklab
2024-07-22 6:26 dpdklab
2024-07-22 6:28 dpdklab
2024-07-22 6:29 dpdklab
2024-07-22 6:31 dpdklab
2024-07-22 6:33 dpdklab
2024-07-22 6:41 dpdklab
2024-07-22 6:45 dpdklab
2024-07-23 5:17 dpdklab
2024-07-23 5:21 dpdklab
2024-07-23 5:22 dpdklab
2024-07-23 5:23 dpdklab
2024-07-23 5:23 dpdklab
2024-07-23 5:24 dpdklab
2024-07-23 5:25 dpdklab
2024-07-23 5:25 dpdklab
2024-07-23 5:26 dpdklab
2024-07-23 5:27 dpdklab
2024-07-23 5:28 dpdklab
2024-07-23 5:28 dpdklab
2024-07-23 5:30 dpdklab
2024-07-23 5:31 dpdklab
2024-07-23 5:31 dpdklab
2024-07-23 5:32 dpdklab
2024-07-23 5:33 dpdklab
2024-07-23 5:34 dpdklab
2024-07-23 5:34 dpdklab
2024-07-23 5:34 dpdklab
2024-07-23 5:36 dpdklab
2024-07-23 5:38 dpdklab
2024-07-23 5:41 dpdklab
2024-07-23 5:43 dpdklab
2024-07-23 5:43 dpdklab
2024-07-23 5:46 dpdklab
2024-07-23 5:52 dpdklab
2024-07-23 5:53 dpdklab
2024-07-23 5:53 dpdklab
2024-07-23 5:57 dpdklab
2024-07-23 5:58 dpdklab
2024-07-23 6:03 dpdklab
2024-07-23 6:07 dpdklab
2024-07-23 6:07 dpdklab
2024-07-23 6:08 dpdklab
2024-07-23 6:11 dpdklab
2024-07-23 6:12 dpdklab
2024-07-23 6:16 dpdklab
2024-07-23 6:17 dpdklab
2024-07-23 6:18 dpdklab
2024-07-23 6:21 dpdklab
2024-07-23 6:23 dpdklab
2024-07-23 6:24 dpdklab
2024-07-23 6:25 dpdklab
2024-07-23 6:29 dpdklab
2024-07-23 6:33 dpdklab
2024-07-23 6:37 dpdklab
2024-07-23 6:38 dpdklab
2024-07-23 6:43 dpdklab
2024-07-23 6:50 dpdklab
2024-07-24 6:12 dpdklab
2024-07-24 6:12 dpdklab
2024-07-24 6:13 dpdklab
2024-07-24 6:15 dpdklab
2024-07-24 6:15 dpdklab
2024-07-24 6:15 dpdklab
2024-07-24 6:17 dpdklab
2024-07-24 6:18 dpdklab
2024-07-24 6:18 dpdklab
2024-07-24 6:54 dpdklab
2024-07-24 6:55 dpdklab
2024-07-24 6:58 dpdklab
2024-07-24 7:00 dpdklab
2024-07-24 7:04 dpdklab
2024-07-24 7:04 dpdklab
2024-07-24 7:04 dpdklab
2024-07-24 7:04 dpdklab
2024-07-24 7:05 dpdklab
2024-07-24 7:06 dpdklab
2024-07-24 7:08 dpdklab
2024-07-24 7:09 dpdklab
2024-07-24 7:13 dpdklab
2024-07-24 7:14 dpdklab
2024-07-24 7:24 dpdklab
2024-07-24 7:28 dpdklab
2024-07-24 7:29 dpdklab
2024-07-24 7:33 dpdklab
2024-07-24 7:37 dpdklab
2024-07-24 7:38 dpdklab
2024-07-24 7:47 dpdklab
2024-07-24 7:51 dpdklab
2024-07-24 7:51 dpdklab
2024-07-24 7:55 dpdklab
2024-07-24 8:01 dpdklab
2024-07-24 8:09 dpdklab
2024-07-24 8:09 dpdklab
2024-07-24 8:10 dpdklab
2024-07-24 8:13 dpdklab
2024-07-24 8:19 dpdklab
2024-07-24 8:22 dpdklab
2024-07-24 8:24 dpdklab
2024-07-24 8:25 dpdklab
2024-07-24 8:25 dpdklab
2024-07-24 8:29 dpdklab
2024-07-24 8:39 dpdklab
2024-07-24 8:40 dpdklab
2024-07-24 8:41 dpdklab
2024-07-25 6:33 dpdklab
2024-07-25 6:37 dpdklab
2024-07-25 6:41 dpdklab
2024-07-25 9:04 dpdklab
2024-07-25 13:05 dpdklab
2024-07-25 13:08 dpdklab
2024-07-25 13:14 dpdklab
2024-07-25 13:17 dpdklab
2024-07-25 13:20 dpdklab
2024-07-25 13:30 dpdklab
2024-07-25 13:31 dpdklab
2024-07-25 13:33 dpdklab
2024-07-25 13:34 dpdklab
2024-07-25 13:42 dpdklab
2024-07-25 13:47 dpdklab
2024-07-25 13:49 dpdklab
2024-07-25 13:50 dpdklab
2024-07-25 13:59 dpdklab
2024-07-25 14:00 dpdklab
2024-07-25 14:07 dpdklab
2024-07-25 14:10 dpdklab
2024-07-25 14:10 dpdklab
2024-07-25 14:11 dpdklab
2024-07-25 14:12 dpdklab
2024-07-25 14:12 dpdklab
2024-07-25 14:13 dpdklab
2024-07-25 14:13 dpdklab
2024-07-25 14:14 dpdklab
2024-07-25 14:14 dpdklab
2024-07-25 14:16 dpdklab
2024-07-25 14:18 dpdklab
2024-07-25 14:21 dpdklab
2024-07-25 14:22 dpdklab
2024-07-25 14:26 dpdklab
2024-07-25 14:57 dpdklab
2024-07-25 15:03 dpdklab
2024-07-25 15:05 dpdklab
2024-07-25 15:08 dpdklab
2024-07-25 15:10 dpdklab
2024-07-25 15:16 dpdklab
2024-07-26 9:51 dpdklab
2024-07-26 9:52 dpdklab
2024-07-26 9:53 dpdklab
2024-07-26 9:55 dpdklab
2024-07-26 9:55 dpdklab
2024-07-26 10:00 dpdklab
2024-07-26 10:00 dpdklab
2024-07-26 10:00 dpdklab
2024-07-26 10:01 dpdklab
2024-07-26 10:04 dpdklab
2024-07-26 10:08 dpdklab
2024-07-26 10:16 dpdklab
2024-07-26 10:24 dpdklab
2024-07-26 10:33 dpdklab
2024-07-26 10:40 dpdklab
2024-07-26 10:42 dpdklab
2024-07-26 11:04 dpdklab
2024-07-26 11:06 dpdklab
2024-07-26 11:10 dpdklab
2024-07-26 11:11 dpdklab
2024-07-26 11:13 dpdklab
2024-07-26 11:15 dpdklab
2024-07-26 11:17 dpdklab
2024-07-26 11:22 dpdklab
2024-07-26 11:22 dpdklab
2024-07-26 11:28 dpdklab
2024-07-26 11:29 dpdklab
2024-07-26 11:29 dpdklab
2024-07-26 11:35 dpdklab
2024-07-26 11:36 dpdklab
2024-07-26 11:42 dpdklab
2024-07-26 11:44 dpdklab
2024-07-26 11:47 dpdklab
2024-07-26 11:51 dpdklab
2024-07-26 11:57 dpdklab
2024-07-26 11:58 dpdklab
2024-07-26 11:58 dpdklab
2024-07-26 12:02 dpdklab
2024-07-26 12:05 dpdklab
2024-07-26 12:06 dpdklab
2024-07-26 12:17 dpdklab
2024-07-26 12:24 dpdklab
2024-07-27 5:55 dpdklab
2024-07-27 5:56 dpdklab
2024-07-27 6:04 dpdklab
2024-07-27 6:06 dpdklab
2024-07-27 6:11 dpdklab
2024-07-27 6:15 dpdklab
2024-07-27 6:17 dpdklab
2024-07-27 6:18 dpdklab
2024-07-27 6:18 dpdklab
2024-07-27 6:18 dpdklab
2024-07-27 6:18 dpdklab
2024-07-27 6:19 dpdklab
2024-07-27 6:20 dpdklab
2024-07-27 6:20 dpdklab
2024-07-27 6:21 dpdklab
2024-07-27 6:21 dpdklab
2024-07-27 6:22 dpdklab
2024-07-27 6:22 dpdklab
2024-07-27 6:25 dpdklab
2024-07-27 6:26 dpdklab
2024-07-27 6:27 dpdklab
2024-07-27 6:27 dpdklab
2024-07-27 6:28 dpdklab
2024-07-27 6:29 dpdklab
2024-07-27 6:29 dpdklab
2024-07-27 6:30 dpdklab
2024-07-27 6:32 dpdklab
2024-07-27 6:33 dpdklab
2024-07-27 6:33 dpdklab
2024-07-27 6:35 dpdklab
2024-07-27 6:36 dpdklab
2024-07-27 6:38 dpdklab
2024-07-27 6:38 dpdklab
2024-07-27 6:39 dpdklab
2024-07-27 6:43 dpdklab
2024-07-27 7:27 dpdklab
2024-07-28 4:14 dpdklab
2024-07-28 4:19 dpdklab
2024-07-28 4:20 dpdklab
2024-07-28 4:21 dpdklab
2024-07-28 4:24 dpdklab
2024-07-28 4:24 dpdklab
2024-07-28 4:26 dpdklab
2024-07-28 4:29 dpdklab
2024-07-28 4:31 dpdklab
2024-07-28 4:34 dpdklab
2024-07-28 4:34 dpdklab
2024-07-28 4:36 dpdklab
2024-07-28 4:36 dpdklab
2024-07-28 4:37 dpdklab
2024-07-28 4:37 dpdklab
2024-07-28 4:37 dpdklab
2024-07-28 4:37 dpdklab
2024-07-28 4:38 dpdklab
2024-07-28 4:38 dpdklab
2024-07-28 4:39 dpdklab
2024-07-28 4:40 dpdklab
2024-07-28 4:40 dpdklab
2024-07-28 4:41 dpdklab
2024-07-28 4:41 dpdklab
2024-07-28 4:41 dpdklab
2024-07-28 4:41 dpdklab
2024-07-28 4:42 dpdklab
2024-07-28 4:43 dpdklab
2024-07-28 4:44 dpdklab
2024-07-28 4:44 dpdklab
2024-07-28 4:45 dpdklab
2024-07-28 4:45 dpdklab
2024-07-28 4:46 dpdklab
2024-07-28 4:46 dpdklab
2024-07-28 4:46 dpdklab
2024-07-28 4:46 dpdklab
2024-07-28 4:47 dpdklab
2024-07-28 4:48 dpdklab
2024-07-28 4:49 dpdklab
2024-07-28 4:49 dpdklab
2024-07-28 4:50 dpdklab
2024-07-28 4:53 dpdklab
2024-07-28 4:58 dpdklab
2024-07-28 4:58 dpdklab
2024-07-28 5:00 dpdklab
2024-07-28 5:04 dpdklab
2024-07-28 5:05 dpdklab
2024-07-28 5:12 dpdklab
2024-07-28 5:12 dpdklab
2024-07-28 5:14 dpdklab
2024-07-28 5:17 dpdklab
2024-07-28 5:17 dpdklab
2024-07-28 5:23 dpdklab
2024-07-28 5:26 dpdklab
2024-07-28 5:32 dpdklab
2024-07-28 5:33 dpdklab
2024-07-29 5:02 dpdklab
2024-07-29 5:02 dpdklab
2024-07-29 5:03 dpdklab
2024-07-29 5:04 dpdklab
2024-07-29 5:05 dpdklab
2024-07-29 5:05 dpdklab
2024-07-29 5:06 dpdklab
2024-07-29 5:06 dpdklab
2024-07-29 5:07 dpdklab
2024-07-29 5:08 dpdklab
2024-07-29 5:13 dpdklab
2024-07-29 5:20 dpdklab
2024-07-29 5:20 dpdklab
2024-07-29 5:20 dpdklab
2024-07-29 5:21 dpdklab
2024-07-29 5:22 dpdklab
2024-07-29 5:22 dpdklab
2024-07-29 5:22 dpdklab
2024-07-29 5:22 dpdklab
2024-07-29 5:23 dpdklab
2024-07-29 5:23 dpdklab
2024-07-29 5:23 dpdklab
2024-07-29 5:23 dpdklab
2024-07-29 5:24 dpdklab
2024-07-29 5:25 dpdklab
2024-07-29 5:25 dpdklab
2024-07-29 5:26 dpdklab
2024-07-29 5:26 dpdklab
2024-07-29 5:27 dpdklab
2024-07-29 5:29 dpdklab
2024-07-29 5:29 dpdklab
2024-07-29 5:33 dpdklab
2024-07-29 5:37 dpdklab
2024-07-29 5:39 dpdklab
2024-07-29 5:41 dpdklab
2024-07-29 5:44 dpdklab
2024-07-29 5:44 dpdklab
2024-07-29 5:47 dpdklab
2024-07-29 5:47 dpdklab
2024-07-29 5:51 dpdklab
2024-07-29 5:51 dpdklab
2024-07-29 5:57 dpdklab
2024-07-29 6:05 dpdklab
2024-07-29 6:07 dpdklab
2024-07-29 6:09 dpdklab
2024-07-29 6:11 dpdklab
2024-07-29 6:17 dpdklab
2024-07-29 6:20 dpdklab
2024-07-30 5:22 dpdklab
2024-07-30 5:24 dpdklab
2024-07-30 5:25 dpdklab
2024-07-30 5:25 dpdklab
2024-07-30 5:26 dpdklab
2024-07-30 5:28 dpdklab
2024-07-30 5:28 dpdklab
2024-07-30 5:28 dpdklab
2024-07-30 5:39 dpdklab
2024-07-30 5:40 dpdklab
2024-07-30 5:41 dpdklab
2024-07-30 5:41 dpdklab
2024-07-30 5:46 dpdklab
2024-07-30 5:47 dpdklab
2024-07-30 5:51 dpdklab
2024-07-30 5:53 dpdklab
2024-07-30 5:54 dpdklab
2024-07-30 5:55 dpdklab
2024-07-30 5:56 dpdklab
2024-07-30 5:57 dpdklab
2024-07-30 5:58 dpdklab
2024-07-30 5:58 dpdklab
2024-07-30 6:02 dpdklab
2024-07-30 6:05 dpdklab
2024-07-30 6:06 dpdklab
2024-07-30 6:08 dpdklab
2024-07-30 6:10 dpdklab
2024-07-30 6:11 dpdklab
2024-07-30 6:14 dpdklab
2024-07-30 6:14 dpdklab
2024-07-30 6:16 dpdklab
2024-07-30 6:20 dpdklab
2024-07-30 6:22 dpdklab
2024-07-30 6:23 dpdklab
2024-07-30 6:25 dpdklab
2024-07-30 6:25 dpdklab
2024-07-30 6:29 dpdklab
2024-07-30 6:30 dpdklab
2024-07-30 6:33 dpdklab
2024-07-30 6:40 dpdklab
2024-07-30 6:42 dpdklab
2024-07-30 6:43 dpdklab
2024-07-30 7:25 dpdklab
2024-07-30 7:55 dpdklab
2024-07-30 8:04 dpdklab
2024-07-30 8:09 dpdklab
2024-07-31 5:30 dpdklab
2024-07-31 5:30 dpdklab
2024-07-31 5:31 dpdklab
2024-07-31 5:32 dpdklab
2024-07-31 5:34 dpdklab
2024-07-31 5:35 dpdklab
2024-07-31 5:39 dpdklab
2024-07-31 5:45 dpdklab
2024-07-31 5:48 dpdklab
2024-07-31 5:48 dpdklab
2024-07-31 5:48 dpdklab
2024-07-31 5:49 dpdklab
2024-07-31 5:58 dpdklab
2024-07-31 5:58 dpdklab
2024-07-31 5:58 dpdklab
2024-07-31 5:59 dpdklab
2024-07-31 5:59 dpdklab
2024-07-31 5:59 dpdklab
2024-07-31 5:59 dpdklab
2024-07-31 6:01 dpdklab
2024-07-31 6:02 dpdklab
2024-07-31 6:09 dpdklab
2024-07-31 6:10 dpdklab
2024-07-31 6:12 dpdklab
2024-07-31 6:15 dpdklab
2024-07-31 6:16 dpdklab
2024-07-31 6:22 dpdklab
2024-07-31 6:22 dpdklab
2024-07-31 6:23 dpdklab
2024-07-31 6:24 dpdklab
2024-07-31 6:25 dpdklab
2024-07-31 6:26 dpdklab
2024-07-31 6:27 dpdklab
2024-07-31 6:27 dpdklab
2024-07-31 6:30 dpdklab
2024-07-31 6:30 dpdklab
2024-07-31 6:33 dpdklab
2024-07-31 6:35 dpdklab
2024-07-31 6:38 dpdklab
2024-07-31 6:46 dpdklab
2024-07-31 6:47 dpdklab
2024-07-31 6:51 dpdklab
2024-07-31 6:54 dpdklab
2024-07-31 6:55 dpdklab
2024-07-31 7:02 dpdklab
2024-07-31 7:02 dpdklab
2024-08-01 9:35 dpdklab
2024-08-01 9:39 dpdklab
2024-08-01 9:43 dpdklab
2024-08-01 9:46 dpdklab
2024-08-01 9:51 dpdklab
2024-08-01 9:53 dpdklab
2024-08-01 9:59 dpdklab
2024-08-01 10:01 dpdklab
2024-08-01 10:02 dpdklab
2024-08-01 10:03 dpdklab
2024-08-01 10:04 dpdklab
2024-08-01 10:04 dpdklab
2024-08-01 10:04 dpdklab
2024-08-01 10:05 dpdklab
2024-08-01 10:07 dpdklab
2024-08-01 10:09 dpdklab
2024-08-01 10:10 dpdklab
2024-08-01 10:12 dpdklab
2024-08-01 10:16 dpdklab
2024-08-01 10:17 dpdklab
2024-08-01 10:17 dpdklab
2024-08-01 10:20 dpdklab
2024-08-01 10:21 dpdklab
2024-08-01 10:25 dpdklab
2024-08-01 10:25 dpdklab
2024-08-01 10:26 dpdklab
2024-08-01 10:27 dpdklab
2024-08-01 10:29 dpdklab
2024-08-01 10:29 dpdklab
2024-08-01 10:31 dpdklab
2024-08-01 10:31 dpdklab
2024-08-01 10:34 dpdklab
2024-08-01 10:34 dpdklab
2024-08-01 10:38 dpdklab
2024-08-01 10:44 dpdklab
2024-08-01 10:49 dpdklab
2024-08-01 10:49 dpdklab
2024-08-01 10:50 dpdklab
2024-08-01 10:52 dpdklab
2024-08-01 11:02 dpdklab
2024-08-01 11:04 dpdklab
2024-08-01 12:46 dpdklab
2024-08-01 18:24 dpdklab
2024-08-02 7:49 dpdklab
2024-08-02 7:53 dpdklab
2024-08-02 7:57 dpdklab
2024-08-02 9:39 dpdklab
2024-08-02 9:40 dpdklab
2024-08-02 9:41 dpdklab
2024-08-02 9:43 dpdklab
2024-08-02 9:43 dpdklab
2024-08-02 9:44 dpdklab
2024-08-02 9:44 dpdklab
2024-08-02 9:45 dpdklab
2024-08-02 9:45 dpdklab
2024-08-02 9:45 dpdklab
2024-08-02 9:46 dpdklab
2024-08-02 9:46 dpdklab
2024-08-02 9:47 dpdklab
2024-08-02 9:47 dpdklab
2024-08-02 9:47 dpdklab
2024-08-02 9:48 dpdklab
2024-08-02 9:48 dpdklab
2024-08-02 9:49 dpdklab
2024-08-02 9:49 dpdklab
2024-08-02 9:49 dpdklab
2024-08-02 9:50 dpdklab
2024-08-02 9:50 dpdklab
2024-08-02 9:50 dpdklab
2024-08-02 9:50 dpdklab
2024-08-02 9:50 dpdklab
2024-08-02 9:51 dpdklab
2024-08-02 9:56 dpdklab
2024-08-02 9:56 dpdklab
2024-08-02 10:02 dpdklab
2024-08-02 10:04 dpdklab
2024-08-02 10:05 dpdklab
2024-08-02 10:06 dpdklab
2024-08-02 10:07 dpdklab
2024-08-02 10:11 dpdklab
2024-08-02 10:18 dpdklab
2024-08-02 10:22 dpdklab
2024-08-02 10:23 dpdklab
2024-08-02 10:24 dpdklab
2024-08-02 10:24 dpdklab
2024-08-02 10:26 dpdklab
2024-08-02 10:31 dpdklab
2024-08-02 10:35 dpdklab
2024-08-02 10:37 dpdklab
2024-08-02 10:38 dpdklab
2024-08-02 10:39 dpdklab
2024-08-02 10:40 dpdklab
2024-08-02 10:42 dpdklab
2024-08-02 10:43 dpdklab
2024-08-02 10:49 dpdklab
2024-08-02 10:52 dpdklab
2024-08-02 12:28 dpdklab
2024-08-03 5:19 dpdklab
2024-08-03 5:22 dpdklab
2024-08-03 5:22 dpdklab
2024-08-03 5:23 dpdklab
2024-08-03 5:24 dpdklab
2024-08-03 5:25 dpdklab
2024-08-03 5:27 dpdklab
2024-08-03 5:27 dpdklab
2024-08-03 5:28 dpdklab
2024-08-03 5:29 dpdklab
2024-08-03 5:31 dpdklab
2024-08-03 5:33 dpdklab
2024-08-03 5:34 dpdklab
2024-08-03 5:35 dpdklab
2024-08-03 5:35 dpdklab
2024-08-03 5:40 dpdklab
2024-08-03 5:43 dpdklab
2024-08-03 5:46 dpdklab
2024-08-03 5:46 dpdklab
2024-08-03 5:47 dpdklab
2024-08-03 5:47 dpdklab
2024-08-03 5:48 dpdklab
2024-08-03 5:49 dpdklab
2024-08-03 5:50 dpdklab
2024-08-03 5:52 dpdklab
2024-08-03 5:52 dpdklab
2024-08-03 5:53 dpdklab
2024-08-03 5:54 dpdklab
2024-08-03 5:56 dpdklab
2024-08-03 5:57 dpdklab
2024-08-03 6:00 dpdklab
2024-08-03 6:01 dpdklab
2024-08-03 6:03 dpdklab
2024-08-03 6:05 dpdklab
2024-08-03 6:06 dpdklab
2024-08-03 6:07 dpdklab
2024-08-03 6:10 dpdklab
2024-08-03 6:12 dpdklab
2024-08-03 6:13 dpdklab
2024-08-03 6:13 dpdklab
2024-08-03 6:15 dpdklab
2024-08-03 6:20 dpdklab
2024-08-03 6:21 dpdklab
2024-08-03 6:22 dpdklab
2024-08-03 6:22 dpdklab
2024-08-03 6:25 dpdklab
2024-08-03 6:28 dpdklab
2024-08-03 6:33 dpdklab
2024-08-04 5:12 dpdklab
2024-08-04 5:16 dpdklab
2024-08-04 5:16 dpdklab
2024-08-04 5:17 dpdklab
2024-08-04 5:18 dpdklab
2024-08-04 5:20 dpdklab
2024-08-04 5:20 dpdklab
2024-08-04 5:20 dpdklab
2024-08-04 5:23 dpdklab
2024-08-04 5:23 dpdklab
2024-08-04 5:23 dpdklab
2024-08-04 5:23 dpdklab
2024-08-04 5:24 dpdklab
2024-08-04 5:25 dpdklab
2024-08-04 5:26 dpdklab
2024-08-04 5:26 dpdklab
2024-08-04 5:27 dpdklab
2024-08-04 5:27 dpdklab
2024-08-04 5:28 dpdklab
2024-08-04 5:29 dpdklab
2024-08-04 5:30 dpdklab
2024-08-04 5:34 dpdklab
2024-08-04 5:37 dpdklab
2024-08-04 5:38 dpdklab
2024-08-04 5:42 dpdklab
2024-08-04 5:42 dpdklab
2024-08-04 5:43 dpdklab
2024-08-04 5:46 dpdklab
2024-08-04 5:46 dpdklab
2024-08-04 5:48 dpdklab
2024-08-04 5:49 dpdklab
2024-08-04 5:52 dpdklab
2024-08-04 5:52 dpdklab
2024-08-04 5:53 dpdklab
2024-08-04 5:53 dpdklab
2024-08-04 5:54 dpdklab
2024-08-04 5:54 dpdklab
2024-08-04 5:55 dpdklab
2024-08-04 5:57 dpdklab
2024-08-04 5:58 dpdklab
2024-08-04 6:07 dpdklab
2024-08-04 6:08 dpdklab
2024-08-04 6:10 dpdklab
2024-08-04 6:25 dpdklab
2024-08-04 6:28 dpdklab
2024-08-04 6:35 dpdklab
2024-08-04 6:46 dpdklab
2024-08-05 5:27 dpdklab
2024-08-05 5:31 dpdklab
2024-08-05 5:35 dpdklab
2024-08-05 5:43 dpdklab
2024-08-05 5:49 dpdklab
2024-08-05 5:49 dpdklab
2024-08-05 5:54 dpdklab
2024-08-05 5:54 dpdklab
2024-08-05 6:00 dpdklab
2024-08-05 6:01 dpdklab
2024-08-05 6:02 dpdklab
2024-08-05 6:03 dpdklab
2024-08-05 6:03 dpdklab
2024-08-05 6:04 dpdklab
2024-08-05 6:06 dpdklab
2024-08-05 6:08 dpdklab
2024-08-05 6:08 dpdklab
2024-08-05 6:08 dpdklab
2024-08-05 6:08 dpdklab
2024-08-05 6:09 dpdklab
2024-08-05 6:11 dpdklab
2024-08-05 6:11 dpdklab
2024-08-05 6:12 dpdklab
2024-08-05 6:12 dpdklab
2024-08-05 6:12 dpdklab
2024-08-05 6:12 dpdklab
2024-08-05 6:13 dpdklab
2024-08-05 6:15 dpdklab
2024-08-05 6:15 dpdklab
2024-08-05 6:15 dpdklab
2024-08-05 6:16 dpdklab
2024-08-05 6:17 dpdklab
2024-08-05 6:17 dpdklab
2024-08-05 6:18 dpdklab
2024-08-05 6:19 dpdklab
2024-08-05 6:22 dpdklab
2024-08-05 6:23 dpdklab
2024-08-05 6:23 dpdklab
2024-08-05 6:23 dpdklab
2024-08-05 6:27 dpdklab
2024-08-05 6:28 dpdklab
2024-08-05 6:29 dpdklab
2024-08-05 6:34 dpdklab
2024-08-05 6:47 dpdklab
2024-08-05 6:49 dpdklab
2024-08-05 6:56 dpdklab
2024-08-05 7:05 dpdklab
2024-08-06 4:11 dpdklab
2024-08-06 4:26 dpdklab
2024-08-06 4:37 dpdklab
2024-08-06 4:42 dpdklab
2024-08-06 4:42 dpdklab
2024-08-06 4:43 dpdklab
2024-08-06 4:44 dpdklab
2024-08-06 4:44 dpdklab
2024-08-06 4:46 dpdklab
2024-08-06 4:46 dpdklab
2024-08-06 4:47 dpdklab
2024-08-06 4:50 dpdklab
2024-08-06 4:52 dpdklab
2024-08-06 4:53 dpdklab
2024-08-06 4:55 dpdklab
2024-08-06 4:57 dpdklab
2024-08-06 4:57 dpdklab
2024-08-06 4:58 dpdklab
2024-08-06 4:58 dpdklab
2024-08-06 4:58 dpdklab
2024-08-06 4:59 dpdklab
2024-08-06 5:00 dpdklab
2024-08-06 5:02 dpdklab
2024-08-06 5:06 dpdklab
2024-08-06 5:07 dpdklab
2024-08-06 5:09 dpdklab
2024-08-06 5:09 dpdklab
2024-08-06 5:11 dpdklab
2024-08-06 5:12 dpdklab
2024-08-06 5:14 dpdklab
2024-08-06 5:15 dpdklab
2024-08-06 5:15 dpdklab
2024-08-06 5:15 dpdklab
2024-08-06 5:15 dpdklab
2024-08-06 5:16 dpdklab
2024-08-06 5:20 dpdklab
2024-08-06 5:21 dpdklab
2024-08-06 5:26 dpdklab
2024-08-06 5:31 dpdklab
2024-08-06 5:34 dpdklab
2024-08-06 5:35 dpdklab
2024-08-06 5:36 dpdklab
2024-08-06 9:17 dpdklab
2024-08-06 15:27 dpdklab
2024-08-06 17:54 dpdklab
2024-08-06 19:56 dpdklab
2024-08-07 0:23 dpdklab
2024-08-07 4:16 dpdklab
2024-08-07 4:20 dpdklab
2024-08-07 4:24 dpdklab
2024-08-07 4:26 dpdklab
2024-08-07 4:31 dpdklab
2024-08-07 4:37 dpdklab
2024-08-07 4:40 dpdklab
2024-08-07 5:26 dpdklab
2024-08-07 5:29 dpdklab
2024-08-07 5:31 dpdklab
2024-08-07 5:33 dpdklab
2024-08-07 5:34 dpdklab
2024-08-07 5:36 dpdklab
2024-08-07 5:36 dpdklab
2024-08-07 5:41 dpdklab
2024-08-07 5:43 dpdklab
2024-08-07 5:45 dpdklab
2024-08-07 5:48 dpdklab
2024-08-07 5:50 dpdklab
2024-08-07 5:51 dpdklab
2024-08-07 5:51 dpdklab
2024-08-07 5:52 dpdklab
2024-08-07 5:52 dpdklab
2024-08-07 5:53 dpdklab
2024-08-07 5:53 dpdklab
2024-08-07 5:55 dpdklab
2024-08-07 5:56 dpdklab
2024-08-07 5:56 dpdklab
2024-08-07 5:57 dpdklab
2024-08-07 5:58 dpdklab
2024-08-07 5:58 dpdklab
2024-08-07 5:59 dpdklab
2024-08-07 6:03 dpdklab
2024-08-07 6:04 dpdklab
2024-08-07 6:05 dpdklab
2024-08-07 6:06 dpdklab
2024-08-07 6:13 dpdklab
2024-08-07 6:13 dpdklab
2024-08-07 6:13 dpdklab
2024-08-07 6:14 dpdklab
2024-08-07 6:16 dpdklab
2024-08-07 6:16 dpdklab
2024-08-07 6:18 dpdklab
2024-08-07 6:18 dpdklab
2024-08-07 6:31 dpdklab
2024-08-07 6:42 dpdklab
2024-08-07 6:42 dpdklab
2024-08-07 9:21 dpdklab
2024-08-08 5:13 dpdklab
2024-08-08 5:14 dpdklab
2024-08-08 5:15 dpdklab
2024-08-08 5:17 dpdklab
2024-08-08 5:17 dpdklab
2024-08-08 5:19 dpdklab
2024-08-08 5:22 dpdklab
2024-08-08 5:23 dpdklab
2024-08-08 5:30 dpdklab
2024-08-08 5:32 dpdklab
2024-08-08 5:32 dpdklab
2024-08-08 5:36 dpdklab
2024-08-08 5:36 dpdklab
2024-08-08 5:36 dpdklab
2024-08-08 5:38 dpdklab
2024-08-08 5:39 dpdklab
2024-08-08 5:44 dpdklab
2024-08-08 5:44 dpdklab
2024-08-08 5:46 dpdklab
2024-08-08 5:48 dpdklab
2024-08-08 5:48 dpdklab
2024-08-08 5:51 dpdklab
2024-08-08 5:54 dpdklab
2024-08-08 5:57 dpdklab
2024-08-08 5:59 dpdklab
2024-08-08 6:00 dpdklab
2024-08-08 6:02 dpdklab
2024-08-08 6:03 dpdklab
2024-08-08 6:04 dpdklab
2024-08-08 6:04 dpdklab
2024-08-08 6:04 dpdklab
2024-08-08 6:04 dpdklab
2024-08-08 6:04 dpdklab
2024-08-08 6:05 dpdklab
2024-08-08 6:05 dpdklab
2024-08-08 6:08 dpdklab
2024-08-08 6:14 dpdklab
2024-08-08 6:18 dpdklab
2024-08-08 6:20 dpdklab
2024-08-08 6:27 dpdklab
2024-08-08 7:25 dpdklab
2024-08-08 7:55 dpdklab
2024-08-08 8:23 dpdklab
2024-08-08 8:32 dpdklab
Reply instructions:
You may reply publicly to this message via plain-text email
using any one of the following methods:
* Save the following mbox file, import it into your mail client,
and reply-to-all from there: mbox
Avoid top-posting and favor interleaved quoting:
https://en.wikipedia.org/wiki/Posting_style#Interleaved_style
* Reply using the --to, --cc, and --in-reply-to
switches of git-send-email(1):
git send-email \
--in-reply-to=6690cb2b.050a0220.af169.9038SMTPIN_ADDED_MISSING@mx.google.com \
--to=dpdklab@iol.unh.edu \
--cc=bluca@debian.org \
--cc=christian.ehrhardt@canonical.com \
--cc=dpdk-test-reports@iol.unh.edu \
--cc=ktraynor@redhat.com \
--cc=test-report@dpdk.org \
--cc=xuemingl@nvidia.com \
/path/to/YOUR_REPLY
https://kernel.org/pub/software/scm/git/docs/git-send-email.html
* If your mail client supports setting the In-Reply-To header
via mailto: links, try the mailto: link
Be sure your reply has a Subject: header at the top and a blank line
before the message body.
This is a public inbox, see mirroring instructions
for how to clone and mirror all data and code used for this inbox;
as well as URLs for NNTP newsgroup(s).