From mboxrd@z Thu Jan  1 00:00:00 1970
Return-Path: <test-report-bounces@dpdk.org>
Received: from mails.dpdk.org (mails.dpdk.org [217.70.189.124])
	by inbox.dpdk.org (Postfix) with ESMTP id 5EFB4456FF
	for <public@inbox.dpdk.org>; Wed, 31 Jul 2024 11:18:39 +0200 (CEST)
Received: from mails.dpdk.org (localhost [127.0.0.1])
	by mails.dpdk.org (Postfix) with ESMTP id 1E52642E90;
	Wed, 31 Jul 2024 11:18:35 +0200 (CEST)
Received: from mail-yw1-f225.google.com (mail-yw1-f225.google.com
 [209.85.128.225])
 by mails.dpdk.org (Postfix) with ESMTP id 8B0E740668
 for <test-report@dpdk.org>; Wed, 31 Jul 2024 10:47:53 +0200 (CEST)
Received: by mail-yw1-f225.google.com with SMTP id
 00721157ae682-65f9708c50dso45139947b3.2
 for <test-report@dpdk.org>; Wed, 31 Jul 2024 01:47:53 -0700 (PDT)
DKIM-Signature: v=1; a=rsa-sha256; c=relaxed/relaxed;
 d=iol.unh.edu; s=unh-iol; t=1722415673; x=1723020473; darn=dpdk.org;
 h=references:in-reply-to:cc:to:from:subject:message-id:date:from:to
 :cc:subject:date:message-id:reply-to;
 bh=ACtA8VdlAmFiBLArOrTfFIIF94Dz6HoESYzMkAUJPP0=;
 b=KdEwyQljm5F6xkEaHYqKc2SE33l8nkymK9eqXSLJjqp9gnHc7OvtD/3B7NdBk0mTA2
 SvI1bpodGvxQB9mW6Qio2pnmwD25niPwIL0KUh4wZSyK8llNmhhHrN+zRbErctzLQ1rP
 mgxvrgFr77/XRQvo4+L9FPk8Jaxmn9C5LZB6I=
X-Google-DKIM-Signature: v=1; a=rsa-sha256; c=relaxed/relaxed;
 d=1e100.net; s=20230601; t=1722415673; x=1723020473;
 h=references:in-reply-to:cc:to:from:subject:message-id:date
 :x-gm-message-state:from:to:cc:subject:date:message-id:reply-to;
 bh=ACtA8VdlAmFiBLArOrTfFIIF94Dz6HoESYzMkAUJPP0=;
 b=EFEOPuXxcQVcwz4KYlfr2ZzCqnbzdu5J+zB/dEL69WfCoxw066yDV8RT7Ig9tIx2BI
 p6mKzKDwK6W71rFSNvQMs3Un3rqa6+GV6Has169hwv1z8XInlp+Ti7sH7RU3RQMIioX2
 n21444NGtA+k3QUu90DawaaF2QjtF82hkRBJ86KcIK90afLlLc351Vz1qDyVqsluSd1R
 8geKCs70+cASOLfp7C7Wo377JLdQ30kPd1+Kr6zG2NnqFuyHFyjZpXu+zyOLosf2ZdJT
 YJtaNn3nR2XB3/XGWgTjAThknx6haaTZ9OddGgvPfDAIx7M2vLr8ZklWHZBwFOENWBRG
 JNKw==
X-Gm-Message-State: AOJu0YwEuk70i/0lP2LFmW8VJdzWKyR0h+wBHI6Rhzvk745WiMJer0pY
 ice8tnC+7e6UUWCDJG4hcf8biuz8qwdsi4/lfh/zYxF3lRixTIrykhV6caCgSwIavIQT3tvr6cp
 naMAa+p+bfFiVNkgy+V4SNfifCjEWe7Jq22tn6gYJmWPog6V17FEZU1Wk
X-Google-Smtp-Source: AGHT+IHa8Mgf3Sg6Tf+Qg/Ob5Oz0lCLylrdijod/oWwGuKawRVJ8HWUebcCy145BWG1f51yp7kKeq8AVaCXe
X-Received: by 2002:a0d:f007:0:b0:627:970a:fc1 with SMTP id
 00721157ae682-67a0a138716mr152435527b3.41.1722415672906; 
 Wed, 31 Jul 2024 01:47:52 -0700 (PDT)
Received: from postal.iol.unh.edu (postal.iol.unh.edu.
 [2606:4100:3880:1234::84]) by smtp-relay.gmail.com with ESMTPS id
 00721157ae682-67567b4a10csm5106577b3.24.2024.07.31.01.47.52
 (version=TLS1_2 cipher=ECDHE-ECDSA-AES128-GCM-SHA256 bits=128/128);
 Wed, 31 Jul 2024 01:47:52 -0700 (PDT)
X-Relaying-Domain: iol.unh.edu
Date: Wed, 31 Jul 2024 01:47:52 -0700 (PDT)
Message-ID: <66a9fa38.050a0220.24a59e.959aSMTPIN_ADDED_MISSING@mx.google.com>
Received: from [172.21.0.11] (unknown [172.18.0.240])
 by postal.iol.unh.edu (Postfix) with ESMTP id 88C1D6052722;
 Wed, 31 Jul 2024 04:47:52 -0400 (EDT)
Subject: |FAILURE| pw142769-142771 [PATCH] [v2,3/3] test: remove unused resou
From: dpdklab@iol.unh.edu
To: Test Report <test-report@dpdk.org>
Cc: dpdk-test-reports@iol.unh.edu,
 Stephen Hemminger <stephen@networkplumber.org>
In-Reply-To: <20240731042141.76985-4-stephen@networkplumber.org>
References: <20240731042141.76985-4-stephen@networkplumber.org>
Content-Type: text/plain
X-BeenThere: test-report@dpdk.org
X-Mailman-Version: 2.1.29
Precedence: list
List-Id: automatic DPDK test reports <test-report.dpdk.org>
List-Unsubscribe: <https://mails.dpdk.org/options/test-report>,
 <mailto:test-report-request@dpdk.org?subject=unsubscribe>
List-Archive: <http://mails.dpdk.org/archives/test-report/>
List-Post: <mailto:test-report@dpdk.org>
List-Help: <mailto:test-report-request@dpdk.org?subject=help>
List-Subscribe: <https://mails.dpdk.org/listinfo/test-report>,
 <mailto:test-report-request@dpdk.org?subject=subscribe>
Errors-To: test-report-bounces@dpdk.org

Test-Label: iol-unit-amd64-testing
Test-Status: FAILURE
http://dpdk.org/patch/142771

_Testing issues_

Submitter: Stephen Hemminger <stephen@networkplumber.org>
Date: Wednesday, July 31 2024 04:20:31 
DPDK git baseline: Repo:dpdk
  Branch: master
  CommitID:1d245ca8239d947258b3ae7cc4d8df97ef527852

142769-142771 --> testing issues

Upstream job id: Generic-Unit-Test-DPDK#246714

Test environment and result as below:

+---------------------+----------------+
|     Environment     | dpdk_unit_test |
+=====================+================+
| Windows Server 2019 | FAIL           |
+---------------------+----------------+
| Windows Server 2022 | FAIL           |
+---------------------+----------------+
| CentOS Stream 8     | PASS           |
+---------------------+----------------+
| CentOS Stream 9     | PASS           |
+---------------------+----------------+
| Debian Bullseye     | PASS           |
+---------------------+----------------+
| Debian 12           | PASS           |
+---------------------+----------------+
| Fedora 38           | PASS           |
+---------------------+----------------+
| Fedora 37           | PASS           |
+---------------------+----------------+
| Fedora 38 (Clang)   | PASS           |
+---------------------+----------------+
| Fedora 39 (Clang)   | PASS           |
+---------------------+----------------+
| Fedora 40 (Clang)   | PEND           |
+---------------------+----------------+
| Fedora 40           | PASS           |
+---------------------+----------------+
| Fedora 39           | PASS           |
+---------------------+----------------+
| openSUSE Leap 15    | PASS           |
+---------------------+----------------+
| RHEL9               | PEND           |
+---------------------+----------------+
| RHEL8               | PEND           |
+---------------------+----------------+
| Ubuntu 20.04        | PEND           |
+---------------------+----------------+
| Ubuntu 22.04        | PEND           |
+---------------------+----------------+
| Ubuntu 24.04        | PEND           |
+---------------------+----------------+

==== Unit test summary for Windows Server 2022 (dpdk_unit_test): ====
Failed to get the unit test results.
Displaying the unit test results is not supported for some environments,
such as our aarch32 testing, where meson is not used to run the tests.
Download the logs available on our CI site.
==== End log output ====

Windows Server 2019
	Kernel: 10.0.17763
	Compiler: clang 14.0 and gcc 8.1.0 (MinGW)

Windows Server 2022
	Kernel: 10.0.20348.2031
	Compiler: clang 15.0.7, gcc 8.1.0 (MinGW), and MSVC VS 17.9

CentOS Stream 8
	Kernel: 5.4.0-167-generic
	Compiler: gcc 8.5.0 20210514

CentOS Stream 9
	Kernel: 5.4.0-167-generic
	Compiler: gcc 11.4.1 20230605

Debian Bullseye
	Kernel: 5.4.0-167-generic
	Compiler: gcc 10.2.1-6

Debian 12
	Kernel: Container Host Kernel
	Compiler: gcc 12.2.0

Fedora 38
	Kernel: Depends on container host
	Compiler: gcc 13.2.1

Fedora 37
	Kernel: Depends on container host system
	Compiler: gcc 12.3.1

Fedora 38 (Clang)
	Kernel: Depends on container host
	Compiler: clang 16.0.6

Fedora 39 (Clang)
	Kernel: Depends on container host
	Compiler: clang 17.0.6

Fedora 40 (Clang)
	Kernel: Depends on container host
	Compiler: clang 18.1.6

Fedora 40
	Kernel: Depends on container host
	Compiler: gcc 14.1.1

Fedora 39
	Kernel: Depends on container host
	Compiler: gcc 13.2.1

openSUSE Leap 15
	Kernel: 5.4.0-167-generic
	Compiler: gcc 7.5.0

RHEL9
	Kernel: Depends on container host
	Compiler: gcc 11.4.1

RHEL8
	Kernel: 5.4.0-167-generic
	Compiler: gcc 8.5.0 20210514 (Red Hat 8.5.0-20)

Ubuntu 20.04
	Kernel: 5.4.0-167-generic
	Compiler: gcc 9.4.0-1ubuntu1~20.04.1

Ubuntu 22.04
	Kernel: 5.4.0-167-generic
	Compiler: gcc 11.4.0

Ubuntu 24.04
	Kernel: 5.4.0-167-generic
	Compiler: gcc 13.2.0

To view detailed results, visit:
https://lab.dpdk.org/results/dashboard/patchsets/30661/

UNH-IOL DPDK Community Lab

To manage your email subscriptions, visit: 
https://lab.dpdk.org/results/dashboard/preferences/subscriptions/