From mboxrd@z Thu Jan 1 00:00:00 1970 Return-Path: Received: from mails.dpdk.org (mails.dpdk.org [217.70.189.124]) by inbox.dpdk.org (Postfix) with ESMTP id D7BF44570C for ; Thu, 1 Aug 2024 08:04:14 +0200 (CEST) Received: from mails.dpdk.org (localhost [127.0.0.1]) by mails.dpdk.org (Postfix) with ESMTP id D2CED402BD; Thu, 1 Aug 2024 08:04:14 +0200 (CEST) Received: from mail-pf1-f226.google.com (mail-pf1-f226.google.com [209.85.210.226]) by mails.dpdk.org (Postfix) with ESMTP id A160D4027E for ; Thu, 1 Aug 2024 08:04:13 +0200 (CEST) Received: by mail-pf1-f226.google.com with SMTP id d2e1a72fcca58-70d23caf8ddso5732344b3a.0 for ; Wed, 31 Jul 2024 23:04:13 -0700 (PDT) DKIM-Signature: v=1; a=rsa-sha256; c=relaxed/relaxed; d=iol.unh.edu; s=unh-iol; t=1722492253; x=1723097053; darn=dpdk.org; h=references:in-reply-to:cc:to:from:subject:message-id:date:from:to :cc:subject:date:message-id:reply-to; bh=aCakvuAg6C19yA2s5ds5BwBwo2G/v4MTrmuIPCpOBIs=; b=cdI2Su7NDNKcsMgwasxQWVvdU6RB9U3XHsdT5EThOF2zswcwGSEgU5M+CZGuK3P3kl MyV8dr3LckrgbKgEafUXB4sOdBmh1XP1phmhxm1Tx9VZeZMFUJxWtz+/lJrIVe7r94Lh XMBKlGCxXGbxfSJm+NfIEXTig1eCANv3fCKzU= X-Google-DKIM-Signature: v=1; a=rsa-sha256; c=relaxed/relaxed; d=1e100.net; s=20230601; t=1722492253; x=1723097053; h=references:in-reply-to:cc:to:from:subject:message-id:date :x-gm-message-state:from:to:cc:subject:date:message-id:reply-to; bh=aCakvuAg6C19yA2s5ds5BwBwo2G/v4MTrmuIPCpOBIs=; b=TgO0lDeWuRYGlsgSxX8RvFKuVZHzuT2Mh2S2bRP2VnckRBYkfW1QJqPvU3hKJCaXZc Xc+12jgEFsZ9M11B5QfvAtuPt4gNRmhKeoAM1TboGrE9YiKQ2iupcTGH3dt1Au/jPfnS zlGbk0YXSdjYbv4p24ub3IRPQQinbU9g5RaO94ffRGSS3BhlurI7AUVnnQCvnGBM5VrM 74i2oJn0sOcETZLf0J9V7FOFr30oCmRocig4ndzGhMNEqcA8ConZzebqEbqcg7M27P8d TbAVaMG/yA9ohyFoBad2SNXjcnG8mAViy1hQBSwNXBL9vExmtl9I/3xzWRvDt6jZ24bC EmIQ== X-Gm-Message-State: AOJu0YzzIkPrVE2J3iuqWLpWwQ6PU89nnnb1iL4RbZfXV4lF76tMns46 D1VpmsGLrhz2MZR7gEk25voSxdm1q0JzpKNgzRP3yaZnWpp3VGDS7BMMhy7sVRWwLGwIapiRxHF xPjhD+Zq29ZxRG9QzquXf9XvapgZqgZFWed09xbJm X-Google-Smtp-Source: AGHT+IG6zdEJxt5o+rcpxzGeS7GEBxucdap7Ub9McfCdYMmVA8uIzKkx1I2hkcR9GG9sB7Zld5MJBWdD6SLU X-Received: by 2002:a05:6a20:1920:b0:1be:c4f9:ddd3 with SMTP id adf61e73a8af0-1c68cfa5248mr1507316637.24.1722492252773; Wed, 31 Jul 2024 23:04:12 -0700 (PDT) Received: from postal.iol.unh.edu (postal.iol.unh.edu. [132.177.123.84]) by smtp-relay.gmail.com with ESMTPS id 98e67ed59e1d1-2cfdc4dd8c4sm146277a91.17.2024.07.31.23.04.12 (version=TLS1_2 cipher=ECDHE-ECDSA-AES128-GCM-SHA256 bits=128/128); Wed, 31 Jul 2024 23:04:12 -0700 (PDT) X-Relaying-Domain: iol.unh.edu Date: Wed, 31 Jul 2024 23:04:12 -0700 (PDT) Message-ID: <66ab255c.170a0220.143a51.a7ceSMTPIN_ADDED_MISSING@mx.google.com> Received: from [172.21.0.6] (unknown [172.18.0.240]) by postal.iol.unh.edu (Postfix) with ESMTP id E7809605C351; Thu, 1 Aug 2024 02:04:11 -0400 (EDT) Subject: |FAILURE| pw142798-142800 [PATCH] [v3,3/3] test: restore cfgfile tes From: dpdklab@iol.unh.edu To: Test Report Cc: dpdk-test-reports@iol.unh.edu, Stephen Hemminger In-Reply-To: <20240731173616.91081-4-stephen@networkplumber.org> References: <20240731173616.91081-4-stephen@networkplumber.org> Content-Type: text/plain X-BeenThere: test-report@dpdk.org X-Mailman-Version: 2.1.29 Precedence: list List-Id: automatic DPDK test reports List-Unsubscribe: , List-Archive: List-Post: List-Help: List-Subscribe: , Errors-To: test-report-bounces@dpdk.org Test-Label: iol-unit-amd64-testing Test-Status: FAILURE http://dpdk.org/patch/142800 _Testing issues_ Submitter: Stephen Hemminger Date: Wednesday, July 31 2024 17:35:13 DPDK git baseline: Repo:dpdk Branch: master CommitID:b3485f4293997d35b6daecc3437bb0c183a51fb3 142798-142800 --> testing issues Upstream job id: Generic-Unit-Test-DPDK#247356 Test environment and result as below: +---------------------+----------------+ | Environment | dpdk_unit_test | +=====================+================+ | Windows Server 2022 | FAIL | +---------------------+----------------+ | Windows Server 2019 | FAIL | +---------------------+----------------+ | CentOS Stream 8 | PASS | +---------------------+----------------+ | Debian Bullseye | PASS | +---------------------+----------------+ | Fedora 37 | PASS | +---------------------+----------------+ | Debian 12 | PASS | +---------------------+----------------+ | Fedora 38 (Clang) | PASS | +---------------------+----------------+ | Fedora 38 | PASS | +---------------------+----------------+ | Fedora 39 | PASS | +---------------------+----------------+ | Fedora 40 | PASS | +---------------------+----------------+ | Fedora 39 (Clang) | PEND | +---------------------+----------------+ | RHEL9 | PASS | +---------------------+----------------+ | openSUSE Leap 15 | PEND | +---------------------+----------------+ | Fedora 40 (Clang) | PEND | +---------------------+----------------+ | RHEL8 | PEND | +---------------------+----------------+ | Ubuntu 20.04 | PEND | +---------------------+----------------+ | Ubuntu 24.04 | PEND | +---------------------+----------------+ | Ubuntu 22.04 | PEND | +---------------------+----------------+ | CentOS Stream 9 | PEND | +---------------------+----------------+ ==== Unit test summary for Windows Server 2019 (dpdk_unit_test): ==== Failed to get the unit test results. Displaying the unit test results is not supported for some environments, such as our aarch32 testing, where meson is not used to run the tests. Download the logs available on our CI site. ==== End log output ==== Windows Server 2022 Kernel: 10.0.20348.2031 Compiler: clang 15.0.7, gcc 8.1.0 (MinGW), and MSVC VS 17.9 Windows Server 2019 Kernel: 10.0.17763 Compiler: clang 14.0 and gcc 8.1.0 (MinGW) CentOS Stream 8 Kernel: 5.4.0-167-generic Compiler: gcc 8.5.0 20210514 Debian Bullseye Kernel: 5.4.0-167-generic Compiler: gcc 10.2.1-6 Fedora 37 Kernel: Depends on container host system Compiler: gcc 12.3.1 Debian 12 Kernel: Container Host Kernel Compiler: gcc 12.2.0 Fedora 38 (Clang) Kernel: Depends on container host Compiler: clang 16.0.6 Fedora 38 Kernel: Depends on container host Compiler: gcc 13.2.1 Fedora 39 Kernel: Depends on container host Compiler: gcc 13.2.1 Fedora 40 Kernel: Depends on container host Compiler: gcc 14.1.1 Fedora 39 (Clang) Kernel: Depends on container host Compiler: clang 17.0.6 RHEL9 Kernel: Depends on container host Compiler: gcc 11.4.1 openSUSE Leap 15 Kernel: 5.4.0-167-generic Compiler: gcc 7.5.0 Fedora 40 (Clang) Kernel: Depends on container host Compiler: clang 18.1.6 RHEL8 Kernel: 5.4.0-167-generic Compiler: gcc 8.5.0 20210514 (Red Hat 8.5.0-20) Ubuntu 20.04 Kernel: 5.4.0-167-generic Compiler: gcc 9.4.0-1ubuntu1~20.04.1 Ubuntu 24.04 Kernel: 5.4.0-167-generic Compiler: gcc 13.2.0 Ubuntu 22.04 Kernel: 5.4.0-167-generic Compiler: gcc 11.4.0 CentOS Stream 9 Kernel: 5.4.0-167-generic Compiler: gcc 11.4.1 20230605 To view detailed results, visit: https://lab.dpdk.org/results/dashboard/patchsets/30683/ UNH-IOL DPDK Community Lab To manage your email subscriptions, visit: https://lab.dpdk.org/results/dashboard/preferences/subscriptions/