From mboxrd@z Thu Jan  1 00:00:00 1970
Return-Path: <test-report-bounces@dpdk.org>
Received: from mails.dpdk.org (mails.dpdk.org [217.70.189.124])
	by inbox.dpdk.org (Postfix) with ESMTP id 72AE545718
	for <public@inbox.dpdk.org>; Fri,  2 Aug 2024 07:55:26 +0200 (CEST)
Received: from mails.dpdk.org (localhost [127.0.0.1])
	by mails.dpdk.org (Postfix) with ESMTP id 67C724270A;
	Fri,  2 Aug 2024 07:55:26 +0200 (CEST)
Received: from mail-il1-f228.google.com (mail-il1-f228.google.com
 [209.85.166.228])
 by mails.dpdk.org (Postfix) with ESMTP id E492440431
 for <test-report@dpdk.org>; Fri,  2 Aug 2024 07:55:24 +0200 (CEST)
Received: by mail-il1-f228.google.com with SMTP id
 e9e14a558f8ab-397ba4f7387so42129655ab.0
 for <test-report@dpdk.org>; Thu, 01 Aug 2024 22:55:24 -0700 (PDT)
DKIM-Signature: v=1; a=rsa-sha256; c=relaxed/relaxed;
 d=iol.unh.edu; s=unh-iol; t=1722578124; x=1723182924; darn=dpdk.org;
 h=references:in-reply-to:cc:to:from:subject:message-id:date:from:to
 :cc:subject:date:message-id:reply-to;
 bh=n5E9nlzHposC3z2W3AMb9ckOsVjaobXy+gXFa6+ZEbg=;
 b=KehN+r7KlFuUcVY7QIezW/jsQx41d5atPa6yOO5wRqYpotjofOwI0Hvj16HWWzOk8y
 b2CREye5d4KhAB1hDRoviYduMv0NuGuZZEsNeejF0k1i77EkR44420HSClOM2a6DkyNO
 /FaiwtVPQyzpssHZ4t3sLCrSvUkym1XOV3hRw=
X-Google-DKIM-Signature: v=1; a=rsa-sha256; c=relaxed/relaxed;
 d=1e100.net; s=20230601; t=1722578124; x=1723182924;
 h=references:in-reply-to:cc:to:from:subject:message-id:date
 :x-gm-message-state:from:to:cc:subject:date:message-id:reply-to;
 bh=n5E9nlzHposC3z2W3AMb9ckOsVjaobXy+gXFa6+ZEbg=;
 b=k2pqb+yNIVbdotsqn262cp68lYRIy1d3+pzuu6Q3QsPfr6IA/CkWcLSNsFEE68kxAa
 uRrP2wI8pskKnH/ZAo5oie9kJpfOOiUYFGhQNuKMg7mrPf79AuPyNZbSWMUoHJKRR1SW
 2noqeOTPfSKE4FuKZUkHdeaiKxXHqrHuZQNpxJSsV9/XuKdYf6NeQwKvhwIKboKlrCc9
 1SjA4h6afzdfum9j2G5DgRFBjFa44iHENKo6MKVSvDUCY77XbcG74lrkJGABO+JLQ0NY
 ApYsWCQ/4Uo1jyuUqjbKmAJ7IAzy5BQ68xOU2MWfNSyMpT0CJ9u9yTkjm8ZjKVw9A4i7
 FpwQ==
X-Gm-Message-State: AOJu0Yy5L7bWwk0xgwEsHAb7kYvjDw4xJppvPXuh0vZM7WBmTfDmuBwN
 0LK2SooA9S1nUy09FnuGtxSe2nN4vjhX0+hign52OoEJucKBPyuD9hgQSxJqnx9P7ejC9aNmwnR
 685jb8HdfWxdKesB+4j0BZNu+ZbPpzS9UjsTe89F24COdJP6mFwxYGeUD
X-Google-Smtp-Source: AGHT+IGqsA8Ke7JZRNTOMHgWij3zNG8aUJzNNxOCnErPURyVvTHob5mSDF9Cwfax1GlLQCqBs3p7wVJ3MY+2
X-Received: by 2002:a05:6e02:214e:b0:39b:c08:3d22 with SMTP id
 e9e14a558f8ab-39b1fb8817fmr38579925ab.15.1722578124076; 
 Thu, 01 Aug 2024 22:55:24 -0700 (PDT)
Received: from postal.iol.unh.edu (postal.iol.unh.edu.
 [2606:4100:3880:1234::84]) by smtp-relay.gmail.com with ESMTPS id
 e9e14a558f8ab-39b20ac18c3sm540075ab.61.2024.08.01.22.55.23
 (version=TLS1_2 cipher=ECDHE-ECDSA-AES128-GCM-SHA256 bits=128/128);
 Thu, 01 Aug 2024 22:55:24 -0700 (PDT)
X-Relaying-Domain: iol.unh.edu
Date: Thu, 01 Aug 2024 22:55:24 -0700 (PDT)
Message-ID: <66ac74cc.050a0220.2d72a6.3d8fSMTPIN_ADDED_MISSING@mx.google.com>
Received: from [172.21.0.7] (unknown [172.18.0.240])
 by postal.iol.unh.edu (Postfix) with ESMTP id 96788605C351;
 Fri,  2 Aug 2024 01:55:23 -0400 (EDT)
Subject: |FAILURE| pw142850-142852 [PATCH] [v4,3/3] test: restore cfgfile tes
From: dpdklab@iol.unh.edu
To: Test Report <test-report@dpdk.org>
Cc: dpdk-test-reports@iol.unh.edu,
 Stephen Hemminger <stephen@networkplumber.org>
In-Reply-To: <20240801173029.65710-4-stephen@networkplumber.org>
References: <20240801173029.65710-4-stephen@networkplumber.org>
Content-Type: text/plain
X-BeenThere: test-report@dpdk.org
X-Mailman-Version: 2.1.29
Precedence: list
List-Id: automatic DPDK test reports <test-report.dpdk.org>
List-Unsubscribe: <https://mails.dpdk.org/options/test-report>,
 <mailto:test-report-request@dpdk.org?subject=unsubscribe>
List-Archive: <http://mails.dpdk.org/archives/test-report/>
List-Post: <mailto:test-report@dpdk.org>
List-Help: <mailto:test-report-request@dpdk.org?subject=help>
List-Subscribe: <https://mails.dpdk.org/listinfo/test-report>,
 <mailto:test-report-request@dpdk.org?subject=subscribe>
Errors-To: test-report-bounces@dpdk.org

Test-Label: iol-unit-amd64-testing
Test-Status: FAILURE
http://dpdk.org/patch/142852

_Testing issues_

Submitter: Stephen Hemminger <stephen@networkplumber.org>
Date: Thursday, August 01 2024 17:29:10 
DPDK git baseline: Repo:dpdk
  Branch: master
  CommitID:b3485f4293997d35b6daecc3437bb0c183a51fb3

142850-142852 --> testing issues

Upstream job id: Generic-Unit-Test-DPDK#248015

Test environment and result as below:

+---------------------+----------------+
|     Environment     | dpdk_unit_test |
+=====================+================+
| Windows Server 2019 | FAIL           |
+---------------------+----------------+
| Windows Server 2022 | FAIL           |
+---------------------+----------------+
| CentOS Stream 9     | PEND           |
+---------------------+----------------+
| Debian Bullseye     | PASS           |
+---------------------+----------------+
| Debian 12           | PASS           |
+---------------------+----------------+
| Fedora 37           | PEND           |
+---------------------+----------------+
| Fedora 38           | PEND           |
+---------------------+----------------+
| Fedora 38 (Clang)   | PEND           |
+---------------------+----------------+
| Fedora 39           | PEND           |
+---------------------+----------------+
| Fedora 39 (Clang)   | PEND           |
+---------------------+----------------+
| Fedora 40           | PEND           |
+---------------------+----------------+
| Fedora 40 (Clang)   | PEND           |
+---------------------+----------------+
| RHEL9               | PEND           |
+---------------------+----------------+
| RHEL8               | PEND           |
+---------------------+----------------+
| openSUSE Leap 15    | PEND           |
+---------------------+----------------+
| Ubuntu 20.04        | PEND           |
+---------------------+----------------+
| Ubuntu 22.04        | PEND           |
+---------------------+----------------+
| Ubuntu 24.04        | PEND           |
+---------------------+----------------+

==== Unit test summary for Windows Server 2022 (dpdk_unit_test): ====
Failed to get the unit test results.
Displaying the unit test results is not supported for some environments,
such as our aarch32 testing, where meson is not used to run the tests.
Download the logs available on our CI site.
==== End log output ====

Windows Server 2019
	Kernel: 10.0.17763
	Compiler: clang 14.0 and gcc 8.1.0 (MinGW)

Windows Server 2022
	Kernel: 10.0.20348.2031
	Compiler: clang 15.0.7, gcc 8.1.0 (MinGW), and MSVC VS 17.9

CentOS Stream 9
	Kernel: 5.4.0-167-generic
	Compiler: gcc 11.4.1 20230605

Debian Bullseye
	Kernel: 5.4.0-167-generic
	Compiler: gcc 10.2.1-6

Debian 12
	Kernel: Container Host Kernel
	Compiler: gcc 12.2.0

Fedora 37
	Kernel: Depends on container host system
	Compiler: gcc 12.3.1

Fedora 38
	Kernel: Depends on container host
	Compiler: gcc 13.2.1

Fedora 38 (Clang)
	Kernel: Depends on container host
	Compiler: clang 16.0.6

Fedora 39
	Kernel: Depends on container host
	Compiler: gcc 13.2.1

Fedora 39 (Clang)
	Kernel: Depends on container host
	Compiler: clang 17.0.6

Fedora 40
	Kernel: Depends on container host
	Compiler: gcc 14.1.1

Fedora 40 (Clang)
	Kernel: Depends on container host
	Compiler: clang 18.1.6

RHEL9
	Kernel: Depends on container host
	Compiler: gcc 11.4.1

RHEL8
	Kernel: 5.4.0-167-generic
	Compiler: gcc 8.5.0 20210514 (Red Hat 8.5.0-20)

openSUSE Leap 15
	Kernel: 5.4.0-167-generic
	Compiler: gcc 7.5.0

Ubuntu 20.04
	Kernel: 5.4.0-167-generic
	Compiler: gcc 9.4.0-1ubuntu1~20.04.1

Ubuntu 22.04
	Kernel: 5.4.0-167-generic
	Compiler: gcc 11.4.0

Ubuntu 24.04
	Kernel: 5.4.0-167-generic
	Compiler: gcc 13.2.0

To view detailed results, visit:
https://lab.dpdk.org/results/dashboard/patchsets/30703/

UNH-IOL DPDK Community Lab

To manage your email subscriptions, visit: 
https://lab.dpdk.org/results/dashboard/preferences/subscriptions/