From mboxrd@z Thu Jan  1 00:00:00 1970
Return-Path: <test-report-bounces@dpdk.org>
Received: from mails.dpdk.org (mails.dpdk.org [217.70.189.124])
	by inbox.dpdk.org (Postfix) with ESMTP id 63FF34571C
	for <public@inbox.dpdk.org>; Fri,  2 Aug 2024 17:19:17 +0200 (CEST)
Received: from mails.dpdk.org (localhost [127.0.0.1])
	by mails.dpdk.org (Postfix) with ESMTP id C056840E28;
	Fri,  2 Aug 2024 17:19:15 +0200 (CEST)
Received: from mail-oo1-f98.google.com (mail-oo1-f98.google.com
 [209.85.161.98]) by mails.dpdk.org (Postfix) with ESMTP id 5C1C440E24
 for <test-report@dpdk.org>; Fri,  2 Aug 2024 17:19:14 +0200 (CEST)
Received: by mail-oo1-f98.google.com with SMTP id
 006d021491bc7-5d5bd1b79cfso4784625eaf.2
 for <test-report@dpdk.org>; Fri, 02 Aug 2024 08:19:14 -0700 (PDT)
DKIM-Signature: v=1; a=rsa-sha256; c=relaxed/relaxed;
 d=iol.unh.edu; s=unh-iol; t=1722611953; x=1723216753; darn=dpdk.org;
 h=references:in-reply-to:cc:to:from:subject:message-id:date:from:to
 :cc:subject:date:message-id:reply-to;
 bh=+Q3vQRfL4XasLT/u1AFaFrYBPhP22977WMI6iP8byr8=;
 b=dyY+QPxjDcr5hWLSH7H/9+MGGno23baFMJmSZIL740usXfVWAFUsJGAtln+iN5tA3S
 LR6ic/3XCee5a1vOgZ82essUBnoQKKFO4LxMZdoV1Wvd3sfyRFbS2Ee6pMLPLJJQWx8V
 9wPokanPGNdU2AbEN0OsrLYnYTOx1PFY3oowo=
X-Google-DKIM-Signature: v=1; a=rsa-sha256; c=relaxed/relaxed;
 d=1e100.net; s=20230601; t=1722611953; x=1723216753;
 h=references:in-reply-to:cc:to:from:subject:message-id:date
 :x-gm-message-state:from:to:cc:subject:date:message-id:reply-to;
 bh=+Q3vQRfL4XasLT/u1AFaFrYBPhP22977WMI6iP8byr8=;
 b=kGb5EaoYfELypJ6cQJnvOcFqlctIe8xzOVtE1RB7FRTk4Kz/vtz+2+iXfE6aQdd5ls
 v71F9LNtYud9vFUU5HvXSmDq/9F4XnQgBSDT/WI+uZL3FrpWej1gUpD0zRGZ+5MRX9TA
 p7kCNuw487Bq7U7YlTMUq+Q9MBVqqhTVDI/uX9H3Gr/eFUJ+g9PZQ9vMQc7OgcaASZzX
 1WEN7iGcvSk430k7lqFY0XDURNgeqtBFKB9lTZPdvPoQekchMml4Fetcg9jVtGexW3b1
 ilEYFyS2Gyc8HkN1qkbE2kX2pWBvgeZezTwLrqaHxG85d2bB0c+0cjiKon3s7fx198ou
 A/8g==
X-Gm-Message-State: AOJu0Yzt24F6co5w/5chAXjLq4MyC+xsUih/xT12owuj2+Lxzm3g30Fx
 X8qt5xd2w/X1LP/VLq4P7/NzAkVUrOcYv+IeVaIhnk2eDqF9s01Dk/WYFa6ywobKhdJyDNWe9ed
 7kKRGdGBkomSc5WBBWz/LPG0TMTwq7qup68vk7lN8
X-Google-Smtp-Source: AGHT+IF1HeXfx5BFUVcJAswQ//8QWkWng+4fBkE6VtIwemNoV+ijbSUPDOUZbSV5Gmm+Gx2lylfGnEjkIMTX
X-Received: by 2002:a05:6870:65a0:b0:25d:fab0:b6f4 with SMTP id
 586e51a60fabf-26891a844ccmr4146650fac.1.1722611953400; 
 Fri, 02 Aug 2024 08:19:13 -0700 (PDT)
Received: from postal.iol.unh.edu (postal.iol.unh.edu. [132.177.123.84])
 by smtp-relay.gmail.com with ESMTPS id
 af79cd13be357-7a34f6c0410sm1607885a.1.2024.08.02.08.19.13
 (version=TLS1_2 cipher=ECDHE-ECDSA-AES128-GCM-SHA256 bits=128/128);
 Fri, 02 Aug 2024 08:19:13 -0700 (PDT)
X-Relaying-Domain: iol.unh.edu
Date: Fri, 02 Aug 2024 08:19:13 -0700 (PDT)
Message-ID: <66acf8f1.050a0220.2ef15b.10e3SMTPIN_ADDED_MISSING@mx.google.com>
Received: from [172.17.0.2] (unknown [172.18.0.217])
 by postal.iol.unh.edu (Postfix) with ESMTP id DA0EF6050A6D;
 Fri,  2 Aug 2024 11:19:12 -0400 (EDT)
Subject: |FAILURE| pw142859-142865 [PATCH] [v2,7/7] devtools: add script to g
From: dpdklab@iol.unh.edu
To: Test Report <test-report@dpdk.org>
Cc: dpdk-test-reports@iol.unh.edu,
 Bruce Richardson <bruce.richardson@intel.com>
In-Reply-To: <20240802124411.485430-8-bruce.richardson@intel.com>
References: <20240802124411.485430-8-bruce.richardson@intel.com>
Content-Type: text/plain
X-BeenThere: test-report@dpdk.org
X-Mailman-Version: 2.1.29
Precedence: list
List-Id: automatic DPDK test reports <test-report.dpdk.org>
List-Unsubscribe: <https://mails.dpdk.org/options/test-report>,
 <mailto:test-report-request@dpdk.org?subject=unsubscribe>
List-Archive: <http://mails.dpdk.org/archives/test-report/>
List-Post: <mailto:test-report@dpdk.org>
List-Help: <mailto:test-report-request@dpdk.org?subject=help>
List-Subscribe: <https://mails.dpdk.org/listinfo/test-report>,
 <mailto:test-report-request@dpdk.org?subject=subscribe>
Errors-To: test-report-bounces@dpdk.org

Test-Label: iol-compile-arm64-testing
Test-Status: FAILURE
http://dpdk.org/patch/142865

_Testing issues_

Submitter: Bruce Richardson <bruce.richardson@intel.com>
Date: Friday, August 02 2024 12:44:11 
DPDK git baseline: Repo:dpdk
  Branch: master
  CommitID:b3485f4293997d35b6daecc3437bb0c183a51fb3

142859-142865 --> testing issues

Upstream job id: Generic-DPDK-Compile-Meson#283895

Test environment and result as below:

+----------------------------------------+--------------------+
|              Environment               | dpdk_meson_compile |
+========================================+====================+
| RHEL9 (ARM)                            | PASS               |
+----------------------------------------+--------------------+
| Ubuntu 20.04 ARM GCC Cross Compile     | PASS               |
+----------------------------------------+--------------------+
| Debian 12 with MUSDK                   | FAIL               |
+----------------------------------------+--------------------+
| Ubuntu 20.04 ARM SVE                   | PASS               |
+----------------------------------------+--------------------+
| Fedora 38 (ARM)                        | PEND               |
+----------------------------------------+--------------------+
| Fedora 37 (ARM)                        | PEND               |
+----------------------------------------+--------------------+
| Fedora 38 (ARM Clang)                  | PEND               |
+----------------------------------------+--------------------+
| Fedora 39 (ARM)                        | PASS               |
+----------------------------------------+--------------------+
| Fedora 39 (ARM Clang)                  | PEND               |
+----------------------------------------+--------------------+
| Fedora 40 (ARM)                        | PASS               |
+----------------------------------------+--------------------+
| Fedora 40 (ARM Clang)                  | PEND               |
+----------------------------------------+--------------------+
| Ubuntu 20.04 (ARM)                     | PASS               |
+----------------------------------------+--------------------+
| Ubuntu 22.04 (ARM)                     | PASS               |
+----------------------------------------+--------------------+
| Ubuntu 24.04 (ARM)                     | PEND               |
+----------------------------------------+--------------------+
| CentOS Stream 9 (ARM)                  | PASS               |
+----------------------------------------+--------------------+
| Debian 11 (Buster) (ARM)               | PASS               |
+----------------------------------------+--------------------+
| Debian 12 (arm)                        | PASS               |
+----------------------------------------+--------------------+
| Ubuntu 20.04 ARM Clang Cross Compile   | PASS               |
+----------------------------------------+--------------------+
| Ubuntu 20.04 aarch32 GCC Cross Compile | PASS               |
+----------------------------------------+--------------------+

==== 20 line log output for Debian 12 with MUSDK (dpdk_meson_compile): ====
[676/951] Compiling C object app/dpdk-test-bbdev.p/test-bbdev_test_bbdev_vector.c.o
[677/951] Linking target app/dpdk-test-bbdev
[678/951] Compiling C object app/dpdk-test-cmdline.p/test-cmdline_commands.c.o
[679/951] Compiling C object app/dpdk-test-cmdline.p/test-cmdline_cmdline_test.c.o
[680/951] Linking target app/dpdk-test-cmdline
[681/951] Compiling C object app/dpdk-test-compress-perf.p/test-compress-perf_comp_perf_options_parse.c.o
[682/951] Compiling C object app/dpdk-test-compress-perf.p/test-compress-perf_comp_perf_test_common.c.o
[683/951] Compiling C object app/dpdk-test-compress-perf.p/test-compress-perf_comp_perf_test_cyclecount.c.o
[684/951] Compiling C object app/dpdk-test-compress-perf.p/test-compress-perf_comp_perf_test_throughput.c.o
[685/951] Compiling C object app/dpdk-test-compress-perf.p/test-compress-perf_comp_perf_test_verify.c.o
[686/951] Compiling C object app/dpdk-test-compress-perf.p/test-compress-perf_main.c.o
[687/951] Linking target app/dpdk-test-compress-perf
[688/951] Compiling C object app/dpdk-test-crypto-perf.p/test-crypto-perf_cperf_ops.c.o
FAILED: app/dpdk-test-crypto-perf.p/test-crypto-perf_cperf_ops.c.o
ccache aarch64-linux-gnu-gcc -Iapp/dpdk-test-crypto-perf.p -Iapp -I../app -Ilib/cryptodev -I../lib/cryptodev -Ilib/mbuf -I../lib/mbuf -Ilib/mempool -I../lib/mempool -Ilib/ring -I../lib/ring -I. -I.. -Iconfig -I../config -Ilib/eal/include -I../lib/eal/include -Ilib/eal/linux/include -I../lib/eal/linux/include -Ilib/eal/arm/include -I../lib/eal/arm/include -Ilib/eal/common -I../lib/eal/common -Ilib/eal -I../lib/eal -Ilib/kvargs -I../lib/kvargs -Ilib/log -I../lib/log -Ilib/metrics -I../lib/metrics -Ilib/telemetry -I../lib/telemetry -Ilib/rcu -I../lib/rcu -fdiagnostics-color=always -D_FILE_OFFSET_BITS=64 -Wall -Winvalid-pch -Wextra -Werror -std=c11 -O3 -include rte_config.h -Wcast-qual -Wdeprecated -Wformat -Wformat-nonliteral -Wformat-security -Wmissing-declarations -Wmissing-prototypes -Wnested-externs -Wold-style-definition -Wpointer-arith -Wsign-compare -Wstrict-prototypes -Wundef -Wwrite-strings -Wno-address-of-packed-member -Wno-packed-not-aligned -Wno-missing-field-initializers -W
 no-zero-length-bounds -D_GNU_SOURCE -mcpu=cortex-a72 -DALLOW_EXPERIMENTAL_API -MD -MQ app/dpdk-test-crypto-perf.p/test-crypto-perf_cperf_ops.c.o -MF app/dpdk-test-crypto-perf.p/test-crypto-perf_cperf_ops.c.o.d -o app/dpdk-test-crypto-perf.p/test-crypto-perf_cperf_ops.c.o -c ../app/test-crypto-perf/cperf_ops.c
../app/test-crypto-perf/cperf_ops.c:6:10: fatal error: rte_ether.h: No such file or directory
6 | #include <rte_ether.h>
|          ^~~~~~~~~~~~~
compilation terminated.
ninja: build stopped: subcommand failed.
==== End log output ====

RHEL9 (ARM)
	Kernel: Depends on container host
	Compiler: gcc 11.4.1

Ubuntu 20.04 ARM GCC Cross Compile
	Kernel: 5.4.0-167-generic
	Compiler: aarch64-linux-gnu-gcc (Ubuntu 9.4.0-1ubuntu1~20.04.2) 9.4.0

Debian 12 with MUSDK
	Kernel: Container Host Kernel
	Compiler: gcc 12.2.0

Ubuntu 20.04 ARM SVE
	Kernel: 5.4.0-167-generic
	Compiler: gcc (Ubuntu 10.5.0-1ubuntu1~20.04) 10.5.0

Fedora 38 (ARM)
	Kernel: Depends on container host
	Compiler: gcc 13.2.1

Fedora 37 (ARM)
	Kernel: Depends on container host
	Compiler: gcc 12.3.1

Fedora 38 (ARM Clang)
	Kernel: Depends on container host
	Compiler: clang 16.0.6

Fedora 39 (ARM)
	Kernel: Depends on container host
	Compiler: gcc 13.2.1

Fedora 39 (ARM Clang)
	Kernel: Depends on container host
	Compiler: clang 17.0.6

Fedora 40 (ARM)
	Kernel: Depends on container host
	Compiler: gcc 14.1.1

Fedora 40 (ARM Clang)
	Kernel: Depends on container host
	Compiler: clang 18.1.6

Ubuntu 20.04 (ARM)
	Kernel: Container Host Kernel
	Compiler: gcc 9.4.0

Ubuntu 22.04 (ARM)
	Kernel: Container Host Kernel
	Compiler: gcc 11.4.0

Ubuntu 24.04 (ARM)
	Kernel: 5.4.0-167-generic
	Compiler: gcc 13.2.0

CentOS Stream 9 (ARM)
	Kernel: Container Host Kernel
	Compiler: gcc 11.4.1

Debian 11 (Buster) (ARM)
	Kernel: Container Host Kernel
	Compiler: gcc 10.2.1

Debian 12 (arm)
	Kernel: Container Host Kernel
	Compiler: gcc 12.2.0

Ubuntu 20.04 ARM Clang Cross Compile
	Kernel: 5.4.0-72-generic
	Compiler: clang 10.0.0-4ubuntu1

Ubuntu 20.04 aarch32 GCC Cross Compile
	Kernel: 5.4.0-167-generic
	Compiler: gcc 9.4.0

To view detailed results, visit:
https://lab.dpdk.org/results/dashboard/patchsets/30707/

UNH-IOL DPDK Community Lab

To manage your email subscriptions, visit: 
https://lab.dpdk.org/results/dashboard/preferences/subscriptions/