From mboxrd@z Thu Jan  1 00:00:00 1970
Return-Path: <test-report-bounces@dpdk.org>
Received: from mails.dpdk.org (mails.dpdk.org [217.70.189.124])
	by inbox.dpdk.org (Postfix) with ESMTP id 1ABF845767
	for <public@inbox.dpdk.org>; Thu,  8 Aug 2024 09:32:00 +0200 (CEST)
Received: from mails.dpdk.org (localhost [127.0.0.1])
	by mails.dpdk.org (Postfix) with ESMTP id 77A7B40A80;
	Thu,  8 Aug 2024 09:31:58 +0200 (CEST)
Received: from mail-pf1-f227.google.com (mail-pf1-f227.google.com
 [209.85.210.227])
 by mails.dpdk.org (Postfix) with ESMTP id 4C7CE40696
 for <test-report@dpdk.org>; Thu,  8 Aug 2024 09:31:41 +0200 (CEST)
Received: by mail-pf1-f227.google.com with SMTP id
 d2e1a72fcca58-70d316f0060so1201478b3a.1
 for <test-report@dpdk.org>; Thu, 08 Aug 2024 00:31:41 -0700 (PDT)
DKIM-Signature: v=1; a=rsa-sha256; c=relaxed/relaxed;
 d=iol.unh.edu; s=unh-iol; t=1723102300; x=1723707100; darn=dpdk.org;
 h=references:in-reply-to:cc:to:from:subject:message-id:date:from:to
 :cc:subject:date:message-id:reply-to;
 bh=jU4AJMmNl2p8wcARTXXCXqAg6un1UcjIUy/TrO5gnAE=;
 b=YbW7MJZB80GgTqTWTp+gbn5fFTpgnrdJyI4SLA/2OwzYh2sqmWy9Q/JdIsSQzOb0w0
 IeNrJVq9cV1b1CyRFhWLA28wXwQ9yVddG6/KZWw3HEf3V1bJ/3M7jeRmRjFyurSvdkS0
 FH7cMGOXaR0dBycVxNCrNSCDSdtI6jPSNaq2g=
X-Google-DKIM-Signature: v=1; a=rsa-sha256; c=relaxed/relaxed;
 d=1e100.net; s=20230601; t=1723102300; x=1723707100;
 h=references:in-reply-to:cc:to:from:subject:message-id:date
 :x-gm-message-state:from:to:cc:subject:date:message-id:reply-to;
 bh=jU4AJMmNl2p8wcARTXXCXqAg6un1UcjIUy/TrO5gnAE=;
 b=RfT2vp12U1HwEuGVHG0ejm6weLFXVwoNVrWVWlSPht8uuqiPw25ItyOewHDsEjRm7B
 aTNig7Bokivkq22alaCtR455JiJ50/tEXJ7f5/1Fx0UsA0rEL1iOxF7gywI2gDXazi/L
 rsnlriukmjO5g5GT/JrNA0+q8H7leW+2CD/2CXilU4ORntkNz9iWFK2EsniVB2dC8Ww+
 xxeu8FTTO2rOJq2Lz+wVUFSEnvRB9wNpPn8rmQaTrBaG5tLkKDJdmEKuHsPXJb+cVed6
 xnpNniWIeymlh7schwTPmXOBXKesrWKA/yvu0RwgMBbOt0KxqNPsvlsLtVMcK4CKKPHY
 s5gg==
X-Gm-Message-State: AOJu0Yzbew43CbMAdvpIHKYX954Bko0n4XzdHD7BiPVlrvHqMccPYJ/j
 mXZzmKbqDdd7pjf16uRITZBOmP+sZwQmwciC4ZfJ7WlY4TCmIcJbxO/WreJC2cRk/vweNL5vMpH
 qGaIXewiuwhybaU3qv+jDl6d0h78RYt5mKgg4jSei
X-Google-Smtp-Source: AGHT+IHWe+P0AIhndm0hBCB56+nQ1ooQ3JefR7ynYaaTRZfenJ4ac542DzR8UZ/aswVfSVLzbdus0DwZjUKP
X-Received: by 2002:a05:6a20:4903:b0:1c4:e648:4ecc with SMTP id
 adf61e73a8af0-1c6fd1ee384mr1209451637.0.1723102300374; 
 Thu, 08 Aug 2024 00:31:40 -0700 (PDT)
Received: from postal.iol.unh.edu (postal.iol.unh.edu. [132.177.123.84])
 by smtp-relay.gmail.com with ESMTPS id
 d2e1a72fcca58-710cb25654esm42506b3a.12.2024.08.08.00.31.40
 (version=TLS1_2 cipher=ECDHE-ECDSA-AES128-GCM-SHA256 bits=128/128);
 Thu, 08 Aug 2024 00:31:40 -0700 (PDT)
X-Relaying-Domain: iol.unh.edu
Date: Thu, 08 Aug 2024 00:31:40 -0700 (PDT)
Message-ID: <66b4745c.050a0220.16c6ac.34f5SMTPIN_ADDED_MISSING@mx.google.com>
Received: from [172.21.0.8] (unknown [172.18.0.240])
 by postal.iol.unh.edu (Postfix) with ESMTP id 7684C605C380;
 Thu,  8 Aug 2024 03:31:39 -0400 (EDT)
Subject: |WARNING| pw143011-143013 [PATCH] [3/3] net/enic: allow multicast in
From: dpdklab@iol.unh.edu
To: Test Report <test-report@dpdk.org>
Cc: dpdk-test-reports@iol.unh.edu
In-Reply-To: <20240808041838.31367-4-hyonkim@cisco.com>
References: <20240808041838.31367-4-hyonkim@cisco.com>
Content-Type: text/plain
X-BeenThere: test-report@dpdk.org
X-Mailman-Version: 2.1.29
Precedence: list
List-Id: automatic DPDK test reports <test-report.dpdk.org>
List-Unsubscribe: <https://mails.dpdk.org/options/test-report>,
 <mailto:test-report-request@dpdk.org?subject=unsubscribe>
List-Archive: <http://mails.dpdk.org/archives/test-report/>
List-Post: <mailto:test-report@dpdk.org>
List-Help: <mailto:test-report-request@dpdk.org?subject=help>
List-Subscribe: <https://mails.dpdk.org/listinfo/test-report>,
 <mailto:test-report-request@dpdk.org?subject=subscribe>
Errors-To: test-report-bounces@dpdk.org

Test-Label: iol-unit-arm64-testing
Test-Status: WARNING
http://dpdk.org/patch/143013

_Testing issues_

Submitter: Hyong Youb Kim <hyonkim@cisco.com>
Date: Thursday, August 08 2024 04:18:38 
DPDK git baseline: Repo:dpdk
  Branch: master
  CommitID:2155f1f2054aa06f0b58e9ade9babf1f0a97a410

143011-143013 --> testing issues

Upstream job id: Generic-Unit-Test-DPDK#249737

Test environment and result as below:

+-----------------------------+----------------+--------------+------------------------------+---------------------------+
|         Environment         | dpdk_unit_test | lpm_autotest | cryptodev_sw_snow3g_autotest | cryptodev_sw_zuc_autotest |
+=============================+================+==============+==============================+===========================+
| 32-bit Ubuntu 20.04.4 (ARM) | PASS           | SKIPPED      | SKIPPED                      | SKIPPED                   |
+-----------------------------+----------------+--------------+------------------------------+---------------------------+
| CentOS Stream 9 (ARM)       | PASS           | SKIPPED      | SKIPPED                      | SKIPPED                   |
+-----------------------------+----------------+--------------+------------------------------+---------------------------+
| Debian 11 (Buster) (ARM)    | PASS           | SKIPPED      | SKIPPED                      | SKIPPED                   |
+-----------------------------+----------------+--------------+------------------------------+---------------------------+
| Debian 12 (arm)             | PASS           | SKIPPED      | PASS                         | PASS                      |
+-----------------------------+----------------+--------------+------------------------------+---------------------------+
| Fedora 37 (ARM)             | PASS           | SKIPPED      | SKIPPED                      | SKIPPED                   |
+-----------------------------+----------------+--------------+------------------------------+---------------------------+
| Fedora 38 (ARM)             | PASS           | SKIPPED      | SKIPPED                      | SKIPPED                   |
+-----------------------------+----------------+--------------+------------------------------+---------------------------+
| Fedora 38 (ARM Clang)       | WARN           | SKIPPED      | SKIPPED                      | SKIPPED                   |
+-----------------------------+----------------+--------------+------------------------------+---------------------------+
| Fedora 39 (ARM)             | PASS           | SKIPPED      | SKIPPED                      | SKIPPED                   |
+-----------------------------+----------------+--------------+------------------------------+---------------------------+
| Fedora 39 (ARM Clang)       | WARN           | SKIPPED      | SKIPPED                      | SKIPPED                   |
+-----------------------------+----------------+--------------+------------------------------+---------------------------+
| Fedora 40 (ARM)             | PASS           | SKIPPED      | SKIPPED                      | SKIPPED                   |
+-----------------------------+----------------+--------------+------------------------------+---------------------------+
| Fedora 40 (ARM Clang)       | WARN           | SKIPPED      | SKIPPED                      | SKIPPED                   |
+-----------------------------+----------------+--------------+------------------------------+---------------------------+
| RHEL9 (ARM)                 | PASS           | SKIPPED      | SKIPPED                      | SKIPPED                   |
+-----------------------------+----------------+--------------+------------------------------+---------------------------+
| Ubuntu 20.04 (ARM)          | PASS           | SKIPPED      | SKIPPED                      | SKIPPED                   |
+-----------------------------+----------------+--------------+------------------------------+---------------------------+
| Ubuntu 22.04 (ARM)          | PASS           | SKIPPED      | SKIPPED                      | SKIPPED                   |
+-----------------------------+----------------+--------------+------------------------------+---------------------------+
| Ubuntu 24.04 (ARM)          | PASS           | SKIPPED      | SKIPPED                      | SKIPPED                   |
+-----------------------------+----------------+--------------+------------------------------+---------------------------+
| Ubuntu 20.04 ARM SVE        | SKIPPED        | PEND         | SKIPPED                      | SKIPPED                   |
+-----------------------------+----------------+--------------+------------------------------+---------------------------+

==== 20 line log output for Fedora 40 (ARM Clang) (dpdk_unit_test): ====
[1520/3203] Compiling C object 'drivers/a715181@@tmp_rte_net_enic@sta/net_enic_base_vnic_wq.c.o'.
[1521/3203] Compiling C object 'drivers/a715181@@rte_net_enetfec@sha/meson-generated_.._rte_net_enetfec.pmd.c.o'.
[1522/3203] Linking target drivers/librte_net_enetfec.so.24.2.
[1523/3203] Compiling C object 'drivers/a715181@@tmp_rte_net_enic@sta/net_enic_base_vnic_dev.c.o'.
[1524/3203] Compiling C object 'drivers/a715181@@tmp_rte_net_enic@sta/net_enic_enic_ethdev.c.o'.
[1525/3203] Compiling C object 'drivers/a715181@@tmp_rte_net_enic@sta/net_enic_enic_flow.c.o'.
[1526/3203] Compiling C object 'drivers/a715181@@tmp_rte_net_enic@sta/net_enic_enic_res.c.o'.
[1527/3203] Compiling C object 'drivers/a715181@@tmp_rte_net_enic@sta/net_enic_enic_main.c.o'.
[1528/3203] Compiling C object 'drivers/a715181@@tmp_rte_net_enic@sta/net_enic_enic_fm_flow.c.o'.
[1529/3203] Compiling C object 'drivers/a715181@@tmp_rte_net_enic@sta/net_enic_enic_sriov.c.o'.
FAILED: drivers/a715181@@tmp_rte_net_enic@sta/net_enic_enic_sriov.c.o
clang -Idrivers/a715181@@tmp_rte_net_enic@sta -Idrivers -I../drivers -Idrivers/net/enic -I../drivers/net/enic -I../drivers/net/enic/base -Ilib/ethdev -I../lib/ethdev -I. -I../ -Iconfig -I../config -Ilib/eal/include -I../lib/eal/include -Ilib/eal/linux/include -I../lib/eal/linux/include -Ilib/eal/arm/include -I../lib/eal/arm/include -Ilib/eal/common -I../lib/eal/common -Ilib/eal -I../lib/eal -Ilib/kvargs -I../lib/kvargs -Ilib/log -I../lib/log -Ilib/telemetry/../metrics -I../lib/telemetry/../metrics -Ilib/telemetry -I../lib/telemetry -Ilib/net -I../lib/net -Ilib/mbuf -I../lib/mbuf -Ilib/mempool -I../lib/mempool -Ilib/ring -I../lib/ring -Ilib/meter -I../lib/meter -Idrivers/bus/pci -I../drivers/bus/pci -I../drivers/bus/pci/linux -Ilib/pci -I../lib/pci -Idrivers/bus/vdev -I../drivers/bus/vdev -Ilib/hash -I../lib/hash -Ilib/rcu -I../lib/rcu -Xclang -fcolor-diagnostics -pipe -D_FILE_OFFSET_BITS=64 -Wall -Winvalid-pch -Wextra -Werror -std=c11 -O3 -include rte_config.h -Wcast-qual -Wdeprecate
 d -Wformat -Wformat-nonliteral -Wformat-security -Wmissing-declarations -Wmissing-prototypes -Wnested-externs -Wold-style-definition -Wpointer-arith -Wsign-compare -Wstrict-prototypes -Wundef -Wwrite-strings -Wno-address-of-packed-member -Wno-missing-field-initializers -D_GNU_SOURCE -fPIC -mcpu=thunderx2t99+crc+crypto -DALLOW_EXPERIMENTAL_API -DALLOW_INTERNAL_API -Wno-format-truncation -DRTE_LOG_DEFAULT_LOGTYPE=pmd.net.enic -MD -MQ 'drivers/a715181@@tmp_rte_net_enic@sta/net_enic_enic_sriov.c.o' -MF 'drivers/a715181@@tmp_rte_net_enic@sta/net_enic_enic_sriov.c.o.d' -o 'drivers/a715181@@tmp_rte_net_enic@sta/net_enic_enic_sriov.c.o' -c ../drivers/net/enic/enic_sriov.c
../drivers/net/enic/enic_sriov.c:65:11: error: variable 'va' set but not used [-Werror,-Wunused-but-set-variable]
65 |         uint64_t va;
|                  ^
1 error generated.
[1530/3203] Compiling C object 'drivers/a715181@@tmp_rte_net_enic@sta/net_enic_enic_vf_representor.c.o'.
[1531/3203] Compiling C object 'drivers/a715181@@tmp_rte_net_enic@sta/net_enic_enic_rxtx.c.o'.
[1532/3203] Compiling C object 'drivers/a715181@@tmp_rte_net_failsafe@sta/net_failsafe_failsafe.c.o'.
ninja: build stopped: subcommand failed.
==== End log output ====

32-bit Ubuntu 20.04.4 (ARM)
	Kernel: 5.4.0-155-generic aarch64
	Compiler: gcc 9.4

CentOS Stream 9 (ARM)
	Kernel: Container Host Kernel
	Compiler: gcc 11.4.1

Debian 11 (Buster) (ARM)
	Kernel: Container Host Kernel
	Compiler: gcc 10.2.1

Debian 12 (arm)
	Kernel: Container Host Kernel
	Compiler: gcc 12.2.0

Fedora 37 (ARM)
	Kernel: Depends on container host
	Compiler: gcc 12.3.1

Fedora 38 (ARM)
	Kernel: Depends on container host
	Compiler: gcc 13.2.1

Fedora 38 (ARM Clang)
	Kernel: Depends on container host
	Compiler: clang 16.0.6

Fedora 39 (ARM)
	Kernel: Depends on container host
	Compiler: gcc 13.2.1

Fedora 39 (ARM Clang)
	Kernel: Depends on container host
	Compiler: clang 17.0.6

Fedora 40 (ARM)
	Kernel: Depends on container host
	Compiler: gcc 14.1.1

Fedora 40 (ARM Clang)
	Kernel: Depends on container host
	Compiler: clang 18.1.6

RHEL9 (ARM)
	Kernel: Depends on container host
	Compiler: gcc 11.4.1

Ubuntu 20.04 (ARM)
	Kernel: Container Host Kernel
	Compiler: gcc 9.4.0

Ubuntu 22.04 (ARM)
	Kernel: Container Host Kernel
	Compiler: gcc 11.4.0

Ubuntu 24.04 (ARM)
	Kernel: 5.4.0-167-generic
	Compiler: gcc 13.2.0

Ubuntu 20.04 ARM SVE
	Kernel: 5.4.0-167-generic
	Compiler: gcc (Ubuntu 10.5.0-1ubuntu1~20.04) 10.5.0

To view detailed results, visit:
https://lab.dpdk.org/results/dashboard/patchsets/30744/

UNH-IOL DPDK Community Lab

To manage your email subscriptions, visit: 
https://lab.dpdk.org/results/dashboard/preferences/subscriptions/