From mboxrd@z Thu Jan  1 00:00:00 1970
Return-Path: <test-report-bounces@dpdk.org>
Received: from mails.dpdk.org (mails.dpdk.org [217.70.189.124])
	by inbox.dpdk.org (Postfix) with ESMTP id 6949645769
	for <public@inbox.dpdk.org>; Thu,  8 Aug 2024 11:19:17 +0200 (CEST)
Received: from mails.dpdk.org (localhost [127.0.0.1])
	by mails.dpdk.org (Postfix) with ESMTP id 65935427AE;
	Thu,  8 Aug 2024 11:19:17 +0200 (CEST)
Received: from mail-io1-f98.google.com (mail-io1-f98.google.com
 [209.85.166.98]) by mails.dpdk.org (Postfix) with ESMTP id 80153427A7
 for <test-report@dpdk.org>; Thu,  8 Aug 2024 11:19:11 +0200 (CEST)
Received: by mail-io1-f98.google.com with SMTP id
 ca18e2360f4ac-81f95052c2cso29579939f.0
 for <test-report@dpdk.org>; Thu, 08 Aug 2024 02:19:11 -0700 (PDT)
DKIM-Signature: v=1; a=rsa-sha256; c=relaxed/relaxed;
 d=iol.unh.edu; s=unh-iol; t=1723108750; x=1723713550; darn=dpdk.org;
 h=references:in-reply-to:cc:to:from:subject:message-id:date:from:to
 :cc:subject:date:message-id:reply-to;
 bh=gwQWyDMnYRdWVrkIChpwwVXmXKx8vBzg6qwaVJ/diSI=;
 b=jS/XMpQ94JD6fzxVA8iOyByBffSWLMUMz+sHxVEPJvYgK6XtFDdj2nqaEYgRpcMXM1
 HDIHASb/2//+NNGsUvWMF/NCV+XV5PUHy2InWchcsYnG+WC50SYRHydJKHTvZjYtvRQs
 xfrbdPCen9q/g5YjoOidebO+WskCCDrmQEAF4=
X-Google-DKIM-Signature: v=1; a=rsa-sha256; c=relaxed/relaxed;
 d=1e100.net; s=20230601; t=1723108750; x=1723713550;
 h=references:in-reply-to:cc:to:from:subject:message-id:date
 :x-gm-message-state:from:to:cc:subject:date:message-id:reply-to;
 bh=gwQWyDMnYRdWVrkIChpwwVXmXKx8vBzg6qwaVJ/diSI=;
 b=s/ltTHd/m1wl/6jSNOg/NlrKkZv0jpixGIxKBSF6XWXw1+YxnZrzQQC7LrUYEmVPYc
 f6rQAG7OEkkP5fTyUHhrIRQkZ9qwpGmDyh92PM1DrjcxQ8F0YYSgSR72KHz2DcQ+HMbN
 FBwMRoFTg0F6oQ3HQQNxGKfslO7P4/9PYVirOpGm1QNef0WX3T+XisInHf8N/q2H2n/P
 lr755ytMKB+rVWNj3X4/aBuKBE+5P2DJ7t8A7IXJgxi3HJ/aneY/XJcZW/SZWpH0nQVx
 TIdjAMPBRox+gEvjLrfrI4ZaK0ryPKI6JrKJSzF0vrwzmthNAqaBkxnjOYidfemUhmVC
 KpEA==
X-Gm-Message-State: AOJu0YzGWjHTvuV4L1FNshq8R5SbGSVIgHbnOSyDsqRRsgqx79b5OxpN
 tcuiryZPi89pKk+/l5QcxAgigw0s8fgY7n0FzW682Okqqu5fABeJJn3ZpD+H/izKAgMQMStGqC3
 TT9EGvadsfN/B177vf5suJYSfwOWCi2c70Yt+eVqS5YLh9k3T
X-Google-Smtp-Source: AGHT+IFltsCsVVI/J+dMLZP4dzDBAMC4u4uGs1ZbPRUNlCtKRK92DnXdS80MKHDgh688jCA1eDt6dIRoQqJu
X-Received: by 2002:a05:6602:6b0b:b0:81f:69c4:e026 with SMTP id
 ca18e2360f4ac-82253831bf8mr179310139f.16.1723108750586; 
 Thu, 08 Aug 2024 02:19:10 -0700 (PDT)
Received: from postal.iol.unh.edu (postal.iol.unh.edu.
 [2606:4100:3880:1234::84]) by smtp-relay.gmail.com with ESMTPS id
 8926c6da1cb9f-4c8d69c6170sm508415173.20.2024.08.08.02.19.10
 (version=TLS1_2 cipher=ECDHE-ECDSA-AES128-GCM-SHA256 bits=128/128);
 Thu, 08 Aug 2024 02:19:10 -0700 (PDT)
X-Relaying-Domain: iol.unh.edu
Date: Thu, 08 Aug 2024 02:19:10 -0700 (PDT)
Message-ID: <66b48d8e.050a0220.f8585.2e1fSMTPIN_ADDED_MISSING@mx.google.com>
Received: from [172.21.0.6] (unknown [172.18.0.240])
 by postal.iol.unh.edu (Postfix) with ESMTP id 172206052519;
 Thu,  8 Aug 2024 05:19:10 -0400 (EDT)
Subject: |FAILURE| pw143011-143013 [PATCH] [3/3] net/enic: allow multicast in
From: dpdklab@iol.unh.edu
To: Test Report <test-report@dpdk.org>
Cc: dpdk-test-reports@iol.unh.edu, Hyong Youb Kim <hyonkim@cisco.com>
In-Reply-To: <20240808041838.31367-4-hyonkim@cisco.com>
References: <20240808041838.31367-4-hyonkim@cisco.com>
Content-Type: text/plain
X-BeenThere: test-report@dpdk.org
X-Mailman-Version: 2.1.29
Precedence: list
List-Id: automatic DPDK test reports <test-report.dpdk.org>
List-Unsubscribe: <https://mails.dpdk.org/options/test-report>,
 <mailto:test-report-request@dpdk.org?subject=unsubscribe>
List-Archive: <http://mails.dpdk.org/archives/test-report/>
List-Post: <mailto:test-report@dpdk.org>
List-Help: <mailto:test-report-request@dpdk.org?subject=help>
List-Subscribe: <https://mails.dpdk.org/listinfo/test-report>,
 <mailto:test-report-request@dpdk.org?subject=subscribe>
Errors-To: test-report-bounces@dpdk.org

Test-Label: iol-compile-amd64-testing
Test-Status: FAILURE
http://dpdk.org/patch/143013

_Testing issues_

Submitter: Hyong Youb Kim <hyonkim@cisco.com>
Date: Thursday, August 08 2024 04:18:38 
DPDK git baseline: Repo:dpdk
  Branch: master
  CommitID:2155f1f2054aa06f0b58e9ade9babf1f0a97a410

143011-143013 --> testing issues

Upstream job id: Generic-DPDK-Compile-Meson#285571

Test environment and result as below:

+---------------------+--------------------+------------------+-------------------+----------------------+-------------------+
|     Environment     | dpdk_meson_compile | dpdk_compile_ovs | dpdk_compile_spdk | dpdk_mingw64_compile | dpdk_msvc_compile |
+=====================+====================+==================+===================+======================+===================+
| CentOS Stream 9     | PASS               | PASS             | PASS              | SKIPPED              | SKIPPED           |
+---------------------+--------------------+------------------+-------------------+----------------------+-------------------+
| Debian 12           | PASS               | PASS             | PASS              | SKIPPED              | SKIPPED           |
+---------------------+--------------------+------------------+-------------------+----------------------+-------------------+
| Debian Bullseye     | PASS               | PASS             | PASS              | SKIPPED              | SKIPPED           |
+---------------------+--------------------+------------------+-------------------+----------------------+-------------------+
| Fedora 38 (Clang)   | FAIL               | WARN             | WARN              | SKIPPED              | SKIPPED           |
+---------------------+--------------------+------------------+-------------------+----------------------+-------------------+
| Fedora 37           | PASS               | PASS             | PASS              | SKIPPED              | SKIPPED           |
+---------------------+--------------------+------------------+-------------------+----------------------+-------------------+
| Fedora 39 (Clang)   | FAIL               | WARN             | WARN              | SKIPPED              | SKIPPED           |
+---------------------+--------------------+------------------+-------------------+----------------------+-------------------+
| Fedora 38           | PASS               | PASS             | PASS              | SKIPPED              | SKIPPED           |
+---------------------+--------------------+------------------+-------------------+----------------------+-------------------+
| Fedora 39           | PEND               | PEND             | PEND              | SKIPPED              | SKIPPED           |
+---------------------+--------------------+------------------+-------------------+----------------------+-------------------+
| openSUSE Leap 15    | PASS               | PASS             | SKIPPED           | SKIPPED              | SKIPPED           |
+---------------------+--------------------+------------------+-------------------+----------------------+-------------------+
| Ubuntu 24.04        | PASS               | PASS             | PASS              | SKIPPED              | SKIPPED           |
+---------------------+--------------------+------------------+-------------------+----------------------+-------------------+
| RHEL8               | PEND               | PEND             | SKIPPED           | SKIPPED              | SKIPPED           |
+---------------------+--------------------+------------------+-------------------+----------------------+-------------------+
| Ubuntu 20.04        | PASS               | PASS             | SKIPPED           | SKIPPED              | SKIPPED           |
+---------------------+--------------------+------------------+-------------------+----------------------+-------------------+
| Ubuntu 22.04        | PASS               | PASS             | PASS              | SKIPPED              | SKIPPED           |
+---------------------+--------------------+------------------+-------------------+----------------------+-------------------+
| RHEL9               | PASS               | PASS             | SKIPPED           | SKIPPED              | SKIPPED           |
+---------------------+--------------------+------------------+-------------------+----------------------+-------------------+
| Fedora 40 (Clang)   | FAIL               | WARN             | PEND              | SKIPPED              | SKIPPED           |
+---------------------+--------------------+------------------+-------------------+----------------------+-------------------+
| Windows Server 2019 | PASS               | SKIPPED          | SKIPPED           | PASS                 | SKIPPED           |
+---------------------+--------------------+------------------+-------------------+----------------------+-------------------+
| Windows Server 2022 | PASS               | SKIPPED          | SKIPPED           | PASS                 | PASS              |
+---------------------+--------------------+------------------+-------------------+----------------------+-------------------+
| Alpine              | PEND               | PEND             | SKIPPED           | SKIPPED              | SKIPPED           |
+---------------------+--------------------+------------------+-------------------+----------------------+-------------------+
| FreeBSD 13.3        | FAIL               | SKIPPED          | SKIPPED           | SKIPPED              | SKIPPED           |
+---------------------+--------------------+------------------+-------------------+----------------------+-------------------+
| FreeBSD 14.1        | FAIL               | SKIPPED          | SKIPPED           | SKIPPED              | SKIPPED           |
+---------------------+--------------------+------------------+-------------------+----------------------+-------------------+
| Fedora 40           | PEND               | PEND             | PEND              | SKIPPED              | SKIPPED           |
+---------------------+--------------------+------------------+-------------------+----------------------+-------------------+

==== 20 line log output for FreeBSD 14.1 (dpdk_meson_compile): ====
[947/1854] Linking static target drivers/librte_net_ena.a
[948/1854] Compiling C object drivers/librte_net_ena.so.24.2.p/meson-generated_.._rte_net_ena.pmd.c.o
[949/1854] Compiling C object drivers/libtmp_rte_net_enic.a.p/net_enic_enic_ethdev.c.o
[950/1854] Compiling C object drivers/libtmp_rte_net_enic.a.p/net_enic_enic_flow.c.o
[951/1854] Linking target drivers/librte_net_ena.so.24.2
[952/1854] Compiling C object drivers/libtmp_rte_net_enic.a.p/net_enic_enic_res.c.o
[953/1854] Compiling C object drivers/libtmp_rte_net_enic.a.p/net_enic_enic_fm_flow.c.o
[954/1854] Compiling C object drivers/libtmp_rte_net_enic.a.p/net_enic_enic_sriov.c.o
FAILED: drivers/libtmp_rte_net_enic.a.p/net_enic_enic_sriov.c.o
cc -Idrivers/libtmp_rte_net_enic.a.p -Idrivers -I../drivers -Idrivers/net/enic -I../drivers/net/enic -I../drivers/net/enic/base -Ilib/ethdev -I../lib/ethdev -I. -I.. -Iconfig -I../config -Ilib/eal/include -I../lib/eal/include -Ilib/eal/freebsd/include -I../lib/eal/freebsd/include -Ilib/eal/x86/include -I../lib/eal/x86/include -Ilib/eal/common -I../lib/eal/common -Ilib/eal -I../lib/eal -Ilib/kvargs -I../lib/kvargs -Ilib/log -I../lib/log -Ilib/metrics -I../lib/metrics -Ilib/telemetry -I../lib/telemetry -Ilib/net -I../lib/net -Ilib/mbuf -I../lib/mbuf -Ilib/mempool -I../lib/mempool -Ilib/ring -I../lib/ring -Ilib/meter -I../lib/meter -Idrivers/bus/pci -I../drivers/bus/pci -I../drivers/bus/pci/bsd -Ilib/pci -I../lib/pci -Idrivers/bus/vdev -I../drivers/bus/vdev -Ilib/hash -I../lib/hash -Ilib/rcu -I../lib/rcu -fdiagnostics-color=always -D_FILE_OFFSET_BITS=64 -Wall -Winvalid-pch -Wextra -Werror -std=c11 -O3 -include rte_config.h -Wcast-qual -Wdeprecated -Wformat -Wformat-nonliteral -Wformat-s
 ecurity -Wmissing-declarations -Wmissing-prototypes -Wnested-externs -Wold-style-definition -Wpointer-arith -Wsign-compare -Wstrict-prototypes -Wundef -Wwrite-strings -Wno-address-of-packed-member -Wno-missing-field-initializers -D_GNU_SOURCE -D__BSD_VISIBLE -fPIC -march=native -mrtm -DALLOW_EXPERIMENTAL_API -DALLOW_INTERNAL_API -Wno-format-truncation -DRTE_LOG_DEFAULT_LOGTYPE=pmd.net.enic -MD -MQ drivers/libtmp_rte_net_enic.a.p/net_enic_enic_sriov.c.o -MF drivers/libtmp_rte_net_enic.a.p/net_enic_enic_sriov.c.o.d -o drivers/libtmp_rte_net_enic.a.p/net_enic_enic_sriov.c.o -c ../drivers/net/enic/enic_sriov.c
../drivers/net/enic/enic_sriov.c:65:11: error: variable 'va' set but not used [-Werror,-Wunused-but-set-variable]
65 |         uint64_t va;
|                  ^
1 error generated.
[955/1854] Compiling C object drivers/libtmp_rte_net_enic.a.p/net_enic_enic_main.c.o
[956/1854] Compiling C object drivers/libtmp_rte_net_enic.a.p/net_enic_enic_rxtx.c.o
[957/1854] Compiling C object drivers/libtmp_rte_net_enic.a.p/net_enic_enic_vf_representor.c.o
[958/1854] Compiling C object drivers/libtmp_rte_net_failsafe.a.p/net_failsafe_failsafe.c.o
[959/1854] Generating drivers/rte_common_sfc_efx.sym_chk with a custom command (wrapped by meson to capture output)
ninja: build stopped: subcommand failed.
==== End log output ====

CentOS Stream 9
	Kernel: 5.4.0-167-generic
	Compiler: gcc 11.4.1 20230605

Debian 12
	Kernel: Container Host Kernel
	Compiler: gcc 12.2.0

Debian Bullseye
	Kernel: 5.4.0-167-generic
	Compiler: gcc 10.2.1-6

Fedora 38 (Clang)
	Kernel: Depends on container host
	Compiler: clang 16.0.6

Fedora 37
	Kernel: Depends on container host system
	Compiler: gcc 12.3.1

Fedora 39 (Clang)
	Kernel: Depends on container host
	Compiler: clang 17.0.6

Fedora 38
	Kernel: Depends on container host
	Compiler: gcc 13.2.1

Fedora 39
	Kernel: Depends on container host
	Compiler: gcc 13.2.1

openSUSE Leap 15
	Kernel: 5.4.0-167-generic
	Compiler: gcc 7.5.0

Ubuntu 24.04
	Kernel: 5.4.0-167-generic
	Compiler: gcc 13.2.0

RHEL8
	Kernel: 5.4.0-167-generic
	Compiler: gcc 8.5.0 20210514 (Red Hat 8.5.0-20)

Ubuntu 20.04
	Kernel: 5.4.0-167-generic
	Compiler: gcc 9.4.0-1ubuntu1~20.04.1

Ubuntu 22.04
	Kernel: 5.4.0-167-generic
	Compiler: gcc 11.4.0

RHEL9
	Kernel: Depends on container host
	Compiler: gcc 11.4.1

Fedora 40 (Clang)
	Kernel: Depends on container host
	Compiler: clang 18.1.6

Windows Server 2019
	Kernel: 10.0.17763
	Compiler: clang 14.0 and gcc 8.1.0 (MinGW)

Windows Server 2022
	Kernel: 10.0.20348.2031
	Compiler: clang 15.0.7, gcc 8.1.0 (MinGW), and MSVC VS 17.9

Alpine
	Kernel: 5.4.0-167-generic
	Compiler: gcc (Alpine 13.2.1_git20231014) 13.2.1 20231014

FreeBSD 13.3
	Kernel: 13.3-RELEASE-p1
	Compiler: clang 17.0.6

FreeBSD 14.1
	Kernel: 14.1
	Compiler: clang 18.1.5

Fedora 40
	Kernel: Depends on container host
	Compiler: gcc 14.1.1

To view detailed results, visit:
https://lab.dpdk.org/results/dashboard/patchsets/30744/

UNH-IOL DPDK Community Lab

To manage your email subscriptions, visit: 
https://lab.dpdk.org/results/dashboard/preferences/subscriptions/